{"id":10098,"date":"2023-03-29T16:05:39","date_gmt":"2023-03-29T14:05:39","guid":{"rendered":"https:\/\/butikhome.pl\/index.php\/produkt\/biustonosz-black-stone-35184\/"},"modified":"2023-06-27T14:05:32","modified_gmt":"2023-06-27T12:05:32","slug":"biustonosz-black-stone-35184","status":"publish","type":"product","link":"https:\/\/butikhome.pl\/index.php\/produkt\/biustonosz-black-stone-35184\/","title":{"rendered":"Biustonosz Black Stone 35184"},"content":{"rendered":"<p>Tajemniczo, elegancko, zniewalaj\u0105co&#8230; Black Stone to biustonosz, kt\u00f3ry wspaniale podkre\u015bla kobiece wdzi\u0119ki. Doskonale skrojony, perfekcyjnie modeluj\u0105cy szczeg\u00f3lnie obfitsze piersi, o du\u017cym wdzi\u0119ku, kt\u00f3remu trudno jest si\u0119 oprze\u0107. Kusz\u0105ce wzornictwo w postaci stylowych, haftowanych kwiat\u00f3w uwodzi ka\u017cde spojrzenie. Bia\u0142e akcenty stanowi\u0105 tu cudowny, wywa\u017cony kontrast. Szersze rami\u0105czka to kolejna zaleta.<\/p>\n","protected":false},"excerpt":{"rendered":"<p>Tajemniczo, elegancko, zniewalaj\u0105co&#8230; Black Stone to biustonosz, kt\u00f3ry wspaniale podkre\u015bla kobiece wdzi\u0119ki. Doskonale skrojony, perfekcyjnie modeluj\u0105cy szczeg\u00f3lnie obfitsze piersi, o du\u017cym wdzi\u0119ku, kt\u00f3remu trudno jest si\u0119 oprze\u0107. Kusz\u0105ce wzornictwo w postaci stylowych, haftowanych kwiat\u00f3w uwodzi ka\u017cde spojrzenie. Bia\u0142e akcenty stanowi\u0105 tu cudowny, wywa\u017cony kontrast. Szersze rami\u0105czka to kolejna zaleta.<\/p>\n","protected":false},"featured_media":15686,"comment_status":"open","ping_status":"closed","template":"","meta":[],"product_brand":[],"product_cat":[629,24],"product_tag":[2123,2131,2122,2124,2127,1734,1984,2129,2128,1390,2126,1078,1999,1697,2130,2125],"class_list":{"0":"post-10098","1":"product","2":"type-product","3":"status-publish","4":"has-post-thumbnail","6":"product_cat-biustonosze-podkategoria-do-bielizny","7":"product_cat-produkty","8":"product_tag-biustonosz-black-stone-35184","9":"product_tag-czarna-bielizna-biale-akcenty","10":"product_tag-czarny-z-bialym-65-e","11":"product_tag-czarny-z-bialymi-dodatkami","12":"product_tag-doskonale-skrojony","13":"product_tag-elegancki","14":"product_tag-gorsenia","15":"product_tag-haftowane-kwiaty","16":"product_tag-modeluje-wieksze-piersi","17":"product_tag-pakowany-w-pudelko","18":"product_tag-podkresla-kobiece-wdzieki","19":"product_tag-polski-produkt","20":"product_tag-ramiaczka-nieodpinane","21":"product_tag-szersze-ramiaczka","22":"product_tag-tiulowe-wstawki","23":"product_tag-zniewalajacy","25":"first","26":"instock","27":"taxable","28":"shipping-taxable","29":"purchasable","30":"product-type-simple"},"_links":{"self":[{"href":"https:\/\/butikhome.pl\/index.php\/wp-json\/wp\/v2\/product\/10098","targetHints":{"allow":["GET"]}}],"collection":[{"href":"https:\/\/butikhome.pl\/index.php\/wp-json\/wp\/v2\/product"}],"about":[{"href":"https:\/\/butikhome.pl\/index.php\/wp-json\/wp\/v2\/types\/product"}],"replies":[{"embeddable":true,"href":"https:\/\/butikhome.pl\/index.php\/wp-json\/wp\/v2\/comments?post=10098"}],"wp:featuredmedia":[{"embeddable":true,"href":"https:\/\/butikhome.pl\/index.php\/wp-json\/wp\/v2\/media\/15686"}],"wp:attachment":[{"href":"https:\/\/butikhome.pl\/index.php\/wp-json\/wp\/v2\/media?parent=10098"}],"wp:term":[{"taxonomy":"product_brand","embeddable":true,"href":"https:\/\/butikhome.pl\/index.php\/wp-json\/wp\/v2\/product_brand?post=10098"},{"taxonomy":"product_cat","embeddable":true,"href":"https:\/\/butikhome.pl\/index.php\/wp-json\/wp\/v2\/product_cat?post=10098"},{"taxonomy":"product_tag","embeddable":true,"href":"https:\/\/butikhome.pl\/index.php\/wp-json\/wp\/v2\/product_tag?post=10098"}],"curies":[{"name":"wp","href":"https:\/\/api.w.org\/{rel}","templated":true}]}}