{"id":10463,"date":"2023-03-29T16:10:02","date_gmt":"2023-03-29T14:10:02","guid":{"rendered":"https:\/\/butikhome.pl\/index.php\/produkt\/biustonosz-casablanca-k425-smietanowy\/"},"modified":"2023-06-26T14:11:49","modified_gmt":"2023-06-26T12:11:49","slug":"biustonosz-casablanca-k425-smietanowy","status":"publish","type":"product","link":"https:\/\/butikhome.pl\/index.php\/produkt\/biustonosz-casablanca-k425-smietanowy\/","title":{"rendered":"Biustonosz Casablanca K425 \u015amietanowy"},"content":{"rendered":"<p>Idealny na co dzie\u0144 biustonosz z bazowej kolekcji marki Gorsenia &#8211; model Casablanca K425. Wykonany z po\u0142\u0105czenia mocnej, g\u0142adkiej tkaniny i koronki. Konstrukcja soft, z fiszbinami (zar\u00f3wno bocznymi, jak i dolnymi). Obw\u00f3d, kt\u00f3ry dobrze trzyma, rami\u0105czka dostosowane do rozmiaru biustonosza. \u015arodek z kokardk\u0105 zdobion\u0105 cyrkoniami. Sk\u0142ad: 90% poliamid, 7% elastan, 3% poliester. <\/p>\n","protected":false},"excerpt":{"rendered":"<p>Idealny na co dzie\u0144 biustonosz z bazowej kolekcji marki Gorsenia &#8211; model Casablanca K425. Wykonany z po\u0142\u0105czenia mocnej, g\u0142adkiej tkaniny i koronki. Konstrukcja soft, z fiszbinami (zar\u00f3wno bocznymi, jak i dolnymi). Obw\u00f3d, kt\u00f3ry dobrze trzyma, rami\u0105czka dostosowane do rozmiaru biustonosza. \u015arodek z kokardk\u0105 zdobion\u0105 cyrkoniami. Sk\u0142ad: 90% poliamid, 7% elastan, 3% poliester.<\/p>\n","protected":false},"featured_media":15673,"comment_status":"open","ping_status":"closed","template":"","meta":[],"product_brand":[],"product_cat":[629,24],"product_tag":[1707,1708,1644,1712,1922,1923,1967,2010,1982,1604,1605,1606,1610,1611,1792,1793,1624,1968,1978,1599,1482,1483,1484,1485,1486,1487,1692,1489,1490,1491,1492,1493,1494,1629,1496,1497,1498,1499,1500,1631,1883,1502,1504,1505,1633,1634,1693,1507,1508,1509,1637,1704,1638,2111,1904,1984,2110,76,2108,1078,2052,2112,1702,1986,2109],"class_list":{"0":"post-10463","1":"product","2":"type-product","3":"status-publish","4":"has-post-thumbnail","6":"product_cat-biustonosze-podkategoria-do-bielizny","7":"product_cat-produkty","8":"product_tag-100-c","9":"product_tag-100-d","10":"product_tag-105-c","11":"product_tag-110-c","12":"product_tag-65-i","13":"product_tag-65-j","14":"product_tag-65-k","15":"product_tag-65-l","16":"product_tag-65-m","17":"product_tag-70-d","18":"product_tag-70-e","19":"product_tag-70-f","20":"product_tag-70-g","21":"product_tag-70-h","22":"product_tag-70-i","23":"product_tag-70-j","24":"product_tag-70-k","25":"product_tag-70-l","26":"product_tag-70-m","27":"product_tag-75-c","28":"product_tag-75-d","29":"product_tag-75-e","30":"product_tag-75-f","31":"product_tag-75-g","32":"product_tag-75-h","33":"product_tag-75-i","34":"product_tag-75-l","35":"product_tag-80-c","36":"product_tag-80-d","37":"product_tag-80-e","38":"product_tag-80-f","39":"product_tag-80-g","40":"product_tag-80-h","41":"product_tag-80-k","42":"product_tag-85-c","43":"product_tag-85-d","44":"product_tag-85-e","45":"product_tag-85-f","46":"product_tag-85-g","47":"product_tag-85-i","48":"product_tag-85-k","49":"product_tag-90-c","50":"product_tag-90-e","51":"product_tag-90-f","52":"product_tag-90-g","53":"product_tag-90-h","54":"product_tag-90-j","55":"product_tag-95-c","56":"product_tag-95-d","57":"product_tag-95-e","58":"product_tag-95-f","59":"product_tag-95-g","60":"product_tag-95-h","61":"product_tag-biustonosz-casablanca-k425-smietankowy","62":"product_tag-elastyczny-obwod-ktory-dobrze-trzyma","63":"product_tag-gorsenia","64":"product_tag-kokardka-z-cyrkonia","65":"product_tag-miekka-linia-soft","66":"product_tag-mocna-gladka-tkanina","67":"product_tag-polski-produkt","68":"product_tag-smietankowy","69":"product_tag-smietankowy-65-h","70":"product_tag-szersze-ramiaczka-dostosowane-do-rozmiaru","71":"product_tag-z-fiszbinami-bocznymi-i-dolnymi","72":"product_tag-zdobienia-koronkowe","74":"first","75":"instock","76":"taxable","77":"shipping-taxable","78":"purchasable","79":"product-type-simple"},"_links":{"self":[{"href":"https:\/\/butikhome.pl\/index.php\/wp-json\/wp\/v2\/product\/10463","targetHints":{"allow":["GET"]}}],"collection":[{"href":"https:\/\/butikhome.pl\/index.php\/wp-json\/wp\/v2\/product"}],"about":[{"href":"https:\/\/butikhome.pl\/index.php\/wp-json\/wp\/v2\/types\/product"}],"replies":[{"embeddable":true,"href":"https:\/\/butikhome.pl\/index.php\/wp-json\/wp\/v2\/comments?post=10463"}],"wp:featuredmedia":[{"embeddable":true,"href":"https:\/\/butikhome.pl\/index.php\/wp-json\/wp\/v2\/media\/15673"}],"wp:attachment":[{"href":"https:\/\/butikhome.pl\/index.php\/wp-json\/wp\/v2\/media?parent=10463"}],"wp:term":[{"taxonomy":"product_brand","embeddable":true,"href":"https:\/\/butikhome.pl\/index.php\/wp-json\/wp\/v2\/product_brand?post=10463"},{"taxonomy":"product_cat","embeddable":true,"href":"https:\/\/butikhome.pl\/index.php\/wp-json\/wp\/v2\/product_cat?post=10463"},{"taxonomy":"product_tag","embeddable":true,"href":"https:\/\/butikhome.pl\/index.php\/wp-json\/wp\/v2\/product_tag?post=10463"}],"curies":[{"name":"wp","href":"https:\/\/api.w.org\/{rel}","templated":true}]}}