{"id":11134,"date":"2023-03-29T16:21:46","date_gmt":"2023-03-29T14:21:46","guid":{"rendered":"https:\/\/butikhome.pl\/index.php\/produkt\/biustonosz-paradise-k496-bezowy\/"},"modified":"2023-06-20T13:41:11","modified_gmt":"2023-06-20T11:41:11","slug":"biustonosz-paradise-k496-bezowy","status":"publish","type":"product","link":"https:\/\/butikhome.pl\/index.php\/produkt\/biustonosz-paradise-k496-bezowy\/","title":{"rendered":"Biustonosz Paradise K496 Be\u017cowy"},"content":{"rendered":"<p>Poznaj najnowsz\u0105 ods\u0142on\u0119 znanego biustonosza Paradise K496 tym razem w kolorze bordowym! W konstrukcji soft, z fiszbinami (dolnymi i bocznymi), skierowany na \u015brednie i du\u017ce biusty. Wykonany z podw\u00f3jnego, siateczkowego tiulu, z ozdobnym paskiem na dekolcie, dope\u0142niony szykown\u0105, bordow\u0105 koronk\u0105. Biustonosz wspaniale zbiera piersi z bok\u00f3w i umiej\u0119tnie modeluje je, zgrabnie prezentuj\u0105c je w dekolcie. Szeroko\u015b\u0107 rami\u0105czek r\u00f3\u017cna, w zale\u017cno\u015bci od rozmiaru. Sk\u0142ad: 90% poliamid, 7% elastan, 3% poliester.<\/p>\n","protected":false},"excerpt":{"rendered":"<p>Poznaj najnowsz\u0105 ods\u0142on\u0119 znanego biustonosza Paradise K496 tym razem w kolorze bordowym! W konstrukcji soft, z fiszbinami (dolnymi i bocznymi), skierowany na \u015brednie i du\u017ce biusty. Wykonany z podw\u00f3jnego, siateczkowego tiulu, z ozdobnym paskiem na dekolcie, dope\u0142niony szykown\u0105, bordow\u0105 koronk\u0105. Biustonosz wspaniale zbiera piersi z bok\u00f3w i umiej\u0119tnie modeluje je, zgrabnie prezentuj\u0105c je w dekolcie. &hellip; <\/p>\n","protected":false},"featured_media":15632,"comment_status":"open","ping_status":"closed","template":"","meta":[],"product_brand":[],"product_cat":[629,24],"product_tag":[1708,1640,1641,1642,1790,1922,1923,1967,2010,1605,1606,1793,1624,1968,1978,1483,1484,1487,1625,1692,1969,1491,1492,1493,1494,1627,1628,1629,1882,1970,1497,1498,1499,1500,1630,1631,1632,1883,1896,1503,1504,1505,1633,1634,1635,1693,1508,1509,1637,1704,1638,1639,1615,2036,1984,2022,2028,1824,1686,2029,1687,2018,1986,2030,1471],"class_list":{"0":"post-11134","1":"product","2":"type-product","3":"status-publish","4":"has-post-thumbnail","6":"product_cat-biustonosze-podkategoria-do-bielizny","7":"product_cat-produkty","8":"product_tag-100-d","9":"product_tag-100-e","10":"product_tag-100-f","11":"product_tag-100-g","12":"product_tag-65-g","13":"product_tag-65-i","14":"product_tag-65-j","15":"product_tag-65-k","16":"product_tag-65-l","17":"product_tag-70-e","18":"product_tag-70-f","19":"product_tag-70-j","20":"product_tag-70-k","21":"product_tag-70-l","22":"product_tag-70-m","23":"product_tag-75-e","24":"product_tag-75-f","25":"product_tag-75-i","26":"product_tag-75-j","27":"product_tag-75-l","28":"product_tag-75-m","29":"product_tag-80-e","30":"product_tag-80-f","31":"product_tag-80-g","32":"product_tag-80-h","33":"product_tag-80-i","34":"product_tag-80-j","35":"product_tag-80-k","36":"product_tag-80-l","37":"product_tag-80-m","38":"product_tag-85-d","39":"product_tag-85-e","40":"product_tag-85-f","41":"product_tag-85-g","42":"product_tag-85-h","43":"product_tag-85-i","44":"product_tag-85-j","45":"product_tag-85-k","46":"product_tag-85-l","47":"product_tag-90-d","48":"product_tag-90-e","49":"product_tag-90-f","50":"product_tag-90-g","51":"product_tag-90-h","52":"product_tag-90-i","53":"product_tag-90-j","54":"product_tag-95-d","55":"product_tag-95-e","56":"product_tag-95-f","57":"product_tag-95-g","58":"product_tag-95-h","59":"product_tag-95-i","60":"product_tag-bezowy","61":"product_tag-bezowy-65-f","62":"product_tag-gorsenia","63":"product_tag-miszeczki-wykonane-z-podwojnego-tiulu","64":"product_tag-model-paradise-k496","65":"product_tag-model-w-konstrukcji-soft","66":"product_tag-modeluje-piersi","67":"product_tag-ozdobny-pasek-przy-dekolcie","68":"product_tag-remiaczka-dostosowane-do-szerokoscia-do-rozmiaru","69":"product_tag-robi-piekny-dekolt","70":"product_tag-z-fiszbinami-bocznymi-i-dolnymi","71":"product_tag-z-szykowna-czarna-koronka","72":"product_tag-zbiera-piersi-z-bokow-do-srodka-dekoltu","74":"first","75":"instock","76":"taxable","77":"shipping-taxable","78":"purchasable","79":"product-type-simple"},"_links":{"self":[{"href":"https:\/\/butikhome.pl\/index.php\/wp-json\/wp\/v2\/product\/11134","targetHints":{"allow":["GET"]}}],"collection":[{"href":"https:\/\/butikhome.pl\/index.php\/wp-json\/wp\/v2\/product"}],"about":[{"href":"https:\/\/butikhome.pl\/index.php\/wp-json\/wp\/v2\/types\/product"}],"replies":[{"embeddable":true,"href":"https:\/\/butikhome.pl\/index.php\/wp-json\/wp\/v2\/comments?post=11134"}],"wp:featuredmedia":[{"embeddable":true,"href":"https:\/\/butikhome.pl\/index.php\/wp-json\/wp\/v2\/media\/15632"}],"wp:attachment":[{"href":"https:\/\/butikhome.pl\/index.php\/wp-json\/wp\/v2\/media?parent=11134"}],"wp:term":[{"taxonomy":"product_brand","embeddable":true,"href":"https:\/\/butikhome.pl\/index.php\/wp-json\/wp\/v2\/product_brand?post=11134"},{"taxonomy":"product_cat","embeddable":true,"href":"https:\/\/butikhome.pl\/index.php\/wp-json\/wp\/v2\/product_cat?post=11134"},{"taxonomy":"product_tag","embeddable":true,"href":"https:\/\/butikhome.pl\/index.php\/wp-json\/wp\/v2\/product_tag?post=11134"}],"curies":[{"name":"wp","href":"https:\/\/api.w.org\/{rel}","templated":true}]}}