{"id":11277,"date":"2023-03-29T16:24:42","date_gmt":"2023-03-29T14:24:42","guid":{"rendered":"https:\/\/butikhome.pl\/index.php\/produkt\/biustonosz-paradise-k496-zielony\/"},"modified":"2023-06-20T11:28:22","modified_gmt":"2023-06-20T09:28:22","slug":"biustonosz-paradise-k496-zielony","status":"publish","type":"product","link":"https:\/\/butikhome.pl\/index.php\/produkt\/biustonosz-paradise-k496-zielony\/","title":{"rendered":"Biustonosz Paradise K496 Zielony"},"content":{"rendered":"<p>Wyj\u0105tkowy, szmaragdowy biustonosz w konstrukcji soft, z fiszbinami (dolnymi i bocznymi). Model Paradise K496, skierowany na \u015brednie i du\u017ce biusty. Wykonany z podw\u00f3jnego, siateczkowego tiulu, z ozdobnym paskiem na dekolcie, dope\u0142niony szykown\u0105, czarn\u0105 koronk\u0105. Biustonosz wspaniale zbiera piersi z bok\u00f3w i umiej\u0119tnie modeluje je, zgrabnie prezentuj\u0105c je w dekolcie. Szeroko\u015b\u0107 rami\u0105czek r\u00f3\u017cna, w zale\u017cno\u015bci od rozmiaru. Sk\u0142ad: 90% poliamid, 7% elastan, 3% poliester.<\/p>\n","protected":false},"excerpt":{"rendered":"<p>Wyj\u0105tkowy, szmaragdowy biustonosz w konstrukcji soft, z fiszbinami (dolnymi i bocznymi). Model Paradise K496, skierowany na \u015brednie i du\u017ce biusty. Wykonany z podw\u00f3jnego, siateczkowego tiulu, z ozdobnym paskiem na dekolcie, dope\u0142niony szykown\u0105, czarn\u0105 koronk\u0105. Biustonosz wspaniale zbiera piersi z bok\u00f3w i umiej\u0119tnie modeluje je, zgrabnie prezentuj\u0105c je w dekolcie. Szeroko\u015b\u0107 rami\u0105czek r\u00f3\u017cna, w zale\u017cno\u015bci od &hellip; <\/p>\n","protected":false},"featured_media":15623,"comment_status":"open","ping_status":"closed","template":"","meta":[],"product_brand":[],"product_cat":[629,24],"product_tag":[1967,1982,1610,1624,1968,1978,1970,1896,2026,1984,2022,2028,1824,1686,2029,1687,2018,1986,2030,1471,2012,2027],"class_list":{"0":"post-11277","1":"product","2":"type-product","3":"status-publish","4":"has-post-thumbnail","6":"product_cat-biustonosze-podkategoria-do-bielizny","7":"product_cat-produkty","8":"product_tag-65-k","9":"product_tag-65-m","10":"product_tag-70-g","11":"product_tag-70-k","12":"product_tag-70-l","13":"product_tag-70-m","14":"product_tag-80-m","15":"product_tag-85-l","16":"product_tag-biustonosz-paradise-k496-zielony","17":"product_tag-gorsenia","18":"product_tag-miszeczki-wykonane-z-podwojnego-tiulu","19":"product_tag-model-paradise-k496","20":"product_tag-model-w-konstrukcji-soft","21":"product_tag-modeluje-piersi","22":"product_tag-ozdobny-pasek-przy-dekolcie","23":"product_tag-remiaczka-dostosowane-do-szerokoscia-do-rozmiaru","24":"product_tag-robi-piekny-dekolt","25":"product_tag-z-fiszbinami-bocznymi-i-dolnymi","26":"product_tag-z-szykowna-czarna-koronka","27":"product_tag-zbiera-piersi-z-bokow-do-srodka-dekoltu","28":"product_tag-zielony","29":"product_tag-zielony-65-i","31":"first","32":"instock","33":"taxable","34":"shipping-taxable","35":"purchasable","36":"product-type-simple"},"_links":{"self":[{"href":"https:\/\/butikhome.pl\/index.php\/wp-json\/wp\/v2\/product\/11277","targetHints":{"allow":["GET"]}}],"collection":[{"href":"https:\/\/butikhome.pl\/index.php\/wp-json\/wp\/v2\/product"}],"about":[{"href":"https:\/\/butikhome.pl\/index.php\/wp-json\/wp\/v2\/types\/product"}],"replies":[{"embeddable":true,"href":"https:\/\/butikhome.pl\/index.php\/wp-json\/wp\/v2\/comments?post=11277"}],"wp:featuredmedia":[{"embeddable":true,"href":"https:\/\/butikhome.pl\/index.php\/wp-json\/wp\/v2\/media\/15623"}],"wp:attachment":[{"href":"https:\/\/butikhome.pl\/index.php\/wp-json\/wp\/v2\/media?parent=11277"}],"wp:term":[{"taxonomy":"product_brand","embeddable":true,"href":"https:\/\/butikhome.pl\/index.php\/wp-json\/wp\/v2\/product_brand?post=11277"},{"taxonomy":"product_cat","embeddable":true,"href":"https:\/\/butikhome.pl\/index.php\/wp-json\/wp\/v2\/product_cat?post=11277"},{"taxonomy":"product_tag","embeddable":true,"href":"https:\/\/butikhome.pl\/index.php\/wp-json\/wp\/v2\/product_tag?post=11277"}],"curies":[{"name":"wp","href":"https:\/\/api.w.org\/{rel}","templated":true}]}}