{"id":12011,"date":"2023-03-29T16:41:38","date_gmt":"2023-03-29T14:41:38","guid":{"rendered":"https:\/\/butikhome.pl\/index.php\/produkt\/koszulka-nancy-k444-czarna\/"},"modified":"2023-07-07T14:42:42","modified_gmt":"2023-07-07T12:42:42","slug":"koszulka-nancy-k444-czarna","status":"publish","type":"product","link":"https:\/\/butikhome.pl\/index.php\/produkt\/koszulka-nancy-k444-czarna\/","title":{"rendered":"Koszulka Nancy K444 Czarna"},"content":{"rendered":"<p>Stylowa koszulka nocna od Gorseni, model Nancy K444 z kusz\u0105cym, lekko prze\u015bwituj\u0105cym tiulem, umieszczonym pod biustem. Elegancka. Posiada satynow\u0105 tasiemk\u0119, dzi\u0119ki kt\u00f3rej mo\u017cliwe jest idealne dopasowanie koszulki do swojej sylwetki. Dekolt od wewn\u0105trz wzbogacony delikatn\u0105 gumeczk\u0105 &#8211; dzi\u0119ki niej nic nie odstaje, a Ty wygl\u0105dasz pi\u0119knie! Sk\u0142ad: 98% poliester, 2% elastan.<\/p>\n","protected":false},"excerpt":{"rendered":"<p>Stylowa koszulka nocna od Gorseni, model Nancy K444 z kusz\u0105cym, lekko prze\u015bwituj\u0105cym tiulem, umieszczonym pod biustem. Elegancka. Posiada satynow\u0105 tasiemk\u0119, dzi\u0119ki kt\u00f3rej mo\u017cliwe jest idealne dopasowanie koszulki do swojej sylwetki. Dekolt od wewn\u0105trz wzbogacony delikatn\u0105 gumeczk\u0105 &#8211; dzi\u0119ki niej nic nie odstaje, a Ty wygl\u0105dasz pi\u0119knie! Sk\u0142ad: 98% poliester, 2% elastan.<\/p>\n","protected":false},"featured_media":15784,"comment_status":"open","ping_status":"closed","template":"","meta":[],"product_brand":[],"product_cat":[1000,24],"product_tag":[2325,2323,2270,2331,2329,1984,2322,2326,2328,2330,2324,2327],"class_list":{"0":"post-12011","1":"product","2":"type-product","3":"status-publish","4":"has-post-thumbnail","6":"product_cat-koszulka-damska","7":"product_cat-produkty","8":"product_tag-bielizna-nocna","9":"product_tag-czarna","10":"product_tag-czarny-m","11":"product_tag-dekolt-wzbogacony-delikatna-gumeczka","12":"product_tag-elegancka-bielizna-nocna","13":"product_tag-gorsenia","14":"product_tag-koszulka-nancy-k444-czarna","15":"product_tag-kuszaca-koszulka","16":"product_tag-przeswity-pod-biustem","17":"product_tag-satynowa-tasiemka-pod-biustem","18":"product_tag-stylowa-koszulka-nocna","19":"product_tag-z-lekko-przeswitujacym-tiulem","21":"first","22":"instock","23":"taxable","24":"shipping-taxable","25":"purchasable","26":"product-type-simple"},"_links":{"self":[{"href":"https:\/\/butikhome.pl\/index.php\/wp-json\/wp\/v2\/product\/12011","targetHints":{"allow":["GET"]}}],"collection":[{"href":"https:\/\/butikhome.pl\/index.php\/wp-json\/wp\/v2\/product"}],"about":[{"href":"https:\/\/butikhome.pl\/index.php\/wp-json\/wp\/v2\/types\/product"}],"replies":[{"embeddable":true,"href":"https:\/\/butikhome.pl\/index.php\/wp-json\/wp\/v2\/comments?post=12011"}],"wp:featuredmedia":[{"embeddable":true,"href":"https:\/\/butikhome.pl\/index.php\/wp-json\/wp\/v2\/media\/15784"}],"wp:attachment":[{"href":"https:\/\/butikhome.pl\/index.php\/wp-json\/wp\/v2\/media?parent=12011"}],"wp:term":[{"taxonomy":"product_brand","embeddable":true,"href":"https:\/\/butikhome.pl\/index.php\/wp-json\/wp\/v2\/product_brand?post=12011"},{"taxonomy":"product_cat","embeddable":true,"href":"https:\/\/butikhome.pl\/index.php\/wp-json\/wp\/v2\/product_cat?post=12011"},{"taxonomy":"product_tag","embeddable":true,"href":"https:\/\/butikhome.pl\/index.php\/wp-json\/wp\/v2\/product_tag?post=12011"}],"curies":[{"name":"wp","href":"https:\/\/api.w.org\/{rel}","templated":true}]}}