{"id":12100,"date":"2023-03-29T16:43:49","date_gmt":"2023-03-29T14:43:49","guid":{"rendered":"https:\/\/butikhome.pl\/index.php\/produkt\/podkolanowki-bit-gatta\/"},"modified":"2023-04-27T14:56:15","modified_gmt":"2023-04-27T12:56:15","slug":"podkolanowki-bit-gatta","status":"publish","type":"product","link":"https:\/\/butikhome.pl\/index.php\/produkt\/podkolanowki-bit-gatta\/","title":{"rendered":"Podkolan\u00f3wki Bit Gatta"},"content":{"rendered":"<p>Wygodne podkolan\u00f3wki damskie, typu kabaretka. Renomowany producent &#8211; Gatta. Bezuciskowy \u015bci\u0105gacz. Sk\u0142ad: 82% poliamid, 18% lycra.<\/p>\n<p>&nbsp;<\/p>\n","protected":false},"excerpt":{"rendered":"<p>Wygodne podkolan\u00f3wki damskie, typu kabaretka. Renomowany producent &#8211; Gatta. Bezuciskowy \u015bci\u0105gacz. Sk\u0142ad: 82% poliamid, 18% lycra. &nbsp;<\/p>\n","protected":false},"featured_media":15158,"comment_status":"open","ping_status":"closed","template":"","meta":[],"product_brand":[],"product_cat":[24,628,626],"product_tag":[977,976,694,972,810,120],"class_list":{"0":"post-12100","1":"product","2":"type-product","3":"status-publish","4":"has-post-thumbnail","6":"product_cat-produkty","7":"product_cat-rajstopy-podkategoria-do-bielizny","8":"product_cat-skarpety-podkategoria-do-bielizny","9":"product_tag-bezuciskowy-sciagacz","10":"product_tag-bit-gatta","11":"product_tag-podkolanowki","12":"product_tag-rozm-uniwersalny","13":"product_tag-typu-kabaretki","14":"product_tag-wygodne","16":"first","17":"instock","18":"taxable","19":"shipping-taxable","20":"purchasable","21":"product-type-simple"},"_links":{"self":[{"href":"https:\/\/butikhome.pl\/index.php\/wp-json\/wp\/v2\/product\/12100","targetHints":{"allow":["GET"]}}],"collection":[{"href":"https:\/\/butikhome.pl\/index.php\/wp-json\/wp\/v2\/product"}],"about":[{"href":"https:\/\/butikhome.pl\/index.php\/wp-json\/wp\/v2\/types\/product"}],"replies":[{"embeddable":true,"href":"https:\/\/butikhome.pl\/index.php\/wp-json\/wp\/v2\/comments?post=12100"}],"wp:featuredmedia":[{"embeddable":true,"href":"https:\/\/butikhome.pl\/index.php\/wp-json\/wp\/v2\/media\/15158"}],"wp:attachment":[{"href":"https:\/\/butikhome.pl\/index.php\/wp-json\/wp\/v2\/media?parent=12100"}],"wp:term":[{"taxonomy":"product_brand","embeddable":true,"href":"https:\/\/butikhome.pl\/index.php\/wp-json\/wp\/v2\/product_brand?post=12100"},{"taxonomy":"product_cat","embeddable":true,"href":"https:\/\/butikhome.pl\/index.php\/wp-json\/wp\/v2\/product_cat?post=12100"},{"taxonomy":"product_tag","embeddable":true,"href":"https:\/\/butikhome.pl\/index.php\/wp-json\/wp\/v2\/product_tag?post=12100"}],"curies":[{"name":"wp","href":"https:\/\/api.w.org\/{rel}","templated":true}]}}