{"id":12121,"date":"2023-03-29T16:44:21","date_gmt":"2023-03-29T14:44:21","guid":{"rendered":"https:\/\/butikhome.pl\/index.php\/produkt\/podkolanowki-microfibra\/"},"modified":"2023-04-27T14:38:10","modified_gmt":"2023-04-27T12:38:10","slug":"podkolanowki-microfibra","status":"publish","type":"product","link":"https:\/\/butikhome.pl\/index.php\/produkt\/podkolanowki-microfibra\/","title":{"rendered":"Podkolan\u00f3wki Microfibra"},"content":{"rendered":"<p>Przyjemne w dotyku podkolan\u00f3wki wykonane z mi\u0119kkiej mikrofibry. Nie uciskaj\u0105, s\u0105 wygodne i uniwersalne.<\/p>\n<p>&nbsp;<\/p>\n","protected":false},"excerpt":{"rendered":"<p>Przyjemne w dotyku podkolan\u00f3wki wykonane z mi\u0119kkiej mikrofibry. Nie uciskaj\u0105, s\u0105 wygodne i uniwersalne. &nbsp;<\/p>\n","protected":false},"featured_media":15154,"comment_status":"open","ping_status":"closed","template":"","meta":[],"product_brand":[],"product_cat":[24,628,626],"product_tag":[699,279,694,970,120,323],"class_list":{"0":"post-12121","1":"product","2":"type-product","3":"status-publish","4":"has-post-thumbnail","6":"product_cat-produkty","7":"product_cat-rajstopy-podkategoria-do-bielizny","8":"product_cat-skarpety-podkategoria-do-bielizny","9":"product_tag-gatta","10":"product_tag-nie-uciskajace","11":"product_tag-podkolanowki","12":"product_tag-uniwersalne","13":"product_tag-wygodne","14":"product_tag-z-miekkiej-mikrofibry","16":"first","17":"instock","18":"taxable","19":"shipping-taxable","20":"purchasable","21":"product-type-simple"},"_links":{"self":[{"href":"https:\/\/butikhome.pl\/index.php\/wp-json\/wp\/v2\/product\/12121","targetHints":{"allow":["GET"]}}],"collection":[{"href":"https:\/\/butikhome.pl\/index.php\/wp-json\/wp\/v2\/product"}],"about":[{"href":"https:\/\/butikhome.pl\/index.php\/wp-json\/wp\/v2\/types\/product"}],"replies":[{"embeddable":true,"href":"https:\/\/butikhome.pl\/index.php\/wp-json\/wp\/v2\/comments?post=12121"}],"wp:featuredmedia":[{"embeddable":true,"href":"https:\/\/butikhome.pl\/index.php\/wp-json\/wp\/v2\/media\/15154"}],"wp:attachment":[{"href":"https:\/\/butikhome.pl\/index.php\/wp-json\/wp\/v2\/media?parent=12121"}],"wp:term":[{"taxonomy":"product_brand","embeddable":true,"href":"https:\/\/butikhome.pl\/index.php\/wp-json\/wp\/v2\/product_brand?post=12121"},{"taxonomy":"product_cat","embeddable":true,"href":"https:\/\/butikhome.pl\/index.php\/wp-json\/wp\/v2\/product_cat?post=12121"},{"taxonomy":"product_tag","embeddable":true,"href":"https:\/\/butikhome.pl\/index.php\/wp-json\/wp\/v2\/product_tag?post=12121"}],"curies":[{"name":"wp","href":"https:\/\/api.w.org\/{rel}","templated":true}]}}