{"id":12146,"date":"2023-03-29T16:44:57","date_gmt":"2023-03-29T14:44:57","guid":{"rendered":"https:\/\/butikhome.pl\/index.php\/produkt\/ponczochy-gigi-01\/"},"modified":"2023-04-27T13:10:11","modified_gmt":"2023-04-27T11:10:11","slug":"ponczochy-gigi-01","status":"publish","type":"product","link":"https:\/\/butikhome.pl\/index.php\/produkt\/ponczochy-gigi-01\/","title":{"rendered":"Po\u0144czochy Gigi 01"},"content":{"rendered":"<p>Seksowne i zakochane w zupe\u0142nej g\u0142adko\u015bci! Po\u0144czochy Gatta Gigi czyli male\u0144ki szczeg\u00f3\u0142 dodaj\u0105cy pikanterii i stylowego, zgrabnego wygl\u0105du. W g\u00f3rnej cz\u0119\u015bci dopieszczone elstyczn\u0105 i efektown\u0105 gumeczk\u0105. Kobieco\u015b\u0107, kt\u00f3ra fascynuje.<\/p>\n","protected":false},"excerpt":{"rendered":"<p>Seksowne i zakochane w zupe\u0142nej g\u0142adko\u015bci! Po\u0144czochy Gatta Gigi czyli male\u0144ki szczeg\u00f3\u0142 dodaj\u0105cy pikanterii i stylowego, zgrabnego wygl\u0105du. W g\u00f3rnej cz\u0119\u015bci dopieszczone elstyczn\u0105 i efektown\u0105 gumeczk\u0105. Kobieco\u015b\u0107, kt\u00f3ra fascynuje.<\/p>\n","protected":false},"featured_media":15145,"comment_status":"open","ping_status":"closed","template":"","meta":[],"product_brand":[],"product_cat":[24,628,39,37],"product_tag":[809,708,938,934,51,765,81,903,936,935,272,937],"class_list":{"0":"post-12146","1":"product","2":"type-product","3":"status-publish","4":"has-post-thumbnail","6":"product_cat-produkty","7":"product_cat-rajstopy-podkategoria-do-bielizny","8":"product_cat-s","9":"product_cat-xs","10":"product_tag-1-xs","11":"product_tag-2-s","12":"product_tag-elastyczna-i-efektowna-gumeczka","13":"product_tag-gatta-gigi-01","14":"product_tag-gladkie","15":"product_tag-grubosc-60-den","16":"product_tag-kobiece","17":"product_tag-nero-czarny","18":"product_tag-pikanteria","19":"product_tag-ponczochy","20":"product_tag-seksowne","21":"product_tag-zgrabny-wyglad","23":"first","24":"instock","25":"taxable","26":"shipping-taxable","27":"purchasable","28":"product-type-simple"},"_links":{"self":[{"href":"https:\/\/butikhome.pl\/index.php\/wp-json\/wp\/v2\/product\/12146","targetHints":{"allow":["GET"]}}],"collection":[{"href":"https:\/\/butikhome.pl\/index.php\/wp-json\/wp\/v2\/product"}],"about":[{"href":"https:\/\/butikhome.pl\/index.php\/wp-json\/wp\/v2\/types\/product"}],"replies":[{"embeddable":true,"href":"https:\/\/butikhome.pl\/index.php\/wp-json\/wp\/v2\/comments?post=12146"}],"wp:featuredmedia":[{"embeddable":true,"href":"https:\/\/butikhome.pl\/index.php\/wp-json\/wp\/v2\/media\/15145"}],"wp:attachment":[{"href":"https:\/\/butikhome.pl\/index.php\/wp-json\/wp\/v2\/media?parent=12146"}],"wp:term":[{"taxonomy":"product_brand","embeddable":true,"href":"https:\/\/butikhome.pl\/index.php\/wp-json\/wp\/v2\/product_brand?post=12146"},{"taxonomy":"product_cat","embeddable":true,"href":"https:\/\/butikhome.pl\/index.php\/wp-json\/wp\/v2\/product_cat?post=12146"},{"taxonomy":"product_tag","embeddable":true,"href":"https:\/\/butikhome.pl\/index.php\/wp-json\/wp\/v2\/product_tag?post=12146"}],"curies":[{"name":"wp","href":"https:\/\/api.w.org\/{rel}","templated":true}]}}