{"id":12149,"date":"2023-03-29T16:44:59","date_gmt":"2023-03-29T14:44:59","guid":{"rendered":"https:\/\/butikhome.pl\/index.php\/produkt\/rajstopy-bb-crem-efect\/"},"modified":"2023-04-27T13:04:12","modified_gmt":"2023-04-27T11:04:12","slug":"rajstopy-bb-crem-efect","status":"publish","type":"product","link":"https:\/\/butikhome.pl\/index.php\/produkt\/rajstopy-bb-crem-efect\/","title":{"rendered":"Rajstopy BB Crem Efect"},"content":{"rendered":"<p>Cienkie rajstopy, kt\u00f3re optycznie maskuj\u0105 drobne mankamenty sk\u00f3ry: paj\u0105czki i lekkie przebarwienia. Wykonane z prz\u0119dzy poliamidowej z po\u0142yskiem &#8211; BRITTE, kt\u00f3ra tworzy na nich struktur\u0119 za\u0142amuj\u0105c\u0105 \u015bwiat\u0142o. Tak uzyskana powierzchnia daje efekt na\u0142o\u017cenia lekkiego fluidu, dzi\u0119ki czemu w\u0142a\u015bnie drobne mankamenty sk\u00f3ry po prostu przestaj\u0105 by\u0107 widoczne. Tak, to jest mo\u017cliwe! Nogi zyskuj\u0105 naturalny koloryt, a lekki po\u0142ysk pi\u0119knie roz\u015bwietla i wyszczupla optycznie nogi.<\/p>\n<p>Sk\u0142ad: 75%\u00a0Poliamid, 25%\u00a0Elastan.<\/p>\n","protected":false},"excerpt":{"rendered":"<p>Cienkie rajstopy, kt\u00f3re optycznie maskuj\u0105 drobne mankamenty sk\u00f3ry: paj\u0105czki i lekkie przebarwienia. Wykonane z prz\u0119dzy poliamidowej z po\u0142yskiem &#8211; BRITTE, kt\u00f3ra tworzy na nich struktur\u0119 za\u0142amuj\u0105c\u0105 \u015bwiat\u0142o. Tak uzyskana powierzchnia daje efekt na\u0142o\u017cenia lekkiego fluidu, dzi\u0119ki czemu w\u0142a\u015bnie drobne mankamenty sk\u00f3ry po prostu przestaj\u0105 by\u0107 widoczne. Tak, to jest mo\u017cliwe! Nogi zyskuj\u0105 naturalny koloryt, a &hellip; <\/p>\n","protected":false},"featured_media":15144,"comment_status":"open","ping_status":"closed","template":"","meta":[],"product_brand":[],"product_cat":[24,628,41,40,39],"product_tag":[708,709,710,928,931,927,933,929,932,930],"class_list":{"0":"post-12149","1":"product","2":"type-product","3":"status-publish","4":"has-post-thumbnail","6":"product_cat-produkty","7":"product_cat-rajstopy-podkategoria-do-bielizny","8":"product_cat-l","9":"product_cat-m","10":"product_cat-s","11":"product_tag-2-s","12":"product_tag-3-m","13":"product_tag-4-l","14":"product_tag-cienkie-rajstopy","15":"product_tag-efekt-lekkiego-fluidu","16":"product_tag-gatta-bb-crem-efect","17":"product_tag-lekki-polysk-roswietlajacy-i-wyszczuplajacy-nogi","18":"product_tag-maskuja-pajaczki-i-lekkie-przebarwienia","19":"product_tag-naturalny-koloryt","20":"product_tag-przedza-polamidowa-z-polyskiem-britte","22":"first","23":"instock","24":"taxable","25":"shipping-taxable","26":"purchasable","27":"product-type-simple"},"_links":{"self":[{"href":"https:\/\/butikhome.pl\/index.php\/wp-json\/wp\/v2\/product\/12149","targetHints":{"allow":["GET"]}}],"collection":[{"href":"https:\/\/butikhome.pl\/index.php\/wp-json\/wp\/v2\/product"}],"about":[{"href":"https:\/\/butikhome.pl\/index.php\/wp-json\/wp\/v2\/types\/product"}],"replies":[{"embeddable":true,"href":"https:\/\/butikhome.pl\/index.php\/wp-json\/wp\/v2\/comments?post=12149"}],"wp:featuredmedia":[{"embeddable":true,"href":"https:\/\/butikhome.pl\/index.php\/wp-json\/wp\/v2\/media\/15144"}],"wp:attachment":[{"href":"https:\/\/butikhome.pl\/index.php\/wp-json\/wp\/v2\/media?parent=12149"}],"wp:term":[{"taxonomy":"product_brand","embeddable":true,"href":"https:\/\/butikhome.pl\/index.php\/wp-json\/wp\/v2\/product_brand?post=12149"},{"taxonomy":"product_cat","embeddable":true,"href":"https:\/\/butikhome.pl\/index.php\/wp-json\/wp\/v2\/product_cat?post=12149"},{"taxonomy":"product_tag","embeddable":true,"href":"https:\/\/butikhome.pl\/index.php\/wp-json\/wp\/v2\/product_tag?post=12149"}],"curies":[{"name":"wp","href":"https:\/\/api.w.org\/{rel}","templated":true}]}}