{"id":12155,"date":"2023-03-29T16:45:08","date_gmt":"2023-03-29T14:45:08","guid":{"rendered":"https:\/\/butikhome.pl\/index.php\/produkt\/rajstopy-black-brillant\/"},"modified":"2023-04-27T12:42:44","modified_gmt":"2023-04-27T10:42:44","slug":"rajstopy-black-brillant","status":"publish","type":"product","link":"https:\/\/butikhome.pl\/index.php\/produkt\/rajstopy-black-brillant\/","title":{"rendered":"Rajstopy Black Brillant"},"content":{"rendered":"<p>Innowacyjne, mocno kryj\u0105ce rajstopy Black Brillant. Uszyte z elastycznej dzianiny uzyskiwanej z po\u0142\u0105czenia w\u0142\u00f3kna Lycry z b\u0142yszcz\u0105cym poliamidem. Delikatnie podkre\u015blaj\u0105 lini\u0119 n\u00f3g i optycznie je wyszczuplaj\u0105. Doskonale dopasowuj\u0105 si\u0119 do cia\u0142a. Bardzo wygodne. Doskona\u0142e na ch\u0142odne dni i wieczory. Po prostu Idealne dopasowanie &#8211; perfect fit. Produkt rekomendowany przez Justyn\u0119 Steczkowsk\u0105.<\/p>\n<p>Sk\u0142ad: 76% Poliamid, 24% Elastan.<\/p>\n","protected":false},"excerpt":{"rendered":"<p>Innowacyjne, mocno kryj\u0105ce rajstopy Black Brillant. Uszyte z elastycznej dzianiny uzyskiwanej z po\u0142\u0105czenia w\u0142\u00f3kna Lycry z b\u0142yszcz\u0105cym poliamidem. Delikatnie podkre\u015blaj\u0105 lini\u0119 n\u00f3g i optycznie je wyszczuplaj\u0105. Doskonale dopasowuj\u0105 si\u0119 do cia\u0142a. Bardzo wygodne. Doskona\u0142e na ch\u0142odne dni i wieczory. Po prostu Idealne dopasowanie &#8211; perfect fit. Produkt rekomendowany przez Justyn\u0119 Steczkowsk\u0105. Sk\u0142ad: 76% Poliamid, 24% &hellip; <\/p>\n","protected":false},"featured_media":15141,"comment_status":"open","ping_status":"closed","template":"","meta":[],"product_brand":[],"product_cat":[24,628,41,40,39,42],"product_tag":[708,709,710,736,149,922,917,918,916,903,921,923,920,919,769,924,925,926],"class_list":{"0":"post-12155","1":"product","2":"type-product","3":"status-publish","4":"has-post-thumbnail","6":"product_cat-produkty","7":"product_cat-rajstopy-podkategoria-do-bielizny","8":"product_cat-l","9":"product_cat-m","10":"product_cat-s","11":"product_cat-xl","12":"product_tag-2-s","13":"product_tag-3-m","14":"product_tag-4-l","15":"product_tag-5-xl","16":"product_tag-bardzo-wygodne","17":"product_tag-doskonale-na-chlodne-dni-i-wieczory","18":"product_tag-gatta-black-brillant","19":"product_tag-idealnie-dopasowujace-sie","20":"product_tag-mocno-kryjace","21":"product_tag-nero-czarny","22":"product_tag-optycznie-wyszczuplaja-nogi","23":"product_tag-perfect-fit","24":"product_tag-podkreslaja-linie-nog","25":"product_tag-polaczenie-lycry-z-blyszczacym-poliamidem","26":"product_tag-rajstopy-damskie","27":"product_tag-rekomendowane-przez-justyne-steczkowska","28":"product_tag-szew-wzdluz-cholewki","29":"product_tag-wyjatkowo-trwale","31":"first","32":"instock","33":"taxable","34":"shipping-taxable","35":"purchasable","36":"product-type-simple"},"_links":{"self":[{"href":"https:\/\/butikhome.pl\/index.php\/wp-json\/wp\/v2\/product\/12155","targetHints":{"allow":["GET"]}}],"collection":[{"href":"https:\/\/butikhome.pl\/index.php\/wp-json\/wp\/v2\/product"}],"about":[{"href":"https:\/\/butikhome.pl\/index.php\/wp-json\/wp\/v2\/types\/product"}],"replies":[{"embeddable":true,"href":"https:\/\/butikhome.pl\/index.php\/wp-json\/wp\/v2\/comments?post=12155"}],"wp:featuredmedia":[{"embeddable":true,"href":"https:\/\/butikhome.pl\/index.php\/wp-json\/wp\/v2\/media\/15141"}],"wp:attachment":[{"href":"https:\/\/butikhome.pl\/index.php\/wp-json\/wp\/v2\/media?parent=12155"}],"wp:term":[{"taxonomy":"product_brand","embeddable":true,"href":"https:\/\/butikhome.pl\/index.php\/wp-json\/wp\/v2\/product_brand?post=12155"},{"taxonomy":"product_cat","embeddable":true,"href":"https:\/\/butikhome.pl\/index.php\/wp-json\/wp\/v2\/product_cat?post=12155"},{"taxonomy":"product_tag","embeddable":true,"href":"https:\/\/butikhome.pl\/index.php\/wp-json\/wp\/v2\/product_tag?post=12155"}],"curies":[{"name":"wp","href":"https:\/\/api.w.org\/{rel}","templated":true}]}}