{"id":12193,"date":"2023-03-29T16:46:07","date_gmt":"2023-03-29T14:46:07","guid":{"rendered":"https:\/\/butikhome.pl\/index.php\/produkt\/rajstopy-body-relaxmedica-20\/"},"modified":"2023-04-27T11:09:56","modified_gmt":"2023-04-27T09:09:56","slug":"rajstopy-body-relaxmedica-20","status":"publish","type":"product","link":"https:\/\/butikhome.pl\/index.php\/produkt\/rajstopy-body-relaxmedica-20\/","title":{"rendered":"Rajstopy Body Relaxmedica 20"},"content":{"rendered":"<ul style=\"margin-top: 0:margin-bottom:0:;\">\n<li>Innowacyjne rajstopy o dzia\u0142aniu przeciw \u017cylakowym.<\/li>\n<li>Zdecydowanie u\u0142atwiaj\u0105 i polepszaj\u0105 kr\u0105\u017cenie krwi.<\/li>\n<li>Zmienny, delikatny\u00a0ucisk wzd\u0142u\u017c ca\u0142ych n\u00f3g zapobiega zm\u0119czeniu i\u00a0opuchli\u017anie.<\/li>\n<li>Cz\u0119\u015b\u0107 majteczkowa koryguj\u0105ca, modeluj\u0105ca, wyszczuplaj\u0105ca.<\/li>\n<li>Bezuciskowa gumka.<\/li>\n<li>Szczeg\u00f3lnie polecane podczas prac wymagaj\u0105cych d\u0142ugiego siedzenia lub stania. Wybierz technologi\u0119 przysz\u0142o\u015bci!<\/li>\n<li>Marka Gatta. Grubo\u015b\u0107 20 DEN.<\/li>\n<\/ul>\n","protected":false},"excerpt":{"rendered":"<p>Innowacyjne rajstopy o dzia\u0142aniu przeciw \u017cylakowym. Zdecydowanie u\u0142atwiaj\u0105 i polepszaj\u0105 kr\u0105\u017cenie krwi. Zmienny, delikatny\u00a0ucisk wzd\u0142u\u017c ca\u0142ych n\u00f3g zapobiega zm\u0119czeniu i\u00a0opuchli\u017anie. Cz\u0119\u015b\u0107 majteczkowa koryguj\u0105ca, modeluj\u0105ca, wyszczuplaj\u0105ca. Bezuciskowa gumka. Szczeg\u00f3lnie polecane podczas prac wymagaj\u0105cych d\u0142ugiego siedzenia lub stania. Wybierz technologi\u0119 przysz\u0142o\u015bci! Marka Gatta. Grubo\u015b\u0107 20 DEN.<\/p>\n","protected":false},"featured_media":15136,"comment_status":"open","ping_status":"closed","template":"","meta":[],"product_brand":[],"product_cat":[24,628,39],"product_tag":[708,879,901,900,899,881,897,700,902,769,898],"class_list":{"0":"post-12193","1":"product","2":"type-product","3":"status-publish","4":"has-post-thumbnail","6":"product_cat-produkty","7":"product_cat-rajstopy-podkategoria-do-bielizny","8":"product_cat-s","9":"product_tag-2-s","10":"product_tag-beige","11":"product_tag-bezuciskowa-gumka","12":"product_tag-czesc-majteczkowa-koryygujaca-modelujaca-wyszczuplajaca","13":"product_tag-delikatny-ucisk-wzdluz-calych-nog-zapobiegajace-zmeczeniu-i-opuchlixnie","14":"product_tag-dzialanie-przeciwzylakowe","15":"product_tag-gatta-body-relaxmedica-20","16":"product_tag-grubosc-20-den","17":"product_tag-idealne-do-dlugiego-siedzenia-lub-stania","18":"product_tag-rajstopy-damskie","19":"product_tag-ulatwiaja-i-polepszaja-krazenie-krwi","21":"first","22":"instock","23":"sale","24":"taxable","25":"shipping-taxable","26":"purchasable","27":"product-type-simple"},"_links":{"self":[{"href":"https:\/\/butikhome.pl\/index.php\/wp-json\/wp\/v2\/product\/12193","targetHints":{"allow":["GET"]}}],"collection":[{"href":"https:\/\/butikhome.pl\/index.php\/wp-json\/wp\/v2\/product"}],"about":[{"href":"https:\/\/butikhome.pl\/index.php\/wp-json\/wp\/v2\/types\/product"}],"replies":[{"embeddable":true,"href":"https:\/\/butikhome.pl\/index.php\/wp-json\/wp\/v2\/comments?post=12193"}],"wp:featuredmedia":[{"embeddable":true,"href":"https:\/\/butikhome.pl\/index.php\/wp-json\/wp\/v2\/media\/15136"}],"wp:attachment":[{"href":"https:\/\/butikhome.pl\/index.php\/wp-json\/wp\/v2\/media?parent=12193"}],"wp:term":[{"taxonomy":"product_brand","embeddable":true,"href":"https:\/\/butikhome.pl\/index.php\/wp-json\/wp\/v2\/product_brand?post=12193"},{"taxonomy":"product_cat","embeddable":true,"href":"https:\/\/butikhome.pl\/index.php\/wp-json\/wp\/v2\/product_cat?post=12193"},{"taxonomy":"product_tag","embeddable":true,"href":"https:\/\/butikhome.pl\/index.php\/wp-json\/wp\/v2\/product_tag?post=12193"}],"curies":[{"name":"wp","href":"https:\/\/api.w.org\/{rel}","templated":true}]}}