{"id":12287,"date":"2023-03-29T16:48:38","date_gmt":"2023-03-29T14:48:38","guid":{"rendered":"https:\/\/butikhome.pl\/index.php\/produkt\/rajstopy-dotsy-03\/"},"modified":"2023-04-26T12:25:13","modified_gmt":"2023-04-26T10:25:13","slug":"rajstopy-dotsy-03","status":"publish","type":"product","link":"https:\/\/butikhome.pl\/index.php\/produkt\/rajstopy-dotsy-03\/","title":{"rendered":"Rajstopy Dotsy 03"},"content":{"rendered":"<p>Delikatne, wzorzyste rajstopy w subtelny, nakrapiany wz\u00f3r. Linia Dotsy marki Gatta. Prawdziwy bestseller. Eleganckie, kokieteryjne i z klas\u0105 &#8211; s\u0105 takie, \u017ce ka\u017cdy je pokocha\u0142. Grubo\u015b\u0107 20 DEN. Wysoka jako\u015b\u0107. Sk\u0142ad: 76% poliamid, 24% elastan.<\/p>\n","protected":false},"excerpt":{"rendered":"<p>Delikatne, wzorzyste rajstopy w subtelny, nakrapiany wz\u00f3r. Linia Dotsy marki Gatta. Prawdziwy bestseller. Eleganckie, kokieteryjne i z klas\u0105 &#8211; s\u0105 takie, \u017ce ka\u017cdy je pokocha\u0142. Grubo\u015b\u0107 20 DEN. Wysoka jako\u015b\u0107. Sk\u0142ad: 76% poliamid, 24% elastan.<\/p>\n","protected":false},"featured_media":15113,"comment_status":"open","ping_status":"closed","template":"","meta":[],"product_brand":[],"product_cat":[24,628,39],"product_tag":[708,289,838,348,831,700,835,797,725,834,769,837,832,301,833,836],"class_list":{"0":"post-12287","1":"product","2":"type-product","3":"status-publish","4":"has-post-thumbnail","6":"product_cat-produkty","7":"product_cat-rajstopy-podkategoria-do-bielizny","8":"product_cat-s","9":"product_tag-2-s","10":"product_tag-delikatne","11":"product_tag-duza-odpornosc-na-uszkodzenia","12":"product_tag-eleganckie","13":"product_tag-gatta-dotsy-03","14":"product_tag-grubosc-20-den","15":"product_tag-kokieteryjne","16":"product_tag-lycra","17":"product_tag-matowe","18":"product_tag-nakrapiany-wzor","19":"product_tag-rajstopy-damskie","20":"product_tag-technologia-3d","21":"product_tag-w-kropeczki","22":"product_tag-wysoka-jakosc","23":"product_tag-wzorzyste","24":"product_tag-z-klasa","26":"first","27":"instock","28":"taxable","29":"shipping-taxable","30":"purchasable","31":"product-type-simple"},"_links":{"self":[{"href":"https:\/\/butikhome.pl\/index.php\/wp-json\/wp\/v2\/product\/12287","targetHints":{"allow":["GET"]}}],"collection":[{"href":"https:\/\/butikhome.pl\/index.php\/wp-json\/wp\/v2\/product"}],"about":[{"href":"https:\/\/butikhome.pl\/index.php\/wp-json\/wp\/v2\/types\/product"}],"replies":[{"embeddable":true,"href":"https:\/\/butikhome.pl\/index.php\/wp-json\/wp\/v2\/comments?post=12287"}],"wp:featuredmedia":[{"embeddable":true,"href":"https:\/\/butikhome.pl\/index.php\/wp-json\/wp\/v2\/media\/15113"}],"wp:attachment":[{"href":"https:\/\/butikhome.pl\/index.php\/wp-json\/wp\/v2\/media?parent=12287"}],"wp:term":[{"taxonomy":"product_brand","embeddable":true,"href":"https:\/\/butikhome.pl\/index.php\/wp-json\/wp\/v2\/product_brand?post=12287"},{"taxonomy":"product_cat","embeddable":true,"href":"https:\/\/butikhome.pl\/index.php\/wp-json\/wp\/v2\/product_cat?post=12287"},{"taxonomy":"product_tag","embeddable":true,"href":"https:\/\/butikhome.pl\/index.php\/wp-json\/wp\/v2\/product_tag?post=12287"}],"curies":[{"name":"wp","href":"https:\/\/api.w.org\/{rel}","templated":true}]}}