{"id":12290,"date":"2023-03-29T16:48:41","date_gmt":"2023-03-29T14:48:41","guid":{"rendered":"https:\/\/butikhome.pl\/index.php\/produkt\/rajstopy-florence-3d-50-den\/"},"modified":"2023-04-26T11:00:15","modified_gmt":"2023-04-26T09:00:15","slug":"rajstopy-florence-3d-50-den","status":"publish","type":"product","link":"https:\/\/butikhome.pl\/index.php\/produkt\/rajstopy-florence-3d-50-den\/","title":{"rendered":"Rajstopy Florence 3D 50 den"},"content":{"rendered":"<p>G\u0142adkie, mi\u0119kkie rajstopy o podwy\u017cszonej odporno\u015bci na prucie, wykonane w technologi 3D, profesjonalnego splotu w\u0142\u00f3kien, kt\u00f3ry gwarantuje doskona\u0142e dopasowanie si\u0119 do n\u00f3g oraz doskona\u0142\u0105 jako\u015b\u0107. Klasyczne i niezwykle kobiece. Warto mie\u0107 je w swojej szufladzie. Grubo\u015b\u0107 50 DEN.<\/p>\n","protected":false},"excerpt":{"rendered":"<p>G\u0142adkie, mi\u0119kkie rajstopy o podwy\u017cszonej odporno\u015bci na prucie, wykonane w technologi 3D, profesjonalnego splotu w\u0142\u00f3kien, kt\u00f3ry gwarantuje doskona\u0142e dopasowanie si\u0119 do n\u00f3g oraz doskona\u0142\u0105 jako\u015b\u0107. Klasyczne i niezwykle kobiece. Warto mie\u0107 je w swojej szufladzie. Grubo\u015b\u0107 50 DEN.<\/p>\n","protected":false},"featured_media":15112,"comment_status":"open","ping_status":"closed","template":"","meta":[],"product_brand":[],"product_cat":[24,628,41,40,39,42],"product_tag":[708,709,710,736,830,829,826,734,274,81,72,827,769,828],"class_list":{"0":"post-12290","1":"product","2":"type-product","3":"status-publish","4":"has-post-thumbnail","6":"product_cat-produkty","7":"product_cat-rajstopy-podkategoria-do-bielizny","8":"product_cat-l","9":"product_cat-m","10":"product_cat-s","11":"product_cat-xl","12":"product_tag-2-s","13":"product_tag-3-m","14":"product_tag-4-l","15":"product_tag-5-xl","16":"product_tag-doskonala-jakosc","17":"product_tag-doskonale-dopasowanie-sie-do-nog","18":"product_tag-gatta-florence-3d-50-den","19":"product_tag-grubosc-50-den","20":"product_tag-klasyczne","21":"product_tag-kobiece","22":"product_tag-miekkie","23":"product_tag-podwyzszona-odpornosc-na-prucie","24":"product_tag-rajstopy-damskie","25":"product_tag-technologia-3-d","27":"first","28":"instock","29":"sale","30":"taxable","31":"shipping-taxable","32":"purchasable","33":"product-type-simple"},"_links":{"self":[{"href":"https:\/\/butikhome.pl\/index.php\/wp-json\/wp\/v2\/product\/12290","targetHints":{"allow":["GET"]}}],"collection":[{"href":"https:\/\/butikhome.pl\/index.php\/wp-json\/wp\/v2\/product"}],"about":[{"href":"https:\/\/butikhome.pl\/index.php\/wp-json\/wp\/v2\/types\/product"}],"replies":[{"embeddable":true,"href":"https:\/\/butikhome.pl\/index.php\/wp-json\/wp\/v2\/comments?post=12290"}],"wp:featuredmedia":[{"embeddable":true,"href":"https:\/\/butikhome.pl\/index.php\/wp-json\/wp\/v2\/media\/15112"}],"wp:attachment":[{"href":"https:\/\/butikhome.pl\/index.php\/wp-json\/wp\/v2\/media?parent=12290"}],"wp:term":[{"taxonomy":"product_brand","embeddable":true,"href":"https:\/\/butikhome.pl\/index.php\/wp-json\/wp\/v2\/product_brand?post=12290"},{"taxonomy":"product_cat","embeddable":true,"href":"https:\/\/butikhome.pl\/index.php\/wp-json\/wp\/v2\/product_cat?post=12290"},{"taxonomy":"product_tag","embeddable":true,"href":"https:\/\/butikhome.pl\/index.php\/wp-json\/wp\/v2\/product_tag?post=12290"}],"curies":[{"name":"wp","href":"https:\/\/api.w.org\/{rel}","templated":true}]}}