{"id":12372,"date":"2023-03-29T16:50:56","date_gmt":"2023-03-29T14:50:56","guid":{"rendered":"https:\/\/butikhome.pl\/index.php\/produkt\/rajstopy-gatta-funny-20\/"},"modified":"2023-04-25T12:56:33","modified_gmt":"2023-04-25T10:56:33","slug":"rajstopy-gatta-funny-20","status":"publish","type":"product","link":"https:\/\/butikhome.pl\/index.php\/produkt\/rajstopy-gatta-funny-20\/","title":{"rendered":"Rajstopy Gatta Funny 20"},"content":{"rendered":"<p>Bardzo zmys\u0142owe rajstopy damskie wykonane z prz\u0119dzy typu Lycra w ca\u0142o\u015bci pokryte drobnymi, male\u0144kimi oczkami seksownie oplataj\u0105cymi nogi. Pon\u0119tno\u015b\u0107 w najdoskonalszym wykonaniu! Doskona\u0142a propozycja na wielkie, wieczorowe wyj\u015bcie. Pi\u0119kny i bardzo\u00a0wymowny dodatek ka\u017cdej sukienki. Kobieco\u015b\u0107, kt\u00f3ra kusi i inspiruje!<\/p>\n","protected":false},"excerpt":{"rendered":"<p>Bardzo zmys\u0142owe rajstopy damskie wykonane z prz\u0119dzy typu Lycra w ca\u0142o\u015bci pokryte drobnymi, male\u0144kimi oczkami seksownie oplataj\u0105cymi nogi. Pon\u0119tno\u015b\u0107 w najdoskonalszym wykonaniu! Doskona\u0142a propozycja na wielkie, wieczorowe wyj\u015bcie. Pi\u0119kny i bardzo\u00a0wymowny dodatek ka\u017cdej sukienki. Kobieco\u015b\u0107, kt\u00f3ra kusi i inspiruje!<\/p>\n","protected":false},"featured_media":15093,"comment_status":"open","ping_status":"closed","template":"","meta":[],"product_brand":[],"product_cat":[24,628,41,40,39],"product_tag":[708,709,710,767,801,700,800,81,569,797,763,725,798,799,738,769,148],"class_list":{"0":"post-12372","1":"product","2":"type-product","3":"status-publish","4":"has-post-thumbnail","6":"product_cat-produkty","7":"product_cat-rajstopy-podkategoria-do-bielizny","8":"product_cat-l","9":"product_cat-m","10":"product_cat-s","11":"product_tag-2-s","12":"product_tag-3-m","13":"product_tag-4-l","14":"product_tag-bez-zaznaczonej-czesci-majteczkowej","15":"product_tag-gatta-funny-20","16":"product_tag-grubosc-20-den","17":"product_tag-idealne-na-wieczorowe-wyjscie","18":"product_tag-kobiece","19":"product_tag-kuszace","20":"product_tag-lycra","21":"product_tag-maly-klin","22":"product_tag-matowe","23":"product_tag-pokryte-malenkimi-oczkami","24":"product_tag-ponetne","25":"product_tag-przezroczyste","26":"product_tag-rajstopy-damskie","27":"product_tag-zmyslowe","29":"first","30":"instock","31":"sale","32":"taxable","33":"shipping-taxable","34":"purchasable","35":"product-type-simple"},"_links":{"self":[{"href":"https:\/\/butikhome.pl\/index.php\/wp-json\/wp\/v2\/product\/12372","targetHints":{"allow":["GET"]}}],"collection":[{"href":"https:\/\/butikhome.pl\/index.php\/wp-json\/wp\/v2\/product"}],"about":[{"href":"https:\/\/butikhome.pl\/index.php\/wp-json\/wp\/v2\/types\/product"}],"replies":[{"embeddable":true,"href":"https:\/\/butikhome.pl\/index.php\/wp-json\/wp\/v2\/comments?post=12372"}],"wp:featuredmedia":[{"embeddable":true,"href":"https:\/\/butikhome.pl\/index.php\/wp-json\/wp\/v2\/media\/15093"}],"wp:attachment":[{"href":"https:\/\/butikhome.pl\/index.php\/wp-json\/wp\/v2\/media?parent=12372"}],"wp:term":[{"taxonomy":"product_brand","embeddable":true,"href":"https:\/\/butikhome.pl\/index.php\/wp-json\/wp\/v2\/product_brand?post=12372"},{"taxonomy":"product_cat","embeddable":true,"href":"https:\/\/butikhome.pl\/index.php\/wp-json\/wp\/v2\/product_cat?post=12372"},{"taxonomy":"product_tag","embeddable":true,"href":"https:\/\/butikhome.pl\/index.php\/wp-json\/wp\/v2\/product_tag?post=12372"}],"curies":[{"name":"wp","href":"https:\/\/api.w.org\/{rel}","templated":true}]}}