{"id":12649,"date":"2023-03-29T16:59:40","date_gmt":"2023-03-29T14:59:40","guid":{"rendered":"https:\/\/butikhome.pl\/index.php\/produkt\/rajstopy-laura-10\/"},"modified":"2023-04-21T14:14:57","modified_gmt":"2023-04-21T12:14:57","slug":"rajstopy-laura-10","status":"publish","type":"product","link":"https:\/\/butikhome.pl\/index.php\/produkt\/rajstopy-laura-10\/","title":{"rendered":"Rajstopy Laura 10"},"content":{"rendered":"<p>Rajstopy damskie wykonane z dodatkiem prz\u0119dzy typu elastan, prze\u017aroczyste, p\u00f3\u0142matowe ze wzmocnion\u0105 cz\u0119\u015bci\u0105 majteczkow\u0105. Grubo\u015b\u0107 10DEN.<\/p>\n<p>Sk\u0142ad: 88% Poliamid, 12%\u00a0Elastan.<\/p>\n","protected":false},"excerpt":{"rendered":"<p>Rajstopy damskie wykonane z dodatkiem prz\u0119dzy typu elastan, prze\u017aroczyste, p\u00f3\u0142matowe ze wzmocnion\u0105 cz\u0119\u015bci\u0105 majteczkow\u0105. Grubo\u015b\u0107 10DEN. Sk\u0142ad: 88% Poliamid, 12%\u00a0Elastan.<\/p>\n","protected":false},"featured_media":15055,"comment_status":"open","ping_status":"closed","template":"","meta":[],"product_brand":[],"product_cat":[24,628,42],"product_tag":[736,739,699,740,738,715,737],"class_list":{"0":"post-12649","1":"product","2":"type-product","3":"status-publish","4":"has-post-thumbnail","6":"product_cat-produkty","7":"product_cat-rajstopy-podkategoria-do-bielizny","8":"product_cat-xl","9":"product_tag-5-xl","10":"product_tag-czesc-majteczkowa-polmatowa","11":"product_tag-gatta","12":"product_tag-grubosc-10-den","13":"product_tag-przezroczyste","14":"product_tag-rajstopy","15":"product_tag-wykonane-z-przedzy-typu-elastan","17":"first","18":"instock","19":"taxable","20":"shipping-taxable","21":"purchasable","22":"product-type-simple"},"_links":{"self":[{"href":"https:\/\/butikhome.pl\/index.php\/wp-json\/wp\/v2\/product\/12649","targetHints":{"allow":["GET"]}}],"collection":[{"href":"https:\/\/butikhome.pl\/index.php\/wp-json\/wp\/v2\/product"}],"about":[{"href":"https:\/\/butikhome.pl\/index.php\/wp-json\/wp\/v2\/types\/product"}],"replies":[{"embeddable":true,"href":"https:\/\/butikhome.pl\/index.php\/wp-json\/wp\/v2\/comments?post=12649"}],"wp:featuredmedia":[{"embeddable":true,"href":"https:\/\/butikhome.pl\/index.php\/wp-json\/wp\/v2\/media\/15055"}],"wp:attachment":[{"href":"https:\/\/butikhome.pl\/index.php\/wp-json\/wp\/v2\/media?parent=12649"}],"wp:term":[{"taxonomy":"product_brand","embeddable":true,"href":"https:\/\/butikhome.pl\/index.php\/wp-json\/wp\/v2\/product_brand?post=12649"},{"taxonomy":"product_cat","embeddable":true,"href":"https:\/\/butikhome.pl\/index.php\/wp-json\/wp\/v2\/product_cat?post=12649"},{"taxonomy":"product_tag","embeddable":true,"href":"https:\/\/butikhome.pl\/index.php\/wp-json\/wp\/v2\/product_tag?post=12649"}],"curies":[{"name":"wp","href":"https:\/\/api.w.org\/{rel}","templated":true}]}}