{"id":12772,"date":"2023-03-29T17:04:02","date_gmt":"2023-03-29T15:04:02","guid":{"rendered":"https:\/\/butikhome.pl\/index.php\/produkt\/rajstopy-senza-dita\/"},"modified":"2023-04-21T13:36:23","modified_gmt":"2023-04-21T11:36:23","slug":"rajstopy-senza-dita","status":"publish","type":"product","link":"https:\/\/butikhome.pl\/index.php\/produkt\/rajstopy-senza-dita\/","title":{"rendered":"Rajstopy Senza Dita"},"content":{"rendered":"<p>Senza Dita to rajstopy z odkrytymi palcami, wykonane z cienkiej prz\u0119dzy LYCRA, z oplotem 10DEN. Satynowe w dotyku, z cieniutk\u0105 cz\u0119\u015bci\u0105 majteczkow\u0105. Sk\u0142ad: 87% poliamid, 13% elastan.<\/p>\n","protected":false},"excerpt":{"rendered":"<p>Senza Dita to rajstopy z odkrytymi palcami, wykonane z cienkiej prz\u0119dzy LYCRA, z oplotem 10DEN. Satynowe w dotyku, z cieniutk\u0105 cz\u0119\u015bci\u0105 majteczkow\u0105. Sk\u0142ad: 87% poliamid, 13% elastan.<\/p>\n","protected":false},"featured_media":15049,"comment_status":"open","ping_status":"closed","template":"","meta":[],"product_brand":[],"product_cat":[24,628,41,40,39],"product_tag":[708,709,710,721,718,699,717,716,719,715,720],"class_list":{"0":"post-12772","1":"product","2":"type-product","3":"status-publish","4":"has-post-thumbnail","6":"product_cat-produkty","7":"product_cat-rajstopy-podkategoria-do-bielizny","8":"product_cat-l","9":"product_cat-m","10":"product_cat-s","11":"product_tag-2-s","12":"product_tag-3-m","13":"product_tag-4-l","14":"product_tag-cieniutka-czesc-majteczkowa","15":"product_tag-cienka-przedza-lycra","16":"product_tag-gatta","17":"product_tag-idelne-do-butow-bez-palcow","18":"product_tag-odkryte-palce","19":"product_tag-oplot-10-den","20":"product_tag-rajstopy","21":"product_tag-satynowe-w-dotyku","23":"first","24":"instock","25":"taxable","26":"shipping-taxable","27":"purchasable","28":"product-type-simple"},"_links":{"self":[{"href":"https:\/\/butikhome.pl\/index.php\/wp-json\/wp\/v2\/product\/12772","targetHints":{"allow":["GET"]}}],"collection":[{"href":"https:\/\/butikhome.pl\/index.php\/wp-json\/wp\/v2\/product"}],"about":[{"href":"https:\/\/butikhome.pl\/index.php\/wp-json\/wp\/v2\/types\/product"}],"replies":[{"embeddable":true,"href":"https:\/\/butikhome.pl\/index.php\/wp-json\/wp\/v2\/comments?post=12772"}],"wp:featuredmedia":[{"embeddable":true,"href":"https:\/\/butikhome.pl\/index.php\/wp-json\/wp\/v2\/media\/15049"}],"wp:attachment":[{"href":"https:\/\/butikhome.pl\/index.php\/wp-json\/wp\/v2\/media?parent=12772"}],"wp:term":[{"taxonomy":"product_brand","embeddable":true,"href":"https:\/\/butikhome.pl\/index.php\/wp-json\/wp\/v2\/product_brand?post=12772"},{"taxonomy":"product_cat","embeddable":true,"href":"https:\/\/butikhome.pl\/index.php\/wp-json\/wp\/v2\/product_cat?post=12772"},{"taxonomy":"product_tag","embeddable":true,"href":"https:\/\/butikhome.pl\/index.php\/wp-json\/wp\/v2\/product_tag?post=12772"}],"curies":[{"name":"wp","href":"https:\/\/api.w.org\/{rel}","templated":true}]}}