{"id":12806,"date":"2023-03-29T17:05:17","date_gmt":"2023-03-29T15:05:17","guid":{"rendered":"https:\/\/butikhome.pl\/index.php\/produkt\/stopki-gatta-29-nero\/"},"modified":"2023-04-21T13:02:39","modified_gmt":"2023-04-21T11:02:39","slug":"stopki-gatta-29-nero","status":"publish","type":"product","link":"https:\/\/butikhome.pl\/index.php\/produkt\/stopki-gatta-29-nero\/","title":{"rendered":"Stopki Gatta 29 Nero"},"content":{"rendered":"<p>Stopki do balerinek, marki Gatta wykonane z mi\u0119kkiej mikrofibry. Wyko\u0144czone silikonem. Podeszwa z bawe\u0142ny. Sk\u0142ad: 90% poliamid, 10% elastan. Podeszwa: 95% bawe\u0142na, 5% elastan.<\/p>\n<p>&nbsp;<\/p>\n","protected":false},"excerpt":{"rendered":"<p>Stopki do balerinek, marki Gatta wykonane z mi\u0119kkiej mikrofibry. Wyko\u0144czone silikonem. Podeszwa z bawe\u0142ny. Sk\u0142ad: 90% poliamid, 10% elastan. Podeszwa: 95% bawe\u0142na, 5% elastan. &nbsp;<\/p>\n","protected":false},"featured_media":15042,"comment_status":"open","ping_status":"closed","template":"","meta":[],"product_brand":[],"product_cat":[24,626],"product_tag":[687,689,691,686,688,690],"class_list":{"0":"post-12806","1":"product","2":"type-product","3":"status-publish","4":"has-post-thumbnail","6":"product_cat-produkty","7":"product_cat-skarpety-podkategoria-do-bielizny","8":"product_tag-do-barelinek","9":"product_tag-miekka-mikrofibra","10":"product_tag-podeszwa-z-bawelny","11":"product_tag-stopki","12":"product_tag-uniwersalny-rozmiar","13":"product_tag-wykonczone-silikonem","15":"first","16":"instock","17":"taxable","18":"shipping-taxable","19":"purchasable","20":"product-type-simple"},"_links":{"self":[{"href":"https:\/\/butikhome.pl\/index.php\/wp-json\/wp\/v2\/product\/12806","targetHints":{"allow":["GET"]}}],"collection":[{"href":"https:\/\/butikhome.pl\/index.php\/wp-json\/wp\/v2\/product"}],"about":[{"href":"https:\/\/butikhome.pl\/index.php\/wp-json\/wp\/v2\/types\/product"}],"replies":[{"embeddable":true,"href":"https:\/\/butikhome.pl\/index.php\/wp-json\/wp\/v2\/comments?post=12806"}],"wp:featuredmedia":[{"embeddable":true,"href":"https:\/\/butikhome.pl\/index.php\/wp-json\/wp\/v2\/media\/15042"}],"wp:attachment":[{"href":"https:\/\/butikhome.pl\/index.php\/wp-json\/wp\/v2\/media?parent=12806"}],"wp:term":[{"taxonomy":"product_brand","embeddable":true,"href":"https:\/\/butikhome.pl\/index.php\/wp-json\/wp\/v2\/product_brand?post=12806"},{"taxonomy":"product_cat","embeddable":true,"href":"https:\/\/butikhome.pl\/index.php\/wp-json\/wp\/v2\/product_cat?post=12806"},{"taxonomy":"product_tag","embeddable":true,"href":"https:\/\/butikhome.pl\/index.php\/wp-json\/wp\/v2\/product_tag?post=12806"}],"curies":[{"name":"wp","href":"https:\/\/api.w.org\/{rel}","templated":true}]}}