{"id":12842,"date":"2023-03-29T17:06:39","date_gmt":"2023-03-29T15:06:39","guid":{"rendered":"https:\/\/butikhome.pl\/index.php\/produkt\/biustonosz-adrianna-933-bialy\/"},"modified":"2023-06-19T12:41:59","modified_gmt":"2023-06-19T10:41:59","slug":"biustonosz-adrianna-933-bialy","status":"publish","type":"product","link":"https:\/\/butikhome.pl\/index.php\/produkt\/biustonosz-adrianna-933-bialy\/","title":{"rendered":"Biustonosz Adrianna 933 Bia\u0142y"},"content":{"rendered":"<p><span>Adrianna 933 to elegancki, bia\u0142y biustonosz w konstrukcji semi-soft, marki Gaia. Propozycja dla pa\u0144, kt\u00f3re poszukuj\u0105 wygody i subtelnego, naturalnego pi\u0119kna. Dekolt transparentny, wzbogacony misternym haftem pod kolor bielizny. Dolna cz\u0119\u015b\u0107 miseczek usztywniona. Konstrukcja na fiszbinach, dobrze zbiera, unosi i modeluje piersi. Rami\u0105czka z malutkimi kokardkami. Sk\u0142ad: 43% poliamid, 30% poliester, 16% bawe\u0142na, 7% elastan, 4% poliuretan. <\/span><\/p>\n","protected":false},"excerpt":{"rendered":"<p>Adrianna 933 to elegancki, bia\u0142y biustonosz w konstrukcji semi-soft, marki Gaia. Propozycja dla pa\u0144, kt\u00f3re poszukuj\u0105 wygody i subtelnego, naturalnego pi\u0119kna. Dekolt transparentny, wzbogacony misternym haftem pod kolor bielizny. Dolna cz\u0119\u015b\u0107 miseczek usztywniona. Konstrukcja na fiszbinach, dobrze zbiera, unosi i modeluje piersi. Rami\u0105czka z malutkimi kokardkami. Sk\u0142ad: 43% poliamid, 30% poliester, 16% bawe\u0142na, 7% elastan, &hellip; <\/p>\n","protected":false},"featured_media":15598,"comment_status":"open","ping_status":"closed","template":"","meta":[],"product_brand":[],"product_cat":[1556,1558,1560,1564,1565,1566,1567,1568,1577,1578,629,24],"product_tag":[1483,1485,1488,1489,1490,1491,1492,1499,1500,1505,672,1481,1957,1960,1963,1769,1603,1962,1961,1938,1297,1078,1959,1958],"class_list":{"0":"post-12842","1":"product","2":"type-product","3":"status-publish","4":"has-post-thumbnail","6":"product_cat-75-c","7":"product_cat-75-e","8":"product_cat-75-g","9":"product_cat-80-b","10":"product_cat-80-c","11":"product_cat-80-d","12":"product_cat-80-e","13":"product_cat-80-f","14":"product_cat-85-f","15":"product_cat-85-g","16":"product_cat-biustonosze-podkategoria-do-bielizny","17":"product_cat-produkty","18":"product_tag-75-e","19":"product_tag-75-g","20":"product_tag-80-b","21":"product_tag-80-c","22":"product_tag-80-d","23":"product_tag-80-e","24":"product_tag-80-f","25":"product_tag-85-f","26":"product_tag-85-g","27":"product_tag-90-f","28":"product_tag-bialy","29":"product_tag-bialy-75-c","30":"product_tag-biustonosz-adrianna-933-bialy","31":"product_tag-dekolt-transparentny","32":"product_tag-dobrze-zbiera-unosi-i-modeluje-piersi","33":"product_tag-dolna-czesc-biustonosza-usztywniona","34":"product_tag-gaia","35":"product_tag-konstrukcja-na-fiszbinach","36":"product_tag-misterny-haft","37":"product_tag-model-w-konstrukcji-semi-soft","38":"product_tag-pakowane-w-pudelko","39":"product_tag-polski-produkt","40":"product_tag-subtelny","41":"product_tag-wygodny","43":"first","44":"instock","45":"taxable","46":"shipping-taxable","47":"purchasable","48":"product-type-simple"},"_links":{"self":[{"href":"https:\/\/butikhome.pl\/index.php\/wp-json\/wp\/v2\/product\/12842","targetHints":{"allow":["GET"]}}],"collection":[{"href":"https:\/\/butikhome.pl\/index.php\/wp-json\/wp\/v2\/product"}],"about":[{"href":"https:\/\/butikhome.pl\/index.php\/wp-json\/wp\/v2\/types\/product"}],"replies":[{"embeddable":true,"href":"https:\/\/butikhome.pl\/index.php\/wp-json\/wp\/v2\/comments?post=12842"}],"wp:featuredmedia":[{"embeddable":true,"href":"https:\/\/butikhome.pl\/index.php\/wp-json\/wp\/v2\/media\/15598"}],"wp:attachment":[{"href":"https:\/\/butikhome.pl\/index.php\/wp-json\/wp\/v2\/media?parent=12842"}],"wp:term":[{"taxonomy":"product_brand","embeddable":true,"href":"https:\/\/butikhome.pl\/index.php\/wp-json\/wp\/v2\/product_brand?post=12842"},{"taxonomy":"product_cat","embeddable":true,"href":"https:\/\/butikhome.pl\/index.php\/wp-json\/wp\/v2\/product_cat?post=12842"},{"taxonomy":"product_tag","embeddable":true,"href":"https:\/\/butikhome.pl\/index.php\/wp-json\/wp\/v2\/product_tag?post=12842"}],"curies":[{"name":"wp","href":"https:\/\/api.w.org\/{rel}","templated":true}]}}