{"id":12853,"date":"2023-03-29T17:07:01","date_gmt":"2023-03-29T15:07:01","guid":{"rendered":"https:\/\/butikhome.pl\/index.php\/produkt\/biustonosz-amanda-882-bialy\/"},"modified":"2023-06-19T11:27:17","modified_gmt":"2023-06-19T09:27:17","slug":"biustonosz-amanda-882-bialy","status":"publish","type":"product","link":"https:\/\/butikhome.pl\/index.php\/produkt\/biustonosz-amanda-882-bialy\/","title":{"rendered":"Biustonosz Amanda 882 Bia\u0142y"},"content":{"rendered":"<p><span>Rewelacyjny biustonosz z bazowej kolekcji marki Gaia. Model w konstrukcji semi-soft, g\u0142adki u podstawy i lekki, a\u017curowy na dekolcie, czym zaskarbi\u0142 sobie nasz\u0105 sympati\u0119. Konstrukcja doskonale zbiera piersi, unosi je i odpowiednio modeluje oraz utrzymuje na swoim miejscu. Kr\u00f3j podwy\u017cszony, \u015brodek doskonale przylega do cia\u0142a. Model bardzo wygodny, bez fiszbin bocznych. Rami\u0105czka z mini kokardkami, \u015brodek z ma\u0142\u0105 bi\u017cuteryjn\u0105 przywieszk\u0105. Sk\u0142ad: 71% poliamid, 18% bawe\u0142na, 6% elastan, 5% poliuretan. <\/span><\/p>\n<p><span>\u00a0<\/span><\/p>\n","protected":false},"excerpt":{"rendered":"<p>Rewelacyjny biustonosz z bazowej kolekcji marki Gaia. Model w konstrukcji semi-soft, g\u0142adki u podstawy i lekki, a\u017curowy na dekolcie, czym zaskarbi\u0142 sobie nasz\u0105 sympati\u0119. Konstrukcja doskonale zbiera piersi, unosi je i odpowiednio modeluje oraz utrzymuje na swoim miejscu. Kr\u00f3j podwy\u017cszony, \u015brodek doskonale przylega do cia\u0142a. Model bardzo wygodny, bez fiszbin bocznych. Rami\u0105czka z mini kokardkami, &hellip; <\/p>\n","protected":false},"featured_media":15594,"comment_status":"open","ping_status":"closed","template":"","meta":[],"product_brand":[],"product_cat":[1564,629,24],"product_tag":[1943,1937,1944,672,1935,1936,1859,1684,1603,1939,1942,1940,1938,1941,1297,1078,1293],"class_list":{"0":"post-12853","1":"product","2":"type-product","3":"status-publish","4":"has-post-thumbnail","6":"product_cat-80-b","7":"product_cat-biustonosze-podkategoria-do-bielizny","8":"product_cat-produkty","9":"product_tag-bardzo-wygodny","10":"product_tag-bazowa-kolekcja","11":"product_tag-bez-fiszbin-bocznych","12":"product_tag-bialy","13":"product_tag-bialy-80-b","14":"product_tag-biustonosz-amanda-882-bialy","15":"product_tag-dobrze-przylega-do-ciala","16":"product_tag-dobrze-zbiera-piersi-i-przesuwa-je-do-srodka","17":"product_tag-gaia","18":"product_tag-gladki-na-dole","19":"product_tag-kroj-podwyzszony","20":"product_tag-lekki-i-azurowy-na-dekolcie","21":"product_tag-model-w-konstrukcji-semi-soft","22":"product_tag-modeluje-piersi-i-utrzymuje-je-na-swoim-miejscu","23":"product_tag-pakowane-w-pudelko","24":"product_tag-polski-produkt","25":"product_tag-zdobienia-bizuteryjne","27":"first","28":"instock","29":"taxable","30":"shipping-taxable","31":"purchasable","32":"product-type-simple"},"_links":{"self":[{"href":"https:\/\/butikhome.pl\/index.php\/wp-json\/wp\/v2\/product\/12853","targetHints":{"allow":["GET"]}}],"collection":[{"href":"https:\/\/butikhome.pl\/index.php\/wp-json\/wp\/v2\/product"}],"about":[{"href":"https:\/\/butikhome.pl\/index.php\/wp-json\/wp\/v2\/types\/product"}],"replies":[{"embeddable":true,"href":"https:\/\/butikhome.pl\/index.php\/wp-json\/wp\/v2\/comments?post=12853"}],"wp:featuredmedia":[{"embeddable":true,"href":"https:\/\/butikhome.pl\/index.php\/wp-json\/wp\/v2\/media\/15594"}],"wp:attachment":[{"href":"https:\/\/butikhome.pl\/index.php\/wp-json\/wp\/v2\/media?parent=12853"}],"wp:term":[{"taxonomy":"product_brand","embeddable":true,"href":"https:\/\/butikhome.pl\/index.php\/wp-json\/wp\/v2\/product_brand?post=12853"},{"taxonomy":"product_cat","embeddable":true,"href":"https:\/\/butikhome.pl\/index.php\/wp-json\/wp\/v2\/product_cat?post=12853"},{"taxonomy":"product_tag","embeddable":true,"href":"https:\/\/butikhome.pl\/index.php\/wp-json\/wp\/v2\/product_tag?post=12853"}],"curies":[{"name":"wp","href":"https:\/\/api.w.org\/{rel}","templated":true}]}}