{"id":12897,"date":"2023-03-29T17:08:41","date_gmt":"2023-03-29T15:08:41","guid":{"rendered":"https:\/\/butikhome.pl\/index.php\/produkt\/biustonosz-chantal-534\/"},"modified":"2023-06-16T14:46:31","modified_gmt":"2023-06-16T12:46:31","slug":"biustonosz-chantal-534","status":"publish","type":"product","link":"https:\/\/butikhome.pl\/index.php\/produkt\/biustonosz-chantal-534\/","title":{"rendered":"Biustonosz Chantal 534"},"content":{"rendered":"<p><span>Czarno-be\u017cowy biustonosz pokryty \u015blicznym, a\u017curowym wzorem. Miski ci\u0119te pionowo, wzbogacone o fiszbiny &#8211; \u015bwietnie unosz\u0105 piersi, dbaj\u0105 o ich odpowiednie utrzymanie we w\u0142a\u015bciwym miejscu. Kwieciste motywy wygl\u0105daj\u0105 szczeg\u00f3lnie luksusowo. Regulowane rami\u0105czka. Sk\u0142ad: 48% poliamid, 40% poliester, 12% elastan.<\/span><\/p>\n<p><span>\u00a0<\/span><\/p>\n","protected":false},"excerpt":{"rendered":"<p>Czarno-be\u017cowy biustonosz pokryty \u015blicznym, a\u017curowym wzorem. Miski ci\u0119te pionowo, wzbogacone o fiszbiny &#8211; \u015bwietnie unosz\u0105 piersi, dbaj\u0105 o ich odpowiednie utrzymanie we w\u0142a\u015bciwym miejscu. Kwieciste motywy wygl\u0105daj\u0105 szczeg\u00f3lnie luksusowo. Regulowane rami\u0105czka. Sk\u0142ad: 48% poliamid, 40% poliester, 12% elastan. \u00a0<\/p>\n","protected":false},"featured_media":15590,"comment_status":"open","ping_status":"closed","template":"","meta":[],"product_brand":[],"product_cat":[629,24],"product_tag":[1798,1789,1790,1791,1922,1923,1750,1604,1605,1606,1610,1611,1792,1793,1751,1599,1482,1483,1484,1485,1486,1487,1488,1489,1490,1491,1492,1493,1494,1495,1496,1497,1498,1499,1500,1501,1502,1503,1504,1505,1506,1507,1508,1509,1924,1650,1089,1925,1921,1603,1927,1929,1930,1653,1297,1078,1658,1655,1928,1825,1926],"class_list":{"0":"post-12897","1":"product","2":"type-product","3":"status-publish","4":"has-post-thumbnail","6":"product_cat-biustonosze-podkategoria-do-bielizny","7":"product_cat-produkty","8":"product_tag-65-e","9":"product_tag-65-f","10":"product_tag-65-g","11":"product_tag-65-h","12":"product_tag-65-i","13":"product_tag-65-j","14":"product_tag-70-c","15":"product_tag-70-d","16":"product_tag-70-e","17":"product_tag-70-f","18":"product_tag-70-g","19":"product_tag-70-h","20":"product_tag-70-i","21":"product_tag-70-j","22":"product_tag-75-b","23":"product_tag-75-c","24":"product_tag-75-d","25":"product_tag-75-e","26":"product_tag-75-f","27":"product_tag-75-g","28":"product_tag-75-h","29":"product_tag-75-i","30":"product_tag-80-b","31":"product_tag-80-c","32":"product_tag-80-d","33":"product_tag-80-e","34":"product_tag-80-f","35":"product_tag-80-g","36":"product_tag-80-h","37":"product_tag-85-b","38":"product_tag-85-c","39":"product_tag-85-d","40":"product_tag-85-e","41":"product_tag-85-f","42":"product_tag-85-g","43":"product_tag-90-b","44":"product_tag-90-c","45":"product_tag-90-d","46":"product_tag-90-e","47":"product_tag-90-f","48":"product_tag-95-b","49":"product_tag-95-c","50":"product_tag-95-d","51":"product_tag-95-e","52":"product_tag-biustonosz-chantal-534","53":"product_tag-czarno-bezowy","54":"product_tag-czarny","55":"product_tag-czarny-azur","56":"product_tag-czarny-azur-65-d","57":"product_tag-gaia","58":"product_tag-koronkowy","59":"product_tag-kwieciste-motywy","60":"product_tag-luksusowy-wyglad","61":"product_tag-miski-ciete-pionowo","62":"product_tag-pakowane-w-pudelko","63":"product_tag-polski-produkt","64":"product_tag-regulowane-ramiaczka","65":"product_tag-swietnie-unosza-piersi","66":"product_tag-utrzymuja-piersi-we-wlasciwym-miesjcu","67":"product_tag-z-fiszbinami","68":"product_tag-zabudowany","70":"first","71":"instock","72":"taxable","73":"shipping-taxable","74":"purchasable","75":"product-type-simple"},"_links":{"self":[{"href":"https:\/\/butikhome.pl\/index.php\/wp-json\/wp\/v2\/product\/12897","targetHints":{"allow":["GET"]}}],"collection":[{"href":"https:\/\/butikhome.pl\/index.php\/wp-json\/wp\/v2\/product"}],"about":[{"href":"https:\/\/butikhome.pl\/index.php\/wp-json\/wp\/v2\/types\/product"}],"replies":[{"embeddable":true,"href":"https:\/\/butikhome.pl\/index.php\/wp-json\/wp\/v2\/comments?post=12897"}],"wp:featuredmedia":[{"embeddable":true,"href":"https:\/\/butikhome.pl\/index.php\/wp-json\/wp\/v2\/media\/15590"}],"wp:attachment":[{"href":"https:\/\/butikhome.pl\/index.php\/wp-json\/wp\/v2\/media?parent=12897"}],"wp:term":[{"taxonomy":"product_brand","embeddable":true,"href":"https:\/\/butikhome.pl\/index.php\/wp-json\/wp\/v2\/product_brand?post=12897"},{"taxonomy":"product_cat","embeddable":true,"href":"https:\/\/butikhome.pl\/index.php\/wp-json\/wp\/v2\/product_cat?post=12897"},{"taxonomy":"product_tag","embeddable":true,"href":"https:\/\/butikhome.pl\/index.php\/wp-json\/wp\/v2\/product_tag?post=12897"}],"curies":[{"name":"wp","href":"https:\/\/api.w.org\/{rel}","templated":true}]}}