{"id":12941,"date":"2023-03-29T17:10:23","date_gmt":"2023-03-29T15:10:23","guid":{"rendered":"https:\/\/butikhome.pl\/index.php\/produkt\/biustonosz-eunika-1153\/"},"modified":"2023-06-16T12:24:14","modified_gmt":"2023-06-16T10:24:14","slug":"biustonosz-eunika-1153","status":"publish","type":"product","link":"https:\/\/butikhome.pl\/index.php\/produkt\/biustonosz-eunika-1153\/","title":{"rendered":"Biustonosz Eunika 1153"},"content":{"rendered":"<ul>\n<li>Biustonosz usztywniany<\/li>\n<li>Fiszbiny boczne<\/li>\n<li>Fiszbiny dolne<\/li>\n<li>Koronkowe zdobienia<\/li>\n<li>Modna kolorystyka<\/li>\n<li>Obw\u00f3d biustonosza regulowany<\/li>\n<li>Ozdobna kokarda<\/li>\n<li>Pakowany w pude\u0142ko<\/li>\n<li>Produkt polski<\/li>\n<li>Przy rami\u0105czkach ozdobne kokardki<\/li>\n<li>Przyjemna w dotyku, mi\u0119kka dzianina\/tkanina<\/li>\n<li>Rami\u0105czka regulowane<\/li>\n<li>Wewn\u0119trzna cz\u0119\u015b\u0107 miseczek pokryta bawe\u0142n\u0105<\/li>\n<li>Zbiera piersi z bok\u00f3w do \u015brodka dekoltu<\/li>\n<li>Bawe\u0142na: 18%<\/li>\n<li>Elastan: 10%<\/li>\n<li>Poliamid: 57%<\/li>\n<li>Poliester: 10%<\/li>\n<li>Polipropylen: 5%<\/li>\n<\/ul>\n","protected":false},"excerpt":{"rendered":"<p>Biustonosz usztywniany Fiszbiny boczne Fiszbiny dolne Koronkowe zdobienia Modna kolorystyka Obw\u00f3d biustonosza regulowany Ozdobna kokarda Pakowany w pude\u0142ko Produkt polski Przy rami\u0105czkach ozdobne kokardki Przyjemna w dotyku, mi\u0119kka dzianina\/tkanina Rami\u0105czka regulowane Wewn\u0119trzna cz\u0119\u015b\u0107 miseczek pokryta bawe\u0142n\u0105 Zbiera piersi z bok\u00f3w do \u015brodka dekoltu Bawe\u0142na: 18% Elastan: 10% Poliamid: 57% Poliester: 10% Polipropylen: 5%<\/p>\n","protected":false},"featured_media":15587,"comment_status":"open","ping_status":"closed","template":"","meta":[],"product_brand":[],"product_cat":[1556,1559,1565,1566,1567,1569,1586,629,24],"product_tag":[1482,1484,1489,1490,1491,1493,1505,1912,1835,1913,1911,1875,1603,206,661,1297,1078,1410,664,1622,301,1471],"class_list":{"0":"post-12941","1":"product","2":"type-product","3":"status-publish","4":"has-post-thumbnail","6":"product_cat-75-c","7":"product_cat-75-f","8":"product_cat-80-c","9":"product_cat-80-d","10":"product_cat-80-e","11":"product_cat-80-g","12":"product_cat-90-f","13":"product_cat-biustonosze-podkategoria-do-bielizny","14":"product_cat-produkty","15":"product_tag-75-d","16":"product_tag-75-f","17":"product_tag-80-c","18":"product_tag-80-d","19":"product_tag-80-e","20":"product_tag-80-g","21":"product_tag-90-f","22":"product_tag-biustonosz-eunika-1153","23":"product_tag-biustonosz-usztywniany","24":"product_tag-czarno-bialy","25":"product_tag-czarno-bialy-75-c","26":"product_tag-fiszbiny-boczne-i-dolne","27":"product_tag-gaia","28":"product_tag-koronkowe-zdobienia","29":"product_tag-obwod-biustonosza-regulowany","30":"product_tag-pakowane-w-pudelko","31":"product_tag-polski-produkt","32":"product_tag-przyjemna-i-miekka-tkanina","33":"product_tag-ramiaczka-regulowane","34":"product_tag-wewnetrzna-czesc-miseczek-pokryta-bawelna","35":"product_tag-wysoka-jakosc","36":"product_tag-zbiera-piersi-z-bokow-do-srodka-dekoltu","38":"first","39":"instock","40":"taxable","41":"shipping-taxable","42":"purchasable","43":"product-type-simple"},"_links":{"self":[{"href":"https:\/\/butikhome.pl\/index.php\/wp-json\/wp\/v2\/product\/12941","targetHints":{"allow":["GET"]}}],"collection":[{"href":"https:\/\/butikhome.pl\/index.php\/wp-json\/wp\/v2\/product"}],"about":[{"href":"https:\/\/butikhome.pl\/index.php\/wp-json\/wp\/v2\/types\/product"}],"replies":[{"embeddable":true,"href":"https:\/\/butikhome.pl\/index.php\/wp-json\/wp\/v2\/comments?post=12941"}],"wp:featuredmedia":[{"embeddable":true,"href":"https:\/\/butikhome.pl\/index.php\/wp-json\/wp\/v2\/media\/15587"}],"wp:attachment":[{"href":"https:\/\/butikhome.pl\/index.php\/wp-json\/wp\/v2\/media?parent=12941"}],"wp:term":[{"taxonomy":"product_brand","embeddable":true,"href":"https:\/\/butikhome.pl\/index.php\/wp-json\/wp\/v2\/product_brand?post=12941"},{"taxonomy":"product_cat","embeddable":true,"href":"https:\/\/butikhome.pl\/index.php\/wp-json\/wp\/v2\/product_cat?post=12941"},{"taxonomy":"product_tag","embeddable":true,"href":"https:\/\/butikhome.pl\/index.php\/wp-json\/wp\/v2\/product_tag?post=12941"}],"curies":[{"name":"wp","href":"https:\/\/api.w.org\/{rel}","templated":true}]}}