{"id":13083,"date":"2023-03-29T17:14:52","date_gmt":"2023-03-29T15:14:52","guid":{"rendered":"https:\/\/butikhome.pl\/index.php\/produkt\/biustonosz-isabelle-922\/"},"modified":"2023-06-15T13:50:42","modified_gmt":"2023-06-15T11:50:42","slug":"biustonosz-isabelle-922","status":"publish","type":"product","link":"https:\/\/butikhome.pl\/index.php\/produkt\/biustonosz-isabelle-922\/","title":{"rendered":"Biustonosz Isabelle 922"},"content":{"rendered":"<p><span>\u015aliczny, kobiecy, intensywnie r\u00f3\u017cowy biustonosz w konstrukcji usztywnianej typu Full Cup. Model, kt\u00f3ry dobrze zbiera, modeluje i unosi piersi, tworz\u0105c kusz\u0105cy dekolt. G\u00f3ra wyko\u0144czona na g\u0142adko, d\u00f3\u0142 z jasnym, kwiecistym nadrukiem. Wysoki \u015brodek zapewnia dobre utrzymanie biustu. Miseczki ca\u0142kowicie usztywnione, obw\u00f3d mi\u0119kki, kt\u00f3ry dobrze przylega do cia\u0142a. Sk\u0142ad: 43% poliamid, 30% poliester, 16% bawe\u0142na, 7% elastan, 4% poliuretan. <\/span><\/p>\n<p><span>\u00a0<\/span><\/p>\n","protected":false},"excerpt":{"rendered":"<p>\u015aliczny, kobiecy, intensywnie r\u00f3\u017cowy biustonosz w konstrukcji usztywnianej typu Full Cup. Model, kt\u00f3ry dobrze zbiera, modeluje i unosi piersi, tworz\u0105c kusz\u0105cy dekolt. G\u00f3ra wyko\u0144czona na g\u0142adko, d\u00f3\u0142 z jasnym, kwiecistym nadrukiem. Wysoki \u015brodek zapewnia dobre utrzymanie biustu. Miseczki ca\u0142kowicie usztywnione, obw\u00f3d mi\u0119kki, kt\u00f3ry dobrze przylega do cia\u0142a. Sk\u0142ad: 43% poliamid, 30% poliester, 16% bawe\u0142na, 7% &hellip; <\/p>\n","protected":false},"featured_media":15568,"comment_status":"open","ping_status":"closed","template":"","meta":[],"product_brand":[],"product_cat":[1547,629,24],"product_tag":[1850,1849,1852,1859,1745,1857,1603,1856,1851,671,1855,1848,1858,1854,1390,1078,1754,1853],"class_list":{"0":"post-13083","1":"product","2":"type-product","3":"status-publish","4":"has-post-thumbnail","6":"product_cat-70-c","7":"product_cat-biustonosze-podkategoria-do-bielizny","8":"product_cat-produkty","9":"product_tag-amarantowy","10":"product_tag-biustonosz-isabelle-922-amarantowy","11":"product_tag-biustonosz-typu-full-cup","12":"product_tag-dobrze-przylega-do-ciala","13":"product_tag-dobrze-utrzymuje-biust","14":"product_tag-dol-kwiecisty-nadruk","15":"product_tag-gaia","16":"product_tag-gora-gladka","17":"product_tag-intensywnie-rozowy","18":"product_tag-kobiecy","19":"product_tag-kuszacy-dekolt","20":"product_tag-kwiat-amarantusa-70-c","21":"product_tag-mieczki-usztywnione","22":"product_tag-modeluje-i-unosi-piersi","23":"product_tag-pakowany-w-pudelko","24":"product_tag-polski-produkt","25":"product_tag-usztywniany","26":"product_tag-zbiera-piersi","28":"first","29":"instock","30":"taxable","31":"shipping-taxable","32":"purchasable","33":"product-type-simple"},"_links":{"self":[{"href":"https:\/\/butikhome.pl\/index.php\/wp-json\/wp\/v2\/product\/13083","targetHints":{"allow":["GET"]}}],"collection":[{"href":"https:\/\/butikhome.pl\/index.php\/wp-json\/wp\/v2\/product"}],"about":[{"href":"https:\/\/butikhome.pl\/index.php\/wp-json\/wp\/v2\/types\/product"}],"replies":[{"embeddable":true,"href":"https:\/\/butikhome.pl\/index.php\/wp-json\/wp\/v2\/comments?post=13083"}],"wp:featuredmedia":[{"embeddable":true,"href":"https:\/\/butikhome.pl\/index.php\/wp-json\/wp\/v2\/media\/15568"}],"wp:attachment":[{"href":"https:\/\/butikhome.pl\/index.php\/wp-json\/wp\/v2\/media?parent=13083"}],"wp:term":[{"taxonomy":"product_brand","embeddable":true,"href":"https:\/\/butikhome.pl\/index.php\/wp-json\/wp\/v2\/product_brand?post=13083"},{"taxonomy":"product_cat","embeddable":true,"href":"https:\/\/butikhome.pl\/index.php\/wp-json\/wp\/v2\/product_cat?post=13083"},{"taxonomy":"product_tag","embeddable":true,"href":"https:\/\/butikhome.pl\/index.php\/wp-json\/wp\/v2\/product_tag?post=13083"}],"curies":[{"name":"wp","href":"https:\/\/api.w.org\/{rel}","templated":true}]}}