{"id":13343,"date":"2023-03-29T17:24:47","date_gmt":"2023-03-29T15:24:47","guid":{"rendered":"https:\/\/butikhome.pl\/index.php\/produkt\/biustonosz-maddalena-75\/"},"modified":"2023-06-13T14:26:40","modified_gmt":"2023-06-13T12:26:40","slug":"biustonosz-maddalena-75","status":"publish","type":"product","link":"https:\/\/butikhome.pl\/index.php\/produkt\/biustonosz-maddalena-75\/","title":{"rendered":"Biustonosz Maddalena 75"},"content":{"rendered":"<p><span>Delikatna mikrofibra czyli wygoda i cudowne uczucie przyjemnej dla cia\u0142a tkaniny w biustonoszu, kt\u00f3ry z pewno\u015bci\u0105 znajdzie poparcie u Pa\u0144 o wi\u0119kszym biu\u015bcie. Rami\u0105czka s\u0105 tu uszyte na flisie, a w wi\u0119kszych rozmiarach dodatkowo wzmocnione fiszbinkami. Biustonosz efektownie modeluje dekolt, jest bardzo \u0142adny i w jednolitej, lekko pob\u0142yskuj\u0105cej tonacji kolorystycznej.<\/span><\/p>\n","protected":false},"excerpt":{"rendered":"<p>Delikatna mikrofibra czyli wygoda i cudowne uczucie przyjemnej dla cia\u0142a tkaniny w biustonoszu, kt\u00f3ry z pewno\u015bci\u0105 znajdzie poparcie u Pa\u0144 o wi\u0119kszym biu\u015bcie. Rami\u0105czka s\u0105 tu uszyte na flisie, a w wi\u0119kszych rozmiarach dodatkowo wzmocnione fiszbinkami. Biustonosz efektownie modeluje dekolt, jest bardzo \u0142adny i w jednolitej, lekko pob\u0142yskuj\u0105cej tonacji kolorystycznej.<\/p>\n","protected":false},"featured_media":15533,"comment_status":"open","ping_status":"closed","template":"","meta":[],"product_brand":[],"product_cat":[629,24],"product_tag":[1606,1610,1611,666,1751,1599,1482,1483,1484,1485,1486,1488,1489,1490,1491,1492,1493,1494,1495,1496,1497,1498,1499,1500,1501,1502,1503,1504,1505,1506,1507,1508,1509,1760,1615,1762,728,681,260,1618,1765,1764,663,660,1480,661,1390,1763,1078,1404,1761,1754,301],"class_list":{"0":"post-13343","1":"product","2":"type-product","3":"status-publish","4":"has-post-thumbnail","6":"product_cat-biustonosze-podkategoria-do-bielizny","7":"product_cat-produkty","8":"product_tag-70-f","9":"product_tag-70-g","10":"product_tag-70-h","11":"product_tag-70f","12":"product_tag-75-b","13":"product_tag-75-c","14":"product_tag-75-d","15":"product_tag-75-e","16":"product_tag-75-f","17":"product_tag-75-g","18":"product_tag-75-h","19":"product_tag-80-b","20":"product_tag-80-c","21":"product_tag-80-d","22":"product_tag-80-e","23":"product_tag-80-f","24":"product_tag-80-g","25":"product_tag-80-h","26":"product_tag-85-b","27":"product_tag-85-c","28":"product_tag-85-d","29":"product_tag-85-e","30":"product_tag-85-f","31":"product_tag-85-g","32":"product_tag-90-b","33":"product_tag-90-c","34":"product_tag-90-d","35":"product_tag-90-e","36":"product_tag-90-f","37":"product_tag-95-b","38":"product_tag-95-c","39":"product_tag-95-d","40":"product_tag-95-e","41":"product_tag-95-e-czarny-70-d","42":"product_tag-bezowy","43":"product_tag-biustonosz-maddalena-75-bezowy","44":"product_tag-delikatna-mikrofibra","45":"product_tag-fiszbiny-dolne","46":"product_tag-gladki-przod","47":"product_tag-glebokie-wygodne-miseczki","48":"product_tag-jednolity","49":"product_tag-lekko-polyskujaca-tonacja-kolorystyczna","50":"product_tag-miekka-dzianina","51":"product_tag-na-wiekszy-biust","52":"product_tag-nieodpinane-ramiaczka","53":"product_tag-obwod-biustonosza-regulowany","54":"product_tag-pakowany-w-pudelko","55":"product_tag-pieknie-modeluje-dekold","56":"product_tag-polski-produkt","57":"product_tag-przyjemna-tkanina-w-dotyku","58":"product_tag-ramiaczka-uszyte-na-flisie","59":"product_tag-usztywniany","60":"product_tag-wysoka-jakosc","62":"first","63":"instock","64":"taxable","65":"shipping-taxable","66":"purchasable","67":"product-type-simple"},"_links":{"self":[{"href":"https:\/\/butikhome.pl\/index.php\/wp-json\/wp\/v2\/product\/13343","targetHints":{"allow":["GET"]}}],"collection":[{"href":"https:\/\/butikhome.pl\/index.php\/wp-json\/wp\/v2\/product"}],"about":[{"href":"https:\/\/butikhome.pl\/index.php\/wp-json\/wp\/v2\/types\/product"}],"replies":[{"embeddable":true,"href":"https:\/\/butikhome.pl\/index.php\/wp-json\/wp\/v2\/comments?post=13343"}],"wp:featuredmedia":[{"embeddable":true,"href":"https:\/\/butikhome.pl\/index.php\/wp-json\/wp\/v2\/media\/15533"}],"wp:attachment":[{"href":"https:\/\/butikhome.pl\/index.php\/wp-json\/wp\/v2\/media?parent=13343"}],"wp:term":[{"taxonomy":"product_brand","embeddable":true,"href":"https:\/\/butikhome.pl\/index.php\/wp-json\/wp\/v2\/product_brand?post=13343"},{"taxonomy":"product_cat","embeddable":true,"href":"https:\/\/butikhome.pl\/index.php\/wp-json\/wp\/v2\/product_cat?post=13343"},{"taxonomy":"product_tag","embeddable":true,"href":"https:\/\/butikhome.pl\/index.php\/wp-json\/wp\/v2\/product_tag?post=13343"}],"curies":[{"name":"wp","href":"https:\/\/api.w.org\/{rel}","templated":true}]}}