{"id":13551,"date":"2023-03-29T17:33:22","date_gmt":"2023-03-29T15:33:22","guid":{"rendered":"https:\/\/butikhome.pl\/index.php\/produkt\/biustonosz-nancy-059\/"},"modified":"2023-06-13T13:32:00","modified_gmt":"2023-06-13T11:32:00","slug":"biustonosz-nancy-059","status":"publish","type":"product","link":"https:\/\/butikhome.pl\/index.php\/produkt\/biustonosz-nancy-059\/","title":{"rendered":"Biustonosz Nancy 059"},"content":{"rendered":"<p><span>Bia\u0142y, mi\u0119kki biustonosz, kt\u00f3ry z pewno\u015bci\u0105 doceni\u0105 Panie o wi\u0119kszym biu\u015bcie. Wykonany z przyjemnej w dotyku tkaniny, dobrze utrzymuje biust, jednocze\u015bnie go modeluj\u0105c. Odpowiednia konstrukcja i nieco grubsze rami\u0105czka podtrzymuj\u0105 nawet bardzo du\u017ce piersi. Prze\u015bwituj\u0105ca, haftowana wstawka dodaje ca\u0142o\u015bci gracji.<\/span><\/p>\n","protected":false},"excerpt":{"rendered":"<p>Bia\u0142y, mi\u0119kki biustonosz, kt\u00f3ry z pewno\u015bci\u0105 doceni\u0105 Panie o wi\u0119kszym biu\u015bcie. Wykonany z przyjemnej w dotyku tkaniny, dobrze utrzymuje biust, jednocze\u015bnie go modeluj\u0105c. Odpowiednia konstrukcja i nieco grubsze rami\u0105czka podtrzymuj\u0105 nawet bardzo du\u017ce piersi. Prze\u015bwituj\u0105ca, haftowana wstawka dodaje ca\u0142o\u015bci gracji.<\/p>\n","protected":false},"featured_media":15524,"comment_status":"open","ping_status":"closed","template":"","meta":[],"product_brand":[],"product_cat":[1553,629,24],"product_tag":[1742,672,1743,1745,1603,1747,1748,676,660,1746,1749,1744],"class_list":{"0":"post-13551","1":"product","2":"type-product","3":"status-publish","4":"has-post-thumbnail","6":"product_cat-70-i","7":"product_cat-biustonosze-podkategoria-do-bielizny","8":"product_cat-produkty","9":"product_tag-70i","10":"product_tag-bialy","11":"product_tag-biustonosz-nancy-059-bialy","12":"product_tag-dobrze-utrzymuje-biust","13":"product_tag-gaia","14":"product_tag-grubsze-ramiaczka","15":"product_tag-haftowana-wstawka","16":"product_tag-modeluje-biust","17":"product_tag-na-wiekszy-biust","18":"product_tag-odpowiednia-konstrukcja-biustonosza","19":"product_tag-przeswituaca-koronka","20":"product_tag-przyjemna-tkanina","22":"first","23":"instock","24":"sale","25":"taxable","26":"shipping-taxable","27":"purchasable","28":"product-type-simple"},"_links":{"self":[{"href":"https:\/\/butikhome.pl\/index.php\/wp-json\/wp\/v2\/product\/13551","targetHints":{"allow":["GET"]}}],"collection":[{"href":"https:\/\/butikhome.pl\/index.php\/wp-json\/wp\/v2\/product"}],"about":[{"href":"https:\/\/butikhome.pl\/index.php\/wp-json\/wp\/v2\/types\/product"}],"replies":[{"embeddable":true,"href":"https:\/\/butikhome.pl\/index.php\/wp-json\/wp\/v2\/comments?post=13551"}],"wp:featuredmedia":[{"embeddable":true,"href":"https:\/\/butikhome.pl\/index.php\/wp-json\/wp\/v2\/media\/15524"}],"wp:attachment":[{"href":"https:\/\/butikhome.pl\/index.php\/wp-json\/wp\/v2\/media?parent=13551"}],"wp:term":[{"taxonomy":"product_brand","embeddable":true,"href":"https:\/\/butikhome.pl\/index.php\/wp-json\/wp\/v2\/product_brand?post=13551"},{"taxonomy":"product_cat","embeddable":true,"href":"https:\/\/butikhome.pl\/index.php\/wp-json\/wp\/v2\/product_cat?post=13551"},{"taxonomy":"product_tag","embeddable":true,"href":"https:\/\/butikhome.pl\/index.php\/wp-json\/wp\/v2\/product_tag?post=13551"}],"curies":[{"name":"wp","href":"https:\/\/api.w.org\/{rel}","templated":true}]}}