{"id":13581,"date":"2023-03-29T17:34:31","date_gmt":"2023-03-29T15:34:31","guid":{"rendered":"https:\/\/butikhome.pl\/index.php\/produkt\/biustonosz-patricia-1062m\/"},"modified":"2023-06-13T12:12:46","modified_gmt":"2023-06-13T10:12:46","slug":"biustonosz-patricia-1062m","status":"publish","type":"product","link":"https:\/\/butikhome.pl\/index.php\/produkt\/biustonosz-patricia-1062m\/","title":{"rendered":"Biustonosz Patricia 1062M"},"content":{"rendered":"<ul>\n<li>Biustonosz p\u00f3\u0142usztywniany<\/li>\n<li>Fiszbiny dolne<\/li>\n<li>G\u0142\u0119bokie, wygodne miseczki<\/li>\n<li>Na wi\u0119ksze biusty<\/li>\n<li>Nieodpinane rami\u0105czka<\/li>\n<li>Obw\u00f3d biustonosza regulowany<\/li>\n<li>Ozdobna kokarda<\/li>\n<li>Pakowany w pude\u0142ko<\/li>\n<li>Produkt polski<\/li>\n<li>Przyjemna w dotyku, mi\u0119kka dzianina\/tkanina<\/li>\n<li>Rami\u0105czka regulowane<\/li>\n<li>Rami\u0105czka szersze, dopasowane do rozmiaru<\/li>\n<li>Wysoka jako\u015b\u0107<\/li>\n<li>Zbiera piersi z bok\u00f3w do \u015brodka dekoltu<\/li>\n<li>Bawe\u0142na: 4%<\/li>\n<li>Elastan: 6%<\/li>\n<li>Poliamid: 37%<\/li>\n<li>Poliester: 40%<\/li>\n<li>Polipropylen: 3%<\/li>\n<\/ul>\n","protected":false},"excerpt":{"rendered":"<p>Biustonosz p\u00f3\u0142usztywniany Fiszbiny dolne G\u0142\u0119bokie, wygodne miseczki Na wi\u0119ksze biusty Nieodpinane rami\u0105czka Obw\u00f3d biustonosza regulowany Ozdobna kokarda Pakowany w pude\u0142ko Produkt polski Przyjemna w dotyku, mi\u0119kka dzianina\/tkanina Rami\u0105czka regulowane Rami\u0105czka szersze, dopasowane do rozmiaru Wysoka jako\u015b\u0107 Zbiera piersi z bok\u00f3w do \u015brodka dekoltu Bawe\u0142na: 4% Elastan: 6% Poliamid: 37% Poliester: 40% Polipropylen: 3%<\/p>\n","protected":false},"featured_media":15517,"comment_status":"open","ping_status":"closed","template":"","meta":[],"product_brand":[],"product_cat":[629,24],"product_tag":[343,1615,1727,667,681,1603,1618,1621,1601,1480,661,1620,1390,388,1341,664,1728,1726,301,1471],"class_list":{"0":"post-13581","1":"product","2":"type-product","3":"status-publish","4":"has-post-thumbnail","6":"product_cat-biustonosze-podkategoria-do-bielizny","7":"product_cat-produkty","8":"product_tag-azurowe-zdobienia","9":"product_tag-bezowy","10":"product_tag-biustonosz-patricia-1062m","11":"product_tag-biustonosz-polusztywniany","12":"product_tag-fiszbiny-dolne","13":"product_tag-gaia","14":"product_tag-glebokie-wygodne-miseczki","15":"product_tag-miekka-dzianina-tkanina","16":"product_tag-na-wieksze-biusty","17":"product_tag-nieodpinane-ramiaczka","18":"product_tag-obwod-biustonosza-regulowany","19":"product_tag-ozdobna-kokarda","20":"product_tag-pakowany-w-pudelko","21":"product_tag-produkt-polski","22":"product_tag-przyjemna-w-dotyku","23":"product_tag-ramiaczka-regulowane","24":"product_tag-ramiaczka-szersze-dopasowane-do-rozmiaru","25":"product_tag-szafirowa-laka-100-h","26":"product_tag-wysoka-jakosc","27":"product_tag-zbiera-piersi-z-bokow-do-srodka-dekoltu","29":"first","30":"instock","31":"taxable","32":"shipping-taxable","33":"purchasable","34":"product-type-simple"},"_links":{"self":[{"href":"https:\/\/butikhome.pl\/index.php\/wp-json\/wp\/v2\/product\/13581","targetHints":{"allow":["GET"]}}],"collection":[{"href":"https:\/\/butikhome.pl\/index.php\/wp-json\/wp\/v2\/product"}],"about":[{"href":"https:\/\/butikhome.pl\/index.php\/wp-json\/wp\/v2\/types\/product"}],"replies":[{"embeddable":true,"href":"https:\/\/butikhome.pl\/index.php\/wp-json\/wp\/v2\/comments?post=13581"}],"wp:featuredmedia":[{"embeddable":true,"href":"https:\/\/butikhome.pl\/index.php\/wp-json\/wp\/v2\/media\/15517"}],"wp:attachment":[{"href":"https:\/\/butikhome.pl\/index.php\/wp-json\/wp\/v2\/media?parent=13581"}],"wp:term":[{"taxonomy":"product_brand","embeddable":true,"href":"https:\/\/butikhome.pl\/index.php\/wp-json\/wp\/v2\/product_brand?post=13581"},{"taxonomy":"product_cat","embeddable":true,"href":"https:\/\/butikhome.pl\/index.php\/wp-json\/wp\/v2\/product_cat?post=13581"},{"taxonomy":"product_tag","embeddable":true,"href":"https:\/\/butikhome.pl\/index.php\/wp-json\/wp\/v2\/product_tag?post=13581"}],"curies":[{"name":"wp","href":"https:\/\/api.w.org\/{rel}","templated":true}]}}