{"id":13980,"date":"2023-03-29T18:54:02","date_gmt":"2023-03-29T16:54:02","guid":{"rendered":"https:\/\/butikhome.pl\/index.php\/produkt\/figi-luna-1149p\/"},"modified":"2023-07-05T15:55:24","modified_gmt":"2023-07-05T13:55:24","slug":"figi-luna-1149p","status":"publish","type":"product","link":"https:\/\/butikhome.pl\/index.php\/produkt\/figi-luna-1149p\/","title":{"rendered":"Figi Luna 1149P"},"content":{"rendered":"<p>    -G\u0142adki ty\u0142<br \/>\n    -Klasyczny kr\u00f3j majteczek<br \/>\n    -Koronkowe zdobienia<br \/>\n    -Kr\u00f3j, kt\u00f3ry podkre\u015bla sylwetk\u0119<br \/>\n    -Majteczki o komfortowym kroju<br \/>\n    -Majteczki typu figi<br \/>\n    -Pakowany w pude\u0142ko<br \/>\n    -Produkt polski<br \/>\n    -Przyjemna w dotyku, mi\u0119kka dzianina\/tkanina<br \/>\n    -Siateczkowe zdobienia<br \/>\n    -W pasie ozdobna kokardka<br \/>\n    -Wewn\u0105trz bawe\u0142niana wk\u0142adka<br \/>\n    -Wysoka jako\u015b\u0107<br \/>\n    -Bawe\u0142na: 5%<br \/>\n    -Elastan: 15%<br \/>\n    -Poliamid: 60%<br \/>\n    -Poliester: 20%<\/p>\n","protected":false},"excerpt":{"rendered":"<p>-G\u0142adki ty\u0142 -Klasyczny kr\u00f3j majteczek -Koronkowe zdobienia -Kr\u00f3j, kt\u00f3ry podkre\u015bla sylwetk\u0119 -Majteczki o komfortowym kroju -Majteczki typu figi -Pakowany w pude\u0142ko -Produkt polski -Przyjemna w dotyku, mi\u0119kka dzianina\/tkanina -Siateczkowe zdobienia -W pasie ozdobna kokardka -Wewn\u0105trz bawe\u0142niana wk\u0142adka -Wysoka jako\u015b\u0107 -Bawe\u0142na: 5% -Elastan: 15% -Poliamid: 60% -Poliester: 20%<\/p>\n","protected":false},"featured_media":15766,"comment_status":"open","ping_status":"closed","template":"","meta":[],"product_brand":[],"product_cat":[29,48,24,40,43,44],"product_tag":[2293,1603,125,1768,2292,1337,561,206,385,1434,386,1297,1078,1679,665,2294,1398,1305,301,2266,2267],"class_list":{"0":"post-13980","1":"product","2":"type-product","3":"status-publish","4":"has-post-thumbnail","6":"product_cat-bielizna","7":"product_cat-majtki-podkategoria-do-bielizny","8":"product_cat-produkty","9":"product_cat-m","10":"product_cat-2xl","11":"product_cat-3xl","12":"product_tag-figi-luna-1149p-granatowy","13":"product_tag-gaia","14":"product_tag-gladki-tyl","15":"product_tag-granatowy","16":"product_tag-granatowy-m","17":"product_tag-klasyczny-kroj-majtek","18":"product_tag-koronka-po-bokach","19":"product_tag-koronkowe-zdobienia","20":"product_tag-kroj-ktory-podkresla-sylwetke","21":"product_tag-majteczki-o-komfortowym-kroju","22":"product_tag-majteczki-typu-figi","23":"product_tag-pakowane-w-pudelko","24":"product_tag-polski-produkt","25":"product_tag-przyjemna-w-dotyku-miekka-dzianina-tkanina","26":"product_tag-siateczkowe-zdobienia","27":"product_tag-w-komplecie-z-biustonoszem-luna-1149p","28":"product_tag-w-pasie-ozdobna-kokardka","29":"product_tag-wewnatrz-bawelniana-wkladka","30":"product_tag-wysoka-jakosc","31":"product_tag-xxl","32":"product_tag-xxxl","34":"first","35":"instock","36":"taxable","37":"shipping-taxable","38":"purchasable","39":"product-type-simple"},"_links":{"self":[{"href":"https:\/\/butikhome.pl\/index.php\/wp-json\/wp\/v2\/product\/13980","targetHints":{"allow":["GET"]}}],"collection":[{"href":"https:\/\/butikhome.pl\/index.php\/wp-json\/wp\/v2\/product"}],"about":[{"href":"https:\/\/butikhome.pl\/index.php\/wp-json\/wp\/v2\/types\/product"}],"replies":[{"embeddable":true,"href":"https:\/\/butikhome.pl\/index.php\/wp-json\/wp\/v2\/comments?post=13980"}],"wp:featuredmedia":[{"embeddable":true,"href":"https:\/\/butikhome.pl\/index.php\/wp-json\/wp\/v2\/media\/15766"}],"wp:attachment":[{"href":"https:\/\/butikhome.pl\/index.php\/wp-json\/wp\/v2\/media?parent=13980"}],"wp:term":[{"taxonomy":"product_brand","embeddable":true,"href":"https:\/\/butikhome.pl\/index.php\/wp-json\/wp\/v2\/product_brand?post=13980"},{"taxonomy":"product_cat","embeddable":true,"href":"https:\/\/butikhome.pl\/index.php\/wp-json\/wp\/v2\/product_cat?post=13980"},{"taxonomy":"product_tag","embeddable":true,"href":"https:\/\/butikhome.pl\/index.php\/wp-json\/wp\/v2\/product_tag?post=13980"}],"curies":[{"name":"wp","href":"https:\/\/api.w.org\/{rel}","templated":true}]}}