{"id":14076,"date":"2023-03-29T18:57:15","date_gmt":"2023-03-29T16:57:15","guid":{"rendered":"https:\/\/butikhome.pl\/index.php\/produkt\/figi-beverly-156-czarne\/"},"modified":"2023-06-02T10:32:10","modified_gmt":"2023-06-02T08:32:10","slug":"figi-beverly-156-czarne","status":"publish","type":"product","link":"https:\/\/butikhome.pl\/index.php\/produkt\/figi-beverly-156-czarne\/","title":{"rendered":"Figi Beverly 156 Czarne"},"content":{"rendered":"<p>Subtelne figi wykonane z po\u0142\u0105czenia kwiecistej, elastycznej koronki i g\u0142adkiej bawe\u0142ny. G\u00f3ra koronkowa, z lekkim efektem prze\u015bwitu. D\u00f3\u0142 kryj\u0105cy, zdobiony kokardk\u0105 z przodu. Sk\u0142ad: 95% bawe\u0142na, 5% elastan.<\/p>\n","protected":false},"excerpt":{"rendered":"<p>Subtelne figi wykonane z po\u0142\u0105czenia kwiecistej, elastycznej koronki i g\u0142adkiej bawe\u0142ny. G\u00f3ra koronkowa, z lekkim efektem prze\u015bwitu. D\u00f3\u0142 kryj\u0105cy, zdobiony kokardk\u0105 z przodu. Sk\u0142ad: 95% bawe\u0142na, 5% elastan.<\/p>\n","protected":false},"featured_media":15397,"comment_status":"open","ping_status":"closed","template":"","meta":[],"product_brand":[],"product_cat":[48,24,41,40,39,42],"product_tag":[708,709,710,736,70,52,1454,648,125,81,206,505],"class_list":{"0":"post-14076","1":"product","2":"type-product","3":"status-publish","4":"has-post-thumbnail","6":"product_cat-majtki-podkategoria-do-bielizny","7":"product_cat-produkty","8":"product_cat-l","9":"product_cat-m","10":"product_cat-s","11":"product_cat-xl","12":"product_tag-2-s","13":"product_tag-3-m","14":"product_tag-4-l","15":"product_tag-5-xl","16":"product_tag-bawelniane","17":"product_tag-czarne","18":"product_tag-figi-beverly-156-czarne","19":"product_tag-gabidar","20":"product_tag-gladki-tyl","21":"product_tag-kobiece","22":"product_tag-koronkowe-zdobienia","23":"product_tag-kwiecista-koronka","25":"first","26":"instock","27":"taxable","28":"shipping-taxable","29":"purchasable","30":"product-type-simple"},"_links":{"self":[{"href":"https:\/\/butikhome.pl\/index.php\/wp-json\/wp\/v2\/product\/14076","targetHints":{"allow":["GET"]}}],"collection":[{"href":"https:\/\/butikhome.pl\/index.php\/wp-json\/wp\/v2\/product"}],"about":[{"href":"https:\/\/butikhome.pl\/index.php\/wp-json\/wp\/v2\/types\/product"}],"replies":[{"embeddable":true,"href":"https:\/\/butikhome.pl\/index.php\/wp-json\/wp\/v2\/comments?post=14076"}],"wp:featuredmedia":[{"embeddable":true,"href":"https:\/\/butikhome.pl\/index.php\/wp-json\/wp\/v2\/media\/15397"}],"wp:attachment":[{"href":"https:\/\/butikhome.pl\/index.php\/wp-json\/wp\/v2\/media?parent=14076"}],"wp:term":[{"taxonomy":"product_brand","embeddable":true,"href":"https:\/\/butikhome.pl\/index.php\/wp-json\/wp\/v2\/product_brand?post=14076"},{"taxonomy":"product_cat","embeddable":true,"href":"https:\/\/butikhome.pl\/index.php\/wp-json\/wp\/v2\/product_cat?post=14076"},{"taxonomy":"product_tag","embeddable":true,"href":"https:\/\/butikhome.pl\/index.php\/wp-json\/wp\/v2\/product_tag?post=14076"}],"curies":[{"name":"wp","href":"https:\/\/api.w.org\/{rel}","templated":true}]}}