{"id":14176,"date":"2023-03-29T19:01:06","date_gmt":"2023-03-29T17:01:06","guid":{"rendered":"https:\/\/butikhome.pl\/index.php\/produkt\/figi-mona-139-biale\/"},"modified":"2023-05-29T15:49:05","modified_gmt":"2023-05-29T13:49:05","slug":"figi-mona-139-biale","status":"publish","type":"product","link":"https:\/\/butikhome.pl\/index.php\/produkt\/figi-mona-139-biale\/","title":{"rendered":"Figi Mona 139 Bia\u0142e"},"content":{"rendered":"<p>Gustowne figi wykonane z najwy\u017cszej gatunkowo bawe\u0142ny, znanej, polskiej marki Gabidar. G\u0142adkie, z koronkowymi akcentami po bokach. Sk\u0142ad: 95% bawe\u0142na, 5% elastan. <\/p>\n","protected":false},"excerpt":{"rendered":"<p>Gustowne figi wykonane z najwy\u017cszej gatunkowo bawe\u0142ny, znanej, polskiej marki Gabidar. G\u0142adkie, z koronkowymi akcentami po bokach. Sk\u0142ad: 95% bawe\u0142na, 5% elastan.<\/p>\n","protected":false},"featured_media":15378,"comment_status":"open","ping_status":"closed","template":"","meta":[],"product_brand":[],"product_cat":[48,24,41,40,42,43],"product_tag":[709,710,736,768,408,1423,648,51,1424,206,386,644,271],"class_list":{"0":"post-14176","1":"product","2":"type-product","3":"status-publish","4":"has-post-thumbnail","6":"product_cat-majtki-podkategoria-do-bielizny","7":"product_cat-produkty","8":"product_cat-l","9":"product_cat-m","10":"product_cat-xl","11":"product_cat-2xl","12":"product_tag-3-m","13":"product_tag-4-l","14":"product_tag-5-xl","15":"product_tag-6-xxl","16":"product_tag-biale","17":"product_tag-figi-mona-139-biale","18":"product_tag-gabidar","19":"product_tag-gladkie","20":"product_tag-klayczny-kroj","21":"product_tag-koronkowe-zdobienia","22":"product_tag-majteczki-typu-figi","23":"product_tag-polski-producent","24":"product_tag-wysokogatunkowa-bawelna","26":"first","27":"instock","28":"taxable","29":"shipping-taxable","30":"purchasable","31":"product-type-simple"},"_links":{"self":[{"href":"https:\/\/butikhome.pl\/index.php\/wp-json\/wp\/v2\/product\/14176","targetHints":{"allow":["GET"]}}],"collection":[{"href":"https:\/\/butikhome.pl\/index.php\/wp-json\/wp\/v2\/product"}],"about":[{"href":"https:\/\/butikhome.pl\/index.php\/wp-json\/wp\/v2\/types\/product"}],"replies":[{"embeddable":true,"href":"https:\/\/butikhome.pl\/index.php\/wp-json\/wp\/v2\/comments?post=14176"}],"wp:featuredmedia":[{"embeddable":true,"href":"https:\/\/butikhome.pl\/index.php\/wp-json\/wp\/v2\/media\/15378"}],"wp:attachment":[{"href":"https:\/\/butikhome.pl\/index.php\/wp-json\/wp\/v2\/media?parent=14176"}],"wp:term":[{"taxonomy":"product_brand","embeddable":true,"href":"https:\/\/butikhome.pl\/index.php\/wp-json\/wp\/v2\/product_brand?post=14176"},{"taxonomy":"product_cat","embeddable":true,"href":"https:\/\/butikhome.pl\/index.php\/wp-json\/wp\/v2\/product_cat?post=14176"},{"taxonomy":"product_tag","embeddable":true,"href":"https:\/\/butikhome.pl\/index.php\/wp-json\/wp\/v2\/product_tag?post=14176"}],"curies":[{"name":"wp","href":"https:\/\/api.w.org\/{rel}","templated":true}]}}