{"id":14195,"date":"2023-03-29T19:01:51","date_gmt":"2023-03-29T17:01:51","guid":{"rendered":"https:\/\/butikhome.pl\/index.php\/produkt\/figi-montana-199-biale\/"},"modified":"2023-05-29T15:15:28","modified_gmt":"2023-05-29T13:15:28","slug":"figi-montana-199-biale","status":"publish","type":"product","link":"https:\/\/butikhome.pl\/index.php\/produkt\/figi-montana-199-biale\/","title":{"rendered":"Figi Montana 199 Bia\u0142e"},"content":{"rendered":"<ul>\n<li>Produkt polski<\/li>\n<li>Siateczkowe zdobienia<\/li>\n<li>W pasie ozdobna kokardka<\/li>\n<li>Wewn\u0105trz bawe\u0142niana wk\u0142adka<\/li>\n<li>Wykonana z elastycznego materia\u0142u<\/li>\n<li>Wysoka jako\u015b\u0107<\/li>\n<li>Zdobienia bi\u017cuteryjne<\/li>\n<li>Bawe\u0142na: 95%<\/li>\n<li>Elastan: 5%<\/li>\n<\/ul>\n","protected":false},"excerpt":{"rendered":"<p>Produkt polski Siateczkowe zdobienia W pasie ozdobna kokardka Wewn\u0105trz bawe\u0142niana wk\u0142adka Wykonana z elastycznego materia\u0142u Wysoka jako\u015b\u0107 Zdobienia bi\u017cuteryjne Bawe\u0142na: 95% Elastan: 5%<\/p>\n","protected":false},"featured_media":15374,"comment_status":"open","ping_status":"closed","template":"","meta":[],"product_brand":[],"product_cat":[48,24,41,40,42],"product_tag":[709,710,736,1338,408,1418,648,386,388,665,301,1339,1293],"class_list":{"0":"post-14195","1":"product","2":"type-product","3":"status-publish","4":"has-post-thumbnail","6":"product_cat-majtki-podkategoria-do-bielizny","7":"product_cat-produkty","8":"product_cat-l","9":"product_cat-m","10":"product_cat-xl","11":"product_tag-3-m","12":"product_tag-4-l","13":"product_tag-5-xl","14":"product_tag-bawelniana-wkladka","15":"product_tag-biale","16":"product_tag-figi-montana-199-biale","17":"product_tag-gabidar","18":"product_tag-majteczki-typu-figi","19":"product_tag-produkt-polski","20":"product_tag-siateczkowe-zdobienia","21":"product_tag-wysoka-jakosc","22":"product_tag-z-elastycznego-materialu","23":"product_tag-zdobienia-bizuteryjne","25":"first","26":"instock","27":"taxable","28":"shipping-taxable","29":"purchasable","30":"product-type-simple"},"_links":{"self":[{"href":"https:\/\/butikhome.pl\/index.php\/wp-json\/wp\/v2\/product\/14195","targetHints":{"allow":["GET"]}}],"collection":[{"href":"https:\/\/butikhome.pl\/index.php\/wp-json\/wp\/v2\/product"}],"about":[{"href":"https:\/\/butikhome.pl\/index.php\/wp-json\/wp\/v2\/types\/product"}],"replies":[{"embeddable":true,"href":"https:\/\/butikhome.pl\/index.php\/wp-json\/wp\/v2\/comments?post=14195"}],"wp:featuredmedia":[{"embeddable":true,"href":"https:\/\/butikhome.pl\/index.php\/wp-json\/wp\/v2\/media\/15374"}],"wp:attachment":[{"href":"https:\/\/butikhome.pl\/index.php\/wp-json\/wp\/v2\/media?parent=14195"}],"wp:term":[{"taxonomy":"product_brand","embeddable":true,"href":"https:\/\/butikhome.pl\/index.php\/wp-json\/wp\/v2\/product_brand?post=14195"},{"taxonomy":"product_cat","embeddable":true,"href":"https:\/\/butikhome.pl\/index.php\/wp-json\/wp\/v2\/product_cat?post=14195"},{"taxonomy":"product_tag","embeddable":true,"href":"https:\/\/butikhome.pl\/index.php\/wp-json\/wp\/v2\/product_tag?post=14195"}],"curies":[{"name":"wp","href":"https:\/\/api.w.org\/{rel}","templated":true}]}}