{"id":14297,"date":"2023-03-29T19:06:08","date_gmt":"2023-03-29T17:06:08","guid":{"rendered":"https:\/\/butikhome.pl\/index.php\/produkt\/figi-santi-165-biale\/"},"modified":"2023-05-26T13:34:03","modified_gmt":"2023-05-26T11:34:03","slug":"figi-santi-165-biale","status":"publish","type":"product","link":"https:\/\/butikhome.pl\/index.php\/produkt\/figi-santi-165-biale\/","title":{"rendered":"Figi Santi 165 Bia\u0142e"},"content":{"rendered":"<p>    -Majteczki typu figi<br \/>\n    -Pakowany w pude\u0142ko<br \/>\n    -Produkt polski<br \/>\n    -Siateczkowe zdobienia<br \/>\n    -Wewn\u0105trz bawe\u0142niana wk\u0142adka<br \/>\n    -Wykonana z elastycznego materia\u0142u<br \/>\n    -Wykonana z eleganckiej koronki<br \/>\n    -Bawe\u0142na: 95%<br \/>\n    -Elastan: 5%<\/p>\n","protected":false},"excerpt":{"rendered":"<p>-Majteczki typu figi -Pakowany w pude\u0142ko -Produkt polski -Siateczkowe zdobienia -Wewn\u0105trz bawe\u0142niana wk\u0142adka -Wykonana z elastycznego materia\u0142u -Wykonana z eleganckiej koronki -Bawe\u0142na: 95% -Elastan: 5%<\/p>\n","protected":false},"featured_media":15345,"comment_status":"open","ping_status":"closed","template":"","meta":[],"product_brand":[],"product_cat":[48,24,39,42],"product_tag":[708,736,1374,408,597,1373,648,57,1297,388,665,1339],"class_list":{"0":"post-14297","1":"product","2":"type-product","3":"status-publish","4":"has-post-thumbnail","6":"product_cat-majtki-podkategoria-do-bielizny","7":"product_cat-produkty","8":"product_cat-s","9":"product_cat-xl","10":"product_tag-2-s","11":"product_tag-5-xl","12":"product_tag-baewlniana-wkladka","13":"product_tag-biale","14":"product_tag-elegancka-koronka","15":"product_tag-figi-santi-165-biale","16":"product_tag-gabidar","17":"product_tag-majtki-typu-figi","18":"product_tag-pakowane-w-pudelko","19":"product_tag-produkt-polski","20":"product_tag-siateczkowe-zdobienia","21":"product_tag-z-elastycznego-materialu","23":"first","24":"instock","25":"taxable","26":"shipping-taxable","27":"purchasable","28":"product-type-simple"},"_links":{"self":[{"href":"https:\/\/butikhome.pl\/index.php\/wp-json\/wp\/v2\/product\/14297","targetHints":{"allow":["GET"]}}],"collection":[{"href":"https:\/\/butikhome.pl\/index.php\/wp-json\/wp\/v2\/product"}],"about":[{"href":"https:\/\/butikhome.pl\/index.php\/wp-json\/wp\/v2\/types\/product"}],"replies":[{"embeddable":true,"href":"https:\/\/butikhome.pl\/index.php\/wp-json\/wp\/v2\/comments?post=14297"}],"wp:featuredmedia":[{"embeddable":true,"href":"https:\/\/butikhome.pl\/index.php\/wp-json\/wp\/v2\/media\/15345"}],"wp:attachment":[{"href":"https:\/\/butikhome.pl\/index.php\/wp-json\/wp\/v2\/media?parent=14297"}],"wp:term":[{"taxonomy":"product_brand","embeddable":true,"href":"https:\/\/butikhome.pl\/index.php\/wp-json\/wp\/v2\/product_brand?post=14297"},{"taxonomy":"product_cat","embeddable":true,"href":"https:\/\/butikhome.pl\/index.php\/wp-json\/wp\/v2\/product_cat?post=14297"},{"taxonomy":"product_tag","embeddable":true,"href":"https:\/\/butikhome.pl\/index.php\/wp-json\/wp\/v2\/product_tag?post=14297"}],"curies":[{"name":"wp","href":"https:\/\/api.w.org\/{rel}","templated":true}]}}