{"id":14484,"date":"2023-03-29T19:14:57","date_gmt":"2023-03-29T17:14:57","guid":{"rendered":"https:\/\/butikhome.pl\/index.php\/produkt\/stringi-amita-143-biale\/"},"modified":"2023-05-25T14:12:59","modified_gmt":"2023-05-25T12:12:59","slug":"stringi-amita-143-biale","status":"publish","type":"product","link":"https:\/\/butikhome.pl\/index.php\/produkt\/stringi-amita-143-biale\/","title":{"rendered":"Stringi Amita 143 Bia\u0142e"},"content":{"rendered":"<p>Zgrabne, koronkowe stringi znanej marki Gabidar. Z koronkowymi bokami i koronkowym ty\u0142em. Idealny miks wygody z kusz\u0105cym projektem. Sk\u0142ad: 95% bawe\u0142na, 5% elastan.<\/p>\n","protected":false},"excerpt":{"rendered":"<p>Zgrabne, koronkowe stringi znanej marki Gabidar. Z koronkowymi bokami i koronkowym ty\u0142em. Idealny miks wygody z kusz\u0105cym projektem. Sk\u0142ad: 95% bawe\u0142na, 5% elastan.<\/p>\n","protected":false},"featured_media":14890,"comment_status":"open","ping_status":"closed","template":"","meta":[],"product_brand":[],"product_cat":[48,24,41,40,39,42],"product_tag":[581,408,648,397,442,640,106],"class_list":{"0":"post-14484","1":"product","2":"type-product","3":"status-publish","4":"has-post-thumbnail","6":"product_cat-majtki-podkategoria-do-bielizny","7":"product_cat-produkty","8":"product_cat-l","9":"product_cat-m","10":"product_cat-s","11":"product_cat-xl","12":"product_tag-bawelna","13":"product_tag-biale","14":"product_tag-gabidar","15":"product_tag-koronkowe-boki","16":"product_tag-koronkowy-tyl","17":"product_tag-stringi","18":"product_tag-zgrabne","20":"first","21":"instock","22":"taxable","23":"shipping-taxable","24":"purchasable","25":"product-type-simple"},"_links":{"self":[{"href":"https:\/\/butikhome.pl\/index.php\/wp-json\/wp\/v2\/product\/14484","targetHints":{"allow":["GET"]}}],"collection":[{"href":"https:\/\/butikhome.pl\/index.php\/wp-json\/wp\/v2\/product"}],"about":[{"href":"https:\/\/butikhome.pl\/index.php\/wp-json\/wp\/v2\/types\/product"}],"replies":[{"embeddable":true,"href":"https:\/\/butikhome.pl\/index.php\/wp-json\/wp\/v2\/comments?post=14484"}],"wp:featuredmedia":[{"embeddable":true,"href":"https:\/\/butikhome.pl\/index.php\/wp-json\/wp\/v2\/media\/14890"}],"wp:attachment":[{"href":"https:\/\/butikhome.pl\/index.php\/wp-json\/wp\/v2\/media?parent=14484"}],"wp:term":[{"taxonomy":"product_brand","embeddable":true,"href":"https:\/\/butikhome.pl\/index.php\/wp-json\/wp\/v2\/product_brand?post=14484"},{"taxonomy":"product_cat","embeddable":true,"href":"https:\/\/butikhome.pl\/index.php\/wp-json\/wp\/v2\/product_cat?post=14484"},{"taxonomy":"product_tag","embeddable":true,"href":"https:\/\/butikhome.pl\/index.php\/wp-json\/wp\/v2\/product_tag?post=14484"}],"curies":[{"name":"wp","href":"https:\/\/api.w.org\/{rel}","templated":true}]}}