{"id":14597,"date":"2023-03-29T19:19:37","date_gmt":"2023-03-29T17:19:37","guid":{"rendered":"https:\/\/butikhome.pl\/index.php\/produkt\/ponczochy-dominique\/"},"modified":"2023-05-25T10:29:36","modified_gmt":"2023-05-25T08:29:36","slug":"ponczochy-dominique","status":"publish","type":"product","link":"https:\/\/butikhome.pl\/index.php\/produkt\/ponczochy-dominique\/","title":{"rendered":"Po\u0144czochy Dominique"},"content":{"rendered":"<p>Zmys\u0142owe i takie sexy&#8230; Dominique to czarne po\u0144czochy, kt\u00f3re zaskakuj\u0105 na udach. D\u00f3\u0142 spokojny, g\u0142adki, g\u00f3ra z prze\u015bwitami, kwiecistym zdobieniem, imitacj\u0105 podwi\u0105zek&#8230; Grubo\u015b\u0107 40 DEN. Sk\u0142ad: 90% poliamid, 10% elastan.<\/p>\n","protected":false},"excerpt":{"rendered":"<p>Zmys\u0142owe i takie sexy&#8230; Dominique to czarne po\u0144czochy, kt\u00f3re zaskakuj\u0105 na udach. D\u00f3\u0142 spokojny, g\u0142adki, g\u00f3ra z prze\u015bwitami, kwiecistym zdobieniem, imitacj\u0105 podwi\u0105zek&#8230; Grubo\u015b\u0107 40 DEN. Sk\u0142ad: 90% poliamid, 10% elastan.<\/p>\n","protected":false},"featured_media":15266,"comment_status":"open","ping_status":"closed","template":"","meta":[],"product_brand":[],"product_cat":[24,628,41,40,39],"product_tag":[708,709,710,52,1228,1226,706,1230,569,1229,951,159,1227,148],"class_list":{"0":"post-14597","1":"product","2":"type-product","3":"status-publish","4":"has-post-thumbnail","6":"product_cat-produkty","7":"product_cat-rajstopy-podkategoria-do-bielizny","8":"product_cat-l","9":"product_cat-m","10":"product_cat-s","11":"product_tag-2-s","12":"product_tag-3-m","13":"product_tag-4-l","14":"product_tag-czarne","15":"product_tag-dol-spokojny-gora-z-przeswitami","16":"product_tag-fiore-ponczochy-dominiqe-40-den","17":"product_tag-grubosc-40-den","18":"product_tag-imitacja-podwiazek","19":"product_tag-kuszace","20":"product_tag-kwieciste-zdobienie","21":"product_tag-ponczochy-samonosne","22":"product_tag-sexy","23":"product_tag-transparentno-kryjace","24":"product_tag-zmyslowe","26":"first","27":"instock","28":"taxable","29":"shipping-taxable","30":"purchasable","31":"product-type-simple"},"_links":{"self":[{"href":"https:\/\/butikhome.pl\/index.php\/wp-json\/wp\/v2\/product\/14597","targetHints":{"allow":["GET"]}}],"collection":[{"href":"https:\/\/butikhome.pl\/index.php\/wp-json\/wp\/v2\/product"}],"about":[{"href":"https:\/\/butikhome.pl\/index.php\/wp-json\/wp\/v2\/types\/product"}],"replies":[{"embeddable":true,"href":"https:\/\/butikhome.pl\/index.php\/wp-json\/wp\/v2\/comments?post=14597"}],"wp:featuredmedia":[{"embeddable":true,"href":"https:\/\/butikhome.pl\/index.php\/wp-json\/wp\/v2\/media\/15266"}],"wp:attachment":[{"href":"https:\/\/butikhome.pl\/index.php\/wp-json\/wp\/v2\/media?parent=14597"}],"wp:term":[{"taxonomy":"product_brand","embeddable":true,"href":"https:\/\/butikhome.pl\/index.php\/wp-json\/wp\/v2\/product_brand?post=14597"},{"taxonomy":"product_cat","embeddable":true,"href":"https:\/\/butikhome.pl\/index.php\/wp-json\/wp\/v2\/product_cat?post=14597"},{"taxonomy":"product_tag","embeddable":true,"href":"https:\/\/butikhome.pl\/index.php\/wp-json\/wp\/v2\/product_tag?post=14597"}],"curies":[{"name":"wp","href":"https:\/\/api.w.org\/{rel}","templated":true}]}}