{"id":14613,"date":"2023-03-29T19:20:20","date_gmt":"2023-03-29T17:20:20","guid":{"rendered":"https:\/\/butikhome.pl\/index.php\/produkt\/ponczochy-femme-fatale\/"},"modified":"2023-05-10T15:33:21","modified_gmt":"2023-05-10T13:33:21","slug":"ponczochy-femme-fatale","status":"publish","type":"product","link":"https:\/\/butikhome.pl\/index.php\/produkt\/ponczochy-femme-fatale\/","title":{"rendered":"Po\u0144czochy Femme Fatale"},"content":{"rendered":"<p>Czarne po\u0144czochy samono\u015bne z g\u0142adko wyko\u0144czon\u0105 g\u00f3r\u0105, kt\u00f3r\u0105 akcentuj\u0105 w tym miejscu trzy paski z prze\u015bwitem. Z ty\u0142u n\u00f3g &#8211; delikatny, ozdobny szew. Pi\u0119ta i sp\u00f3d stopy zdobione g\u0142adk\u0105, mocniej kryj\u0105c\u0105 prz\u0119dz\u0105. Grubo\u015b\u0107 20 den. Sk\u0142ad: 86% poliamid, 14% elastan.<\/p>\n<p>&nbsp;<\/p>\n","protected":false},"excerpt":{"rendered":"<p>Czarne po\u0144czochy samono\u015bne z g\u0142adko wyko\u0144czon\u0105 g\u00f3r\u0105, kt\u00f3r\u0105 akcentuj\u0105 w tym miejscu trzy paski z prze\u015bwitem. Z ty\u0142u n\u00f3g &#8211; delikatny, ozdobny szew. Pi\u0119ta i sp\u00f3d stopy zdobione g\u0142adk\u0105, mocniej kryj\u0105c\u0105 prz\u0119dz\u0105. Grubo\u015b\u0107 20 den. Sk\u0142ad: 86% poliamid, 14% elastan. &nbsp;<\/p>\n","protected":false},"featured_media":15262,"comment_status":"open","ping_status":"closed","template":"","meta":[],"product_brand":[],"product_cat":[24,628,41,40],"product_tag":[709,710,52,1218,51,1219,700,1220,1222,951,1125,1141,1221,1212],"class_list":{"0":"post-14613","1":"product","2":"type-product","3":"status-publish","4":"has-post-thumbnail","6":"product_cat-produkty","7":"product_cat-rajstopy-podkategoria-do-bielizny","8":"product_cat-l","9":"product_cat-m","10":"product_tag-3-m","11":"product_tag-4-l","12":"product_tag-czarne","13":"product_tag-fiore-ponczochy-femme-fatale-20-den","14":"product_tag-gladkie","15":"product_tag-gladko-wykonczone","16":"product_tag-grubosc-20-den","17":"product_tag-paski-z-przeswitem","18":"product_tag-pieta-i-stopa-mocniej-kryjace","19":"product_tag-ponczochy-samonosne","20":"product_tag-ponczochy-wzorzyste","21":"product_tag-styl-retro","22":"product_tag-z-tylu-delikatny-ozdobny-szew","23":"product_tag-zwiekszona-jakosc-i-trwalosc","25":"first","26":"instock","27":"taxable","28":"shipping-taxable","29":"purchasable","30":"product-type-simple"},"_links":{"self":[{"href":"https:\/\/butikhome.pl\/index.php\/wp-json\/wp\/v2\/product\/14613","targetHints":{"allow":["GET"]}}],"collection":[{"href":"https:\/\/butikhome.pl\/index.php\/wp-json\/wp\/v2\/product"}],"about":[{"href":"https:\/\/butikhome.pl\/index.php\/wp-json\/wp\/v2\/types\/product"}],"replies":[{"embeddable":true,"href":"https:\/\/butikhome.pl\/index.php\/wp-json\/wp\/v2\/comments?post=14613"}],"wp:featuredmedia":[{"embeddable":true,"href":"https:\/\/butikhome.pl\/index.php\/wp-json\/wp\/v2\/media\/15262"}],"wp:attachment":[{"href":"https:\/\/butikhome.pl\/index.php\/wp-json\/wp\/v2\/media?parent=14613"}],"wp:term":[{"taxonomy":"product_brand","embeddable":true,"href":"https:\/\/butikhome.pl\/index.php\/wp-json\/wp\/v2\/product_brand?post=14613"},{"taxonomy":"product_cat","embeddable":true,"href":"https:\/\/butikhome.pl\/index.php\/wp-json\/wp\/v2\/product_cat?post=14613"},{"taxonomy":"product_tag","embeddable":true,"href":"https:\/\/butikhome.pl\/index.php\/wp-json\/wp\/v2\/product_tag?post=14613"}],"curies":[{"name":"wp","href":"https:\/\/api.w.org\/{rel}","templated":true}]}}