{"id":14690,"date":"2023-03-29T19:23:37","date_gmt":"2023-03-29T17:23:37","guid":{"rendered":"https:\/\/butikhome.pl\/index.php\/produkt\/ponczochy-sensual-misty-moon-20-den\/"},"modified":"2023-05-24T15:13:00","modified_gmt":"2023-05-24T13:13:00","slug":"ponczochy-sensual-misty-moon-20-den","status":"publish","type":"product","link":"https:\/\/butikhome.pl\/index.php\/produkt\/ponczochy-sensual-misty-moon-20-den\/","title":{"rendered":"Po\u0144czochy Sensual Misty Moon 20 den"},"content":{"rendered":"<p>Czarne po\u0144czochy do pasa, z lekko po\u0142yskuj\u0105c\u0105 g\u00f3r\u0105. Mi\u0119kka, elastyczna prz\u0119dza wysokiej jako\u015bci. Delikatne kropeczki na wyko\u0144czeniu g\u00f3rnej cz\u0119\u015bci. Model bez zaznaczonej cz\u0119\u015bci palc\u00f3w, dzi\u0119ki temu mo\u017cesz cieszy\u0107 si\u0119 pi\u0119kn\u0105, jednolit\u0105 struktur\u0105 po\u0144czoch. Sk\u0142ad: 87% poliamid ,12% elastan, 1% prz\u0119dza metalizowana.<\/p>\n<p>&nbsp;<\/p>\n","protected":false},"excerpt":{"rendered":"<p>Czarne po\u0144czochy do pasa, z lekko po\u0142yskuj\u0105c\u0105 g\u00f3r\u0105. Mi\u0119kka, elastyczna prz\u0119dza wysokiej jako\u015bci. Delikatne kropeczki na wyko\u0144czeniu g\u00f3rnej cz\u0119\u015bci. Model bez zaznaczonej cz\u0119\u015bci palc\u00f3w, dzi\u0119ki temu mo\u017cesz cieszy\u0107 si\u0119 pi\u0119kn\u0105, jednolit\u0105 struktur\u0105 po\u0144czoch. Sk\u0142ad: 87% poliamid ,12% elastan, 1% prz\u0119dza metalizowana. &nbsp;<\/p>\n","protected":false},"featured_media":15214,"comment_status":"open","ping_status":"closed","template":"","meta":[],"product_brand":[],"product_cat":[24,628,39],"product_tag":[708,1111,1107,1110,1115,1106,1108,725,1109,1087,1112,1113,1074,1114,301],"class_list":{"0":"post-14690","1":"product","2":"type-product","3":"status-publish","4":"has-post-thumbnail","6":"product_cat-produkty","7":"product_cat-rajstopy-podkategoria-do-bielizny","8":"product_cat-s","9":"product_tag-2-s","10":"product_tag-bez-zaznaczonych-palcow","11":"product_tag-czarne-ponczochy-do-paska","12":"product_tag-delikatne-kropeczki-w-gornej-czesci","13":"product_tag-efekt-silky-touch","14":"product_tag-fiore-ponczochy-sensual-misty-20-den","15":"product_tag-lekko-polyskujaca-gora","16":"product_tag-matowe","17":"product_tag-miekka-elastyczna-przedza","18":"product_tag-niewidocznie-wzmocniona-czesc-palcowa","19":"product_tag-przedza-metalizowana","20":"product_tag-seksowne-i-erotyczne-ponczochy-do-paska","21":"product_tag-transparentne","22":"product_tag-wieksza-wytrzymalosc","23":"product_tag-wysoka-jakosc","25":"first","26":"instock","27":"taxable","28":"shipping-taxable","29":"purchasable","30":"product-type-simple"},"_links":{"self":[{"href":"https:\/\/butikhome.pl\/index.php\/wp-json\/wp\/v2\/product\/14690","targetHints":{"allow":["GET"]}}],"collection":[{"href":"https:\/\/butikhome.pl\/index.php\/wp-json\/wp\/v2\/product"}],"about":[{"href":"https:\/\/butikhome.pl\/index.php\/wp-json\/wp\/v2\/types\/product"}],"replies":[{"embeddable":true,"href":"https:\/\/butikhome.pl\/index.php\/wp-json\/wp\/v2\/comments?post=14690"}],"wp:featuredmedia":[{"embeddable":true,"href":"https:\/\/butikhome.pl\/index.php\/wp-json\/wp\/v2\/media\/15214"}],"wp:attachment":[{"href":"https:\/\/butikhome.pl\/index.php\/wp-json\/wp\/v2\/media?parent=14690"}],"wp:term":[{"taxonomy":"product_brand","embeddable":true,"href":"https:\/\/butikhome.pl\/index.php\/wp-json\/wp\/v2\/product_brand?post=14690"},{"taxonomy":"product_cat","embeddable":true,"href":"https:\/\/butikhome.pl\/index.php\/wp-json\/wp\/v2\/product_cat?post=14690"},{"taxonomy":"product_tag","embeddable":true,"href":"https:\/\/butikhome.pl\/index.php\/wp-json\/wp\/v2\/product_tag?post=14690"}],"curies":[{"name":"wp","href":"https:\/\/api.w.org\/{rel}","templated":true}]}}