{"id":14709,"date":"2023-03-29T19:24:13","date_gmt":"2023-03-29T17:24:13","guid":{"rendered":"https:\/\/butikhome.pl\/index.php\/produkt\/rajstopy-black-swan-15-den-black\/"},"modified":"2023-05-24T14:58:43","modified_gmt":"2023-05-24T12:58:43","slug":"rajstopy-black-swan-15-den-black","status":"publish","type":"product","link":"https:\/\/butikhome.pl\/index.php\/produkt\/rajstopy-black-swan-15-den-black\/","title":{"rendered":"Rajstopy Black Swan 15 Den Black"},"content":{"rendered":"<ul>\n<li>Nie odznacza si\u0119 pod ubraniem<\/li>\n<li>Nie uciskaj\u0105ce w pasie<\/li>\n<li>Pakowany w woreczek<\/li>\n<li>Produkt polski<\/li>\n<li>Rajstopy wzorzyste<\/li>\n<li>Subtelny wz\u00f3r<\/li>\n<li>Wysoka jako\u015b\u0107<\/li>\n<li>Elastan: 10%<\/li>\n<li>Poliamid: 90%<\/li>\n<\/ul>\n<p>Cienkie czarne rajstopy o grubo\u015bci 15 den o lekkim wzorze sko\u015bnych, op\u0142ywowych kresek lub, jak kto woli, cienkich paseczk\u00f3w. Wzorzyste rajstopy z delikatnej lycry. Transparentne rajstopy 15 den typu T-band. Delikatny wz\u00f3r b\u0119dzie odpowiedni na ka\u017cd\u0105 okazj\u0119, dyskretnie doda oryginalno\u015bci ka\u017cdej stylizacji. sprawdz\u0105 si\u0119 zar\u00f3wno do eleganckich, jak i do odwa\u017cniejszych kreacji. Motyw jest na tyle dyskretny, \u017ce oczywi\u015bcie sprawdzi si\u0119 r\u00f3wnie\u017c na co dzie\u0144, ale jednocze\u015bnie na tyle oryginalny, \u017ce mo\u017cna zestawi\u0107 go z bardziej awangardow\u0105 garderob\u0105.<\/p>\n","protected":false},"excerpt":{"rendered":"<p>Nie odznacza si\u0119 pod ubraniem Nie uciskaj\u0105ce w pasie Pakowany w woreczek Produkt polski Rajstopy wzorzyste Subtelny wz\u00f3r Wysoka jako\u015b\u0107 Elastan: 10% Poliamid: 90% Cienkie czarne rajstopy o grubo\u015bci 15 den o lekkim wzorze sko\u015bnych, op\u0142ywowych kresek lub, jak kto woli, cienkich paseczk\u00f3w. Wzorzyste rajstopy z delikatnej lycry. Transparentne rajstopy 15 den typu T-band. Delikatny &hellip; <\/p>\n","protected":false},"featured_media":15200,"comment_status":"open","ping_status":"closed","template":"","meta":[],"product_brand":[],"product_cat":[24,41,40,39],"product_tag":[708,709,710,871,1070,735,1072,222,1071,1075,388,1014,1074,1018,1073],"class_list":{"0":"post-14709","1":"product","2":"type-product","3":"status-publish","4":"has-post-thumbnail","6":"product_cat-produkty","7":"product_cat-l","8":"product_cat-m","9":"product_cat-s","10":"product_tag-2-s","11":"product_tag-3-m","12":"product_tag-4-l","13":"product_tag-czesc-majtkowa-typu-t-band","14":"product_tag-fiore-black-swan-15-den-black","15":"product_tag-grubosc-15-den","16":"product_tag-lekki-wzor-cienkich-paseczkow","17":"product_tag-nie-odznaczaja-sie-pod-ubraniem","18":"product_tag-nie-uciskujace-w-pasie","19":"product_tag-oryginalny-wzor","20":"product_tag-produkt-polski","21":"product_tag-rajstopy-damskie-wzorzyste","22":"product_tag-transparentne","23":"product_tag-wysoka-jakosc-produktu","24":"product_tag-z-delikatnej-lycry","26":"first","27":"instock","28":"taxable","29":"shipping-taxable","30":"purchasable","31":"product-type-simple"},"_links":{"self":[{"href":"https:\/\/butikhome.pl\/index.php\/wp-json\/wp\/v2\/product\/14709","targetHints":{"allow":["GET"]}}],"collection":[{"href":"https:\/\/butikhome.pl\/index.php\/wp-json\/wp\/v2\/product"}],"about":[{"href":"https:\/\/butikhome.pl\/index.php\/wp-json\/wp\/v2\/types\/product"}],"replies":[{"embeddable":true,"href":"https:\/\/butikhome.pl\/index.php\/wp-json\/wp\/v2\/comments?post=14709"}],"wp:featuredmedia":[{"embeddable":true,"href":"https:\/\/butikhome.pl\/index.php\/wp-json\/wp\/v2\/media\/15200"}],"wp:attachment":[{"href":"https:\/\/butikhome.pl\/index.php\/wp-json\/wp\/v2\/media?parent=14709"}],"wp:term":[{"taxonomy":"product_brand","embeddable":true,"href":"https:\/\/butikhome.pl\/index.php\/wp-json\/wp\/v2\/product_brand?post=14709"},{"taxonomy":"product_cat","embeddable":true,"href":"https:\/\/butikhome.pl\/index.php\/wp-json\/wp\/v2\/product_cat?post=14709"},{"taxonomy":"product_tag","embeddable":true,"href":"https:\/\/butikhome.pl\/index.php\/wp-json\/wp\/v2\/product_tag?post=14709"}],"curies":[{"name":"wp","href":"https:\/\/api.w.org\/{rel}","templated":true}]}}