{"id":7531,"date":"2023-01-26T18:07:11","date_gmt":"2023-01-26T17:07:11","guid":{"rendered":"https:\/\/butikhome.pl\/index.php\/produkt\/figi-eco-to-biale\/"},"modified":"2023-04-14T14:13:15","modified_gmt":"2023-04-14T12:13:15","slug":"figi-eco-to-biale","status":"publish","type":"product","link":"https:\/\/butikhome.pl\/index.php\/produkt\/figi-eco-to-biale\/","title":{"rendered":"Figi Eco-To Bia\u0142e"},"content":{"rendered":"<p><span>Szukasz wygodnej a zarazem niepowtarzalnej bielizny? &#8211; sp\u00f3jrz na ten model. Stylowe akcenty, zupe\u0142nie inna ni\u017c zazwyczaj, dziurkowana koronka, pi\u0119kna, kusz\u0105ca wzrok aran\u017cacja i ta mi\u0119ciutka bawe\u0142na&#8230; Sk\u0142ad: 90% bawe\u0142na, 7% elastan, 3% poliamid.<\/span><\/p>\n","protected":false},"excerpt":{"rendered":"<p>Szukasz wygodnej a zarazem niepowtarzalnej bielizny? &#8211; sp\u00f3jrz na ten model. Stylowe akcenty, zupe\u0142nie inna ni\u017c zazwyczaj, dziurkowana koronka, pi\u0119kna, kusz\u0105ca wzrok aran\u017cacja i ta mi\u0119ciutka bawe\u0142na&#8230; Sk\u0142ad: 90% bawe\u0142na, 7% elastan, 3% poliamid.<\/p>\n","protected":false},"featured_media":8999,"comment_status":"open","ping_status":"closed","template":"","meta":[],"product_brand":[],"product_cat":[48,24,41,40,42,43],"product_tag":[],"class_list":{"0":"post-7531","1":"product","2":"type-product","3":"status-publish","4":"has-post-thumbnail","6":"product_cat-majtki-podkategoria-do-bielizny","7":"product_cat-produkty","8":"product_cat-l","9":"product_cat-m","10":"product_cat-xl","11":"product_cat-2xl","13":"first","14":"instock","15":"taxable","16":"shipping-taxable","17":"purchasable","18":"product-type-simple"},"_links":{"self":[{"href":"https:\/\/butikhome.pl\/index.php\/wp-json\/wp\/v2\/product\/7531","targetHints":{"allow":["GET"]}}],"collection":[{"href":"https:\/\/butikhome.pl\/index.php\/wp-json\/wp\/v2\/product"}],"about":[{"href":"https:\/\/butikhome.pl\/index.php\/wp-json\/wp\/v2\/types\/product"}],"replies":[{"embeddable":true,"href":"https:\/\/butikhome.pl\/index.php\/wp-json\/wp\/v2\/comments?post=7531"}],"wp:featuredmedia":[{"embeddable":true,"href":"https:\/\/butikhome.pl\/index.php\/wp-json\/wp\/v2\/media\/8999"}],"wp:attachment":[{"href":"https:\/\/butikhome.pl\/index.php\/wp-json\/wp\/v2\/media?parent=7531"}],"wp:term":[{"taxonomy":"product_brand","embeddable":true,"href":"https:\/\/butikhome.pl\/index.php\/wp-json\/wp\/v2\/product_brand?post=7531"},{"taxonomy":"product_cat","embeddable":true,"href":"https:\/\/butikhome.pl\/index.php\/wp-json\/wp\/v2\/product_cat?post=7531"},{"taxonomy":"product_tag","embeddable":true,"href":"https:\/\/butikhome.pl\/index.php\/wp-json\/wp\/v2\/product_tag?post=7531"}],"curies":[{"name":"wp","href":"https:\/\/api.w.org\/{rel}","templated":true}]}}