{"id":7535,"date":"2023-01-26T18:07:12","date_gmt":"2023-01-26T17:07:12","guid":{"rendered":"https:\/\/butikhome.pl\/index.php\/produkt\/figi-eco-to-czarne\/"},"modified":"2023-04-14T14:13:06","modified_gmt":"2023-04-14T12:13:06","slug":"figi-eco-to-czarne","status":"publish","type":"product","link":"https:\/\/butikhome.pl\/index.php\/produkt\/figi-eco-to-czarne\/","title":{"rendered":"Figi Eco-To Czarne"},"content":{"rendered":"<p>Szukasz wygodnej a zarazem niepowtarzalnej bielizny? &#8211; sp\u00f3jrz na ten model. Stylowe akcenty, zupe\u0142nie inna ni\u017c zazwyczaj, dziurkowana koronka, pi\u0119kna, kusz\u0105ca wzrok aran\u017cacja i ta mi\u0119ciutka bawe\u0142na&#8230; Sk\u0142ad: 90% bawe\u0142na, 7% elastan, 3% poliamid.<\/p>\n<p>&nbsp;<\/p>\n","protected":false},"excerpt":{"rendered":"<p>Szukasz wygodnej a zarazem niepowtarzalnej bielizny? &#8211; sp\u00f3jrz na ten model. Stylowe akcenty, zupe\u0142nie inna ni\u017c zazwyczaj, dziurkowana koronka, pi\u0119kna, kusz\u0105ca wzrok aran\u017cacja i ta mi\u0119ciutka bawe\u0142na&#8230; Sk\u0142ad: 90% bawe\u0142na, 7% elastan, 3% poliamid. &nbsp;<\/p>\n","protected":false},"featured_media":8993,"comment_status":"open","ping_status":"closed","template":"","meta":[],"product_brand":[],"product_cat":[48,24,43],"product_tag":[52,568,81,569,570,567,120,65],"class_list":{"0":"post-7535","1":"product","2":"type-product","3":"status-publish","4":"has-post-thumbnail","6":"product_cat-majtki-podkategoria-do-bielizny","7":"product_cat-produkty","8":"product_cat-2xl","9":"product_tag-czarne","10":"product_tag-dziurkowana-koronka","11":"product_tag-kobiece","12":"product_tag-kuszace","13":"product_tag-mieciutka-bawelna","14":"product_tag-stylowe-akcenty","15":"product_tag-wygodne","16":"product_tag-wyzszy-stan","18":"first","19":"instock","20":"taxable","21":"shipping-taxable","22":"purchasable","23":"product-type-simple"},"_links":{"self":[{"href":"https:\/\/butikhome.pl\/index.php\/wp-json\/wp\/v2\/product\/7535","targetHints":{"allow":["GET"]}}],"collection":[{"href":"https:\/\/butikhome.pl\/index.php\/wp-json\/wp\/v2\/product"}],"about":[{"href":"https:\/\/butikhome.pl\/index.php\/wp-json\/wp\/v2\/types\/product"}],"replies":[{"embeddable":true,"href":"https:\/\/butikhome.pl\/index.php\/wp-json\/wp\/v2\/comments?post=7535"}],"wp:featuredmedia":[{"embeddable":true,"href":"https:\/\/butikhome.pl\/index.php\/wp-json\/wp\/v2\/media\/8993"}],"wp:attachment":[{"href":"https:\/\/butikhome.pl\/index.php\/wp-json\/wp\/v2\/media?parent=7535"}],"wp:term":[{"taxonomy":"product_brand","embeddable":true,"href":"https:\/\/butikhome.pl\/index.php\/wp-json\/wp\/v2\/product_brand?post=7535"},{"taxonomy":"product_cat","embeddable":true,"href":"https:\/\/butikhome.pl\/index.php\/wp-json\/wp\/v2\/product_cat?post=7535"},{"taxonomy":"product_tag","embeddable":true,"href":"https:\/\/butikhome.pl\/index.php\/wp-json\/wp\/v2\/product_tag?post=7535"}],"curies":[{"name":"wp","href":"https:\/\/api.w.org\/{rel}","templated":true}]}}