{"id":7676,"date":"2023-01-26T18:07:39","date_gmt":"2023-01-26T17:07:39","guid":{"rendered":"https:\/\/butikhome.pl\/index.php\/produkt\/figi-elsa-biale\/"},"modified":"2023-04-14T14:06:24","modified_gmt":"2023-04-14T12:06:24","slug":"figi-elsa-biale","status":"publish","type":"product","link":"https:\/\/butikhome.pl\/index.php\/produkt\/figi-elsa-biale\/","title":{"rendered":"Figi Elsa Bia\u0142e"},"content":{"rendered":"<p><span>Wyj\u0105tkowa propozycja dla kobiet szukaj\u0105cych pi\u0119kna i wygody. Urocze figi w ciekawej aran\u017cacji &#8211; z przodu \u017cakardowa wstawka, boki z koronki, ty\u0142 zupe\u0142nie g\u0142adki. Sk\u0142ad: 83% poliamid, 17% elastan.<\/span><\/p>\n","protected":false},"excerpt":{"rendered":"<p>Wyj\u0105tkowa propozycja dla kobiet szukaj\u0105cych pi\u0119kna i wygody. Urocze figi w ciekawej aran\u017cacji &#8211; z przodu \u017cakardowa wstawka, boki z koronki, ty\u0142 zupe\u0142nie g\u0142adki. Sk\u0142ad: 83% poliamid, 17% elastan.<\/p>\n","protected":false},"featured_media":8860,"comment_status":"open","ping_status":"closed","template":"","meta":[],"product_brand":[],"product_cat":[48,24,41,40,39,42],"product_tag":[],"class_list":{"0":"post-7676","1":"product","2":"type-product","3":"status-publish","4":"has-post-thumbnail","6":"product_cat-majtki-podkategoria-do-bielizny","7":"product_cat-produkty","8":"product_cat-l","9":"product_cat-m","10":"product_cat-s","11":"product_cat-xl","13":"first","14":"instock","15":"taxable","16":"shipping-taxable","17":"purchasable","18":"product-type-simple"},"_links":{"self":[{"href":"https:\/\/butikhome.pl\/index.php\/wp-json\/wp\/v2\/product\/7676","targetHints":{"allow":["GET"]}}],"collection":[{"href":"https:\/\/butikhome.pl\/index.php\/wp-json\/wp\/v2\/product"}],"about":[{"href":"https:\/\/butikhome.pl\/index.php\/wp-json\/wp\/v2\/types\/product"}],"replies":[{"embeddable":true,"href":"https:\/\/butikhome.pl\/index.php\/wp-json\/wp\/v2\/comments?post=7676"}],"wp:featuredmedia":[{"embeddable":true,"href":"https:\/\/butikhome.pl\/index.php\/wp-json\/wp\/v2\/media\/8860"}],"wp:attachment":[{"href":"https:\/\/butikhome.pl\/index.php\/wp-json\/wp\/v2\/media?parent=7676"}],"wp:term":[{"taxonomy":"product_brand","embeddable":true,"href":"https:\/\/butikhome.pl\/index.php\/wp-json\/wp\/v2\/product_brand?post=7676"},{"taxonomy":"product_cat","embeddable":true,"href":"https:\/\/butikhome.pl\/index.php\/wp-json\/wp\/v2\/product_cat?post=7676"},{"taxonomy":"product_tag","embeddable":true,"href":"https:\/\/butikhome.pl\/index.php\/wp-json\/wp\/v2\/product_tag?post=7676"}],"curies":[{"name":"wp","href":"https:\/\/api.w.org\/{rel}","templated":true}]}}