{"id":8050,"date":"2023-01-26T18:08:45","date_gmt":"2023-01-26T17:08:45","guid":{"rendered":"https:\/\/butikhome.pl\/index.php\/produkt\/figi-mela-biale\/"},"modified":"2023-04-14T13:10:37","modified_gmt":"2023-04-14T11:10:37","slug":"figi-mela-biale","status":"publish","type":"product","link":"https:\/\/butikhome.pl\/index.php\/produkt\/figi-mela-biale\/","title":{"rendered":"Figi Mela Bia\u0142e"},"content":{"rendered":"<p><span>Subtelna gra haftowanych motyw\u00f3w z wygodnym, klasycznym krojem &#8211; figi Mela. Prz\u00f3d dzi\u0119ki zastosowaniu pi\u0119kniej, transparentnej koronki prezentuje si\u0119 lekko i delikatnie. Ty\u0142 g\u0142adki. Sk\u0142ad: 87% poliamid, 13% elastan.<\/span><\/p>\n<p><span>\u00a0<\/span><\/p>\n","protected":false},"excerpt":{"rendered":"<p>Subtelna gra haftowanych motyw\u00f3w z wygodnym, klasycznym krojem &#8211; figi Mela. Prz\u00f3d dzi\u0119ki zastosowaniu pi\u0119kniej, transparentnej koronki prezentuje si\u0119 lekko i delikatnie. Ty\u0142 g\u0142adki. Sk\u0142ad: 87% poliamid, 13% elastan. \u00a0<\/p>\n","protected":false},"featured_media":8695,"comment_status":"open","ping_status":"closed","template":"","meta":[],"product_brand":[],"product_cat":[48,24,41,40,39,42],"product_tag":[],"class_list":{"0":"post-8050","1":"product","2":"type-product","3":"status-publish","4":"has-post-thumbnail","6":"product_cat-majtki-podkategoria-do-bielizny","7":"product_cat-produkty","8":"product_cat-l","9":"product_cat-m","10":"product_cat-s","11":"product_cat-xl","13":"first","14":"instock","15":"sale","16":"taxable","17":"shipping-taxable","18":"purchasable","19":"product-type-simple"},"_links":{"self":[{"href":"https:\/\/butikhome.pl\/index.php\/wp-json\/wp\/v2\/product\/8050","targetHints":{"allow":["GET"]}}],"collection":[{"href":"https:\/\/butikhome.pl\/index.php\/wp-json\/wp\/v2\/product"}],"about":[{"href":"https:\/\/butikhome.pl\/index.php\/wp-json\/wp\/v2\/types\/product"}],"replies":[{"embeddable":true,"href":"https:\/\/butikhome.pl\/index.php\/wp-json\/wp\/v2\/comments?post=8050"}],"wp:featuredmedia":[{"embeddable":true,"href":"https:\/\/butikhome.pl\/index.php\/wp-json\/wp\/v2\/media\/8695"}],"wp:attachment":[{"href":"https:\/\/butikhome.pl\/index.php\/wp-json\/wp\/v2\/media?parent=8050"}],"wp:term":[{"taxonomy":"product_brand","embeddable":true,"href":"https:\/\/butikhome.pl\/index.php\/wp-json\/wp\/v2\/product_brand?post=8050"},{"taxonomy":"product_cat","embeddable":true,"href":"https:\/\/butikhome.pl\/index.php\/wp-json\/wp\/v2\/product_cat?post=8050"},{"taxonomy":"product_tag","embeddable":true,"href":"https:\/\/butikhome.pl\/index.php\/wp-json\/wp\/v2\/product_tag?post=8050"}],"curies":[{"name":"wp","href":"https:\/\/api.w.org\/{rel}","templated":true}]}}