{"id":8058,"date":"2023-01-26T18:08:45","date_gmt":"2023-01-26T17:08:45","guid":{"rendered":"https:\/\/butikhome.pl\/index.php\/produkt\/figi-miki-biale\/"},"modified":"2023-04-14T13:10:22","modified_gmt":"2023-04-14T11:10:22","slug":"figi-miki-biale","status":"publish","type":"product","link":"https:\/\/butikhome.pl\/index.php\/produkt\/figi-miki-biale\/","title":{"rendered":"Figi Miki Bia\u0142e"},"content":{"rendered":"<p><span>Klasyczne majteczki wykonane z wysokiej jako\u015bci tkaniny. Posiadaj\u0105 pr\u0105\u017ckowany wz\u00f3r, kt\u00f3ry subtelnie prze\u015bwituje. Dobrze skrojone, nie kr\u0119puj\u0105 ruch\u00f3w i nie uciskaj\u0105. Sk\u0142ad: 83% poliamid, 17% elastan.<\/span><\/p>\n<p><span>\u00a0<\/span><\/p>\n","protected":false},"excerpt":{"rendered":"<p>Klasyczne majteczki wykonane z wysokiej jako\u015bci tkaniny. Posiadaj\u0105 pr\u0105\u017ckowany wz\u00f3r, kt\u00f3ry subtelnie prze\u015bwituje. Dobrze skrojone, nie kr\u0119puj\u0105 ruch\u00f3w i nie uciskaj\u0105. Sk\u0142ad: 83% poliamid, 17% elastan. \u00a0<\/p>\n","protected":false},"featured_media":8696,"comment_status":"open","ping_status":"closed","template":"","meta":[],"product_brand":[],"product_cat":[48,24,41,39],"product_tag":[],"class_list":{"0":"post-8058","1":"product","2":"type-product","3":"status-publish","4":"has-post-thumbnail","6":"product_cat-majtki-podkategoria-do-bielizny","7":"product_cat-produkty","8":"product_cat-l","9":"product_cat-s","11":"first","12":"instock","13":"taxable","14":"shipping-taxable","15":"purchasable","16":"product-type-simple"},"_links":{"self":[{"href":"https:\/\/butikhome.pl\/index.php\/wp-json\/wp\/v2\/product\/8058","targetHints":{"allow":["GET"]}}],"collection":[{"href":"https:\/\/butikhome.pl\/index.php\/wp-json\/wp\/v2\/product"}],"about":[{"href":"https:\/\/butikhome.pl\/index.php\/wp-json\/wp\/v2\/types\/product"}],"replies":[{"embeddable":true,"href":"https:\/\/butikhome.pl\/index.php\/wp-json\/wp\/v2\/comments?post=8058"}],"wp:featuredmedia":[{"embeddable":true,"href":"https:\/\/butikhome.pl\/index.php\/wp-json\/wp\/v2\/media\/8696"}],"wp:attachment":[{"href":"https:\/\/butikhome.pl\/index.php\/wp-json\/wp\/v2\/media?parent=8058"}],"wp:term":[{"taxonomy":"product_brand","embeddable":true,"href":"https:\/\/butikhome.pl\/index.php\/wp-json\/wp\/v2\/product_brand?post=8058"},{"taxonomy":"product_cat","embeddable":true,"href":"https:\/\/butikhome.pl\/index.php\/wp-json\/wp\/v2\/product_cat?post=8058"},{"taxonomy":"product_tag","embeddable":true,"href":"https:\/\/butikhome.pl\/index.php\/wp-json\/wp\/v2\/product_tag?post=8058"}],"curies":[{"name":"wp","href":"https:\/\/api.w.org\/{rel}","templated":true}]}}