{"id":8130,"date":"2023-01-26T18:08:58","date_gmt":"2023-01-26T17:08:58","guid":{"rendered":"https:\/\/butikhome.pl\/index.php\/produkt\/figi-modelia-ii-bezowe\/"},"modified":"2023-04-14T13:08:14","modified_gmt":"2023-04-14T11:08:14","slug":"figi-modelia-ii-bezowe","status":"publish","type":"product","link":"https:\/\/butikhome.pl\/index.php\/produkt\/figi-modelia-ii-bezowe\/","title":{"rendered":"Figi Modelia II Be\u017cowe"},"content":{"rendered":"<p><span>Modeluj\u0105co-wyszczuplaj\u0105ce figi o wysokim stanie, optycznie wysmuklaj\u0105 sylwetk\u0119. Pionowe przeszycia oraz tkanina o w\u0142a\u015bciwo\u015bciach \u015bci\u0105gaj\u0105cych sprawiaj\u0105, \u017ce sylwetka nabiera zupe\u0142nie nowych, seksownych kszta\u0142t\u00f3w. Majteczki doskonale modeluj\u0105 brzuch, unosz\u0105 po\u015bladki i koryguj\u0105 biodra.\u00a0 Silikonowa ta\u015bma uniemo\u017cliwia zsuwanie. Co wa\u017cne, figi nie uciskaj\u0105 i pozwalaj\u0105 czu\u0107 si\u0119 pewnie i komfortowo! <\/span><\/p>\n<p><span>Wysoko\u015b\u0107 fig S-40 cm, M-41 cm, L-42 cm, XL-43 cm, XXL-44 cm.<\/span><\/p>\n<p><span>Sk\u0142ad: poliamid 58%, elastan 42%.<\/span><\/p>\n<p><span>\u00a0<\/span><\/p>\n<table border=1 cellspacing=0 cellpadding=3>\n<tr>\n<td valign=top width=141>\n<p><span>Rozmiar<\/span><\/p>\n<\/td>\n<td valign=top width=141>\n<p><span>S<\/span><\/p>\n<\/td>\n<td valign=top width=142>\n<p><span>M<\/span><\/p>\n<\/td>\n<td valign=top width=142>\n<p><span>L<\/span><\/p>\n<\/td>\n<td valign=top width=142>\n<p><span>XL<\/span><\/p>\n<\/td>\n<td valign=top width=142>\n<p><span>XXL<\/span><\/p>\n<\/td>\n<\/tr>\n<tr>\n<td valign=top width=141>\n<p><span>Obw\u00f3d bioder<\/span><\/p>\n<\/td>\n<td valign=top width=141>\n<p><span>85-88 cm<\/span><\/p>\n<\/td>\n<td valign=top width=142>\n<p><span>89-92 cm<\/span><\/p>\n<\/td>\n<td valign=top width=142>\n<p><span>93-96 cm<\/span><\/p>\n<\/td>\n<td valign=top width=142>\n<p><span>97-100 cm<\/span><\/p>\n<\/td>\n<td valign=top width=142>\n<p><span>101-104 cm<\/span><\/p>\n<\/td>\n<\/tr>\n<\/table>\n<p><span>\u00a0<\/span><\/p>\n","protected":false},"excerpt":{"rendered":"<p>Modeluj\u0105co-wyszczuplaj\u0105ce figi o wysokim stanie, optycznie wysmuklaj\u0105 sylwetk\u0119. Pionowe przeszycia oraz tkanina o w\u0142a\u015bciwo\u015bciach \u015bci\u0105gaj\u0105cych sprawiaj\u0105, \u017ce sylwetka nabiera zupe\u0142nie nowych, seksownych kszta\u0142t\u00f3w. Majteczki doskonale modeluj\u0105 brzuch, unosz\u0105 po\u015bladki i koryguj\u0105 biodra.\u00a0 Silikonowa ta\u015bma uniemo\u017cliwia zsuwanie. Co wa\u017cne, figi nie uciskaj\u0105 i pozwalaj\u0105 czu\u0107 si\u0119 pewnie i komfortowo! Wysoko\u015b\u0107 fig S-40 cm, M-41 cm, L-42 &hellip; <\/p>\n","protected":false},"featured_media":8664,"comment_status":"open","ping_status":"closed","template":"","meta":[],"product_brand":[],"product_cat":[48,24,41,40,39,42,43],"product_tag":[],"class_list":{"0":"post-8130","1":"product","2":"type-product","3":"status-publish","4":"has-post-thumbnail","6":"product_cat-majtki-podkategoria-do-bielizny","7":"product_cat-produkty","8":"product_cat-l","9":"product_cat-m","10":"product_cat-s","11":"product_cat-xl","12":"product_cat-2xl","14":"first","15":"instock","16":"sale","17":"taxable","18":"shipping-taxable","19":"purchasable","20":"product-type-simple"},"_links":{"self":[{"href":"https:\/\/butikhome.pl\/index.php\/wp-json\/wp\/v2\/product\/8130","targetHints":{"allow":["GET"]}}],"collection":[{"href":"https:\/\/butikhome.pl\/index.php\/wp-json\/wp\/v2\/product"}],"about":[{"href":"https:\/\/butikhome.pl\/index.php\/wp-json\/wp\/v2\/types\/product"}],"replies":[{"embeddable":true,"href":"https:\/\/butikhome.pl\/index.php\/wp-json\/wp\/v2\/comments?post=8130"}],"wp:featuredmedia":[{"embeddable":true,"href":"https:\/\/butikhome.pl\/index.php\/wp-json\/wp\/v2\/media\/8664"}],"wp:attachment":[{"href":"https:\/\/butikhome.pl\/index.php\/wp-json\/wp\/v2\/media?parent=8130"}],"wp:term":[{"taxonomy":"product_brand","embeddable":true,"href":"https:\/\/butikhome.pl\/index.php\/wp-json\/wp\/v2\/product_brand?post=8130"},{"taxonomy":"product_cat","embeddable":true,"href":"https:\/\/butikhome.pl\/index.php\/wp-json\/wp\/v2\/product_cat?post=8130"},{"taxonomy":"product_tag","embeddable":true,"href":"https:\/\/butikhome.pl\/index.php\/wp-json\/wp\/v2\/product_tag?post=8130"}],"curies":[{"name":"wp","href":"https:\/\/api.w.org\/{rel}","templated":true}]}}