{"id":8248,"date":"2023-01-26T18:09:17","date_gmt":"2023-01-26T17:09:17","guid":{"rendered":"https:\/\/butikhome.pl\/index.php\/produkt\/figi-promessa-bezowe\/"},"modified":"2023-04-14T12:50:13","modified_gmt":"2023-04-14T10:50:13","slug":"figi-promessa-bezowe","status":"publish","type":"product","link":"https:\/\/butikhome.pl\/index.php\/produkt\/figi-promessa-bezowe\/","title":{"rendered":"Figi Promessa Be\u017cowe"},"content":{"rendered":"<p>Promessa to subtelnie modeluj\u0105ce sylwetk\u0119, g\u0142adkie figi ci\u0119te laserowo, o mi\u0119kkich, p\u0142askich szwach. To bielizna, kt\u00f3r\u0105 z powodzeniem mo\u017cesz za\u0142o\u017cy\u0107 na co dzie\u0144. Idealnie wpasuj\u0105 si\u0119 pod ubranie, a przy okazji s\u0105 bardzo wygodne. Kr\u00f3j wy\u017cszy, po\u015bladki zdobione delikatn\u0105 koronk\u0105. Sk\u0142ad: 58% poliamid, 42% elastan.<\/p>\n<p>&nbsp;<\/p>\n<table border=\"1\" cellspacing=\"0\" cellpadding=\"3\">\n<tbody>\n<tr>\n<td valign=\"top\" width=\"141\">Rozmiar<\/td>\n<td valign=\"top\" width=\"141\">S<\/td>\n<td valign=\"top\" width=\"142\">M<\/td>\n<td valign=\"top\" width=\"142\">L<\/td>\n<td valign=\"top\" width=\"142\">XL<\/td>\n<td valign=\"top\" width=\"142\">XXL<\/td>\n<\/tr>\n<tr>\n<td valign=\"top\" width=\"141\">Obw\u00f3d bioder<\/td>\n<td valign=\"top\" width=\"141\">85-88 cm<\/td>\n<td valign=\"top\" width=\"142\">89-92 cm<\/td>\n<td valign=\"top\" width=\"142\">93-96 cm<\/td>\n<td valign=\"top\" width=\"142\">97-100 cm<\/td>\n<td valign=\"top\" width=\"142\">101-104 cm<\/td>\n<\/tr>\n<\/tbody>\n<\/table>\n<p>&nbsp;<\/p>\n","protected":false},"excerpt":{"rendered":"<p>Promessa to subtelnie modeluj\u0105ce sylwetk\u0119, g\u0142adkie figi ci\u0119te laserowo, o mi\u0119kkich, p\u0142askich szwach. To bielizna, kt\u00f3r\u0105 z powodzeniem mo\u017cesz za\u0142o\u017cy\u0107 na co dzie\u0144. Idealnie wpasuj\u0105 si\u0119 pod ubranie, a przy okazji s\u0105 bardzo wygodne. Kr\u00f3j wy\u017cszy, po\u015bladki zdobione delikatn\u0105 koronk\u0105. Sk\u0142ad: 58% poliamid, 42% elastan. &nbsp; Rozmiar S M L XL XXL Obw\u00f3d bioder 85-88 &hellip; <\/p>\n","protected":false},"featured_media":8617,"comment_status":"open","ping_status":"closed","template":"","meta":[],"product_brand":[],"product_cat":[48,24,40,42,43],"product_tag":[149,60,160,157,155,65],"class_list":{"0":"post-8248","1":"product","2":"type-product","3":"status-publish","4":"has-post-thumbnail","6":"product_cat-majtki-podkategoria-do-bielizny","7":"product_cat-produkty","8":"product_cat-m","9":"product_cat-xl","10":"product_cat-2xl","11":"product_tag-bardzo-wygodne","12":"product_tag-ciete-laserowo","13":"product_tag-modelujace-gladkie-figi","14":"product_tag-niewidoczne-pod-ubraniem","15":"product_tag-posladki-ozdobione-koronka","16":"product_tag-wyzszy-stan","18":"first","19":"instock","20":"taxable","21":"shipping-taxable","22":"purchasable","23":"product-type-simple"},"_links":{"self":[{"href":"https:\/\/butikhome.pl\/index.php\/wp-json\/wp\/v2\/product\/8248","targetHints":{"allow":["GET"]}}],"collection":[{"href":"https:\/\/butikhome.pl\/index.php\/wp-json\/wp\/v2\/product"}],"about":[{"href":"https:\/\/butikhome.pl\/index.php\/wp-json\/wp\/v2\/types\/product"}],"replies":[{"embeddable":true,"href":"https:\/\/butikhome.pl\/index.php\/wp-json\/wp\/v2\/comments?post=8248"}],"wp:featuredmedia":[{"embeddable":true,"href":"https:\/\/butikhome.pl\/index.php\/wp-json\/wp\/v2\/media\/8617"}],"wp:attachment":[{"href":"https:\/\/butikhome.pl\/index.php\/wp-json\/wp\/v2\/media?parent=8248"}],"wp:term":[{"taxonomy":"product_brand","embeddable":true,"href":"https:\/\/butikhome.pl\/index.php\/wp-json\/wp\/v2\/product_brand?post=8248"},{"taxonomy":"product_cat","embeddable":true,"href":"https:\/\/butikhome.pl\/index.php\/wp-json\/wp\/v2\/product_cat?post=8248"},{"taxonomy":"product_tag","embeddable":true,"href":"https:\/\/butikhome.pl\/index.php\/wp-json\/wp\/v2\/product_tag?post=8248"}],"curies":[{"name":"wp","href":"https:\/\/api.w.org\/{rel}","templated":true}]}}