{"id":8269,"date":"2023-01-26T18:09:21","date_gmt":"2023-01-26T17:09:21","guid":{"rendered":"https:\/\/butikhome.pl\/index.php\/produkt\/figi-relaxa-biale\/"},"modified":"2023-04-14T12:49:31","modified_gmt":"2023-04-14T10:49:31","slug":"figi-relaxa-biale","status":"publish","type":"product","link":"https:\/\/butikhome.pl\/index.php\/produkt\/figi-relaxa-biale\/","title":{"rendered":"Figi Relaxa Bia\u0142e"},"content":{"rendered":"<p><span>Jedne z najlepszych, funkcyjnych fig od Wol-Bar &#8211; model Relaxa. To bielizna, kt\u00f3ra jednocze\u015bnie wp\u0142ywa na popraw\u0119 kszta\u0142tu sylwetki w rejonie brzucha i bioder oraz chroni sk\u00f3r\u0119 przed otarciami w rejonie ud. Zastosowana na udach siateczka jest delikatna, p\u0142asko wyko\u0144czona (dzi\u0119ki czemu bielizna jest w\u0142a\u015bciwie niewidoczna pod ubraniem) i niesamowicie przemy\u015blana &#8211; zapewnia sk\u00f3rze doskona\u0142\u0105 cyrkulacj\u0119 powietrza. Sk\u0142ad: 58% poliamid, 42% elastan.<\/span><\/p>\n<p><span>\u00a0<\/span><\/p>\n","protected":false},"excerpt":{"rendered":"<p>Jedne z najlepszych, funkcyjnych fig od Wol-Bar &#8211; model Relaxa. To bielizna, kt\u00f3ra jednocze\u015bnie wp\u0142ywa na popraw\u0119 kszta\u0142tu sylwetki w rejonie brzucha i bioder oraz chroni sk\u00f3r\u0119 przed otarciami w rejonie ud. Zastosowana na udach siateczka jest delikatna, p\u0142asko wyko\u0144czona (dzi\u0119ki czemu bielizna jest w\u0142a\u015bciwie niewidoczna pod ubraniem) i niesamowicie przemy\u015blana &#8211; zapewnia sk\u00f3rze doskona\u0142\u0105 &hellip; <\/p>\n","protected":false},"featured_media":8604,"comment_status":"open","ping_status":"closed","template":"","meta":[],"product_brand":[],"product_cat":[48,24,41,40,39],"product_tag":[],"class_list":{"0":"post-8269","1":"product","2":"type-product","3":"status-publish","4":"has-post-thumbnail","6":"product_cat-majtki-podkategoria-do-bielizny","7":"product_cat-produkty","8":"product_cat-l","9":"product_cat-m","10":"product_cat-s","12":"first","13":"instock","14":"sale","15":"taxable","16":"shipping-taxable","17":"purchasable","18":"product-type-simple"},"_links":{"self":[{"href":"https:\/\/butikhome.pl\/index.php\/wp-json\/wp\/v2\/product\/8269","targetHints":{"allow":["GET"]}}],"collection":[{"href":"https:\/\/butikhome.pl\/index.php\/wp-json\/wp\/v2\/product"}],"about":[{"href":"https:\/\/butikhome.pl\/index.php\/wp-json\/wp\/v2\/types\/product"}],"replies":[{"embeddable":true,"href":"https:\/\/butikhome.pl\/index.php\/wp-json\/wp\/v2\/comments?post=8269"}],"wp:featuredmedia":[{"embeddable":true,"href":"https:\/\/butikhome.pl\/index.php\/wp-json\/wp\/v2\/media\/8604"}],"wp:attachment":[{"href":"https:\/\/butikhome.pl\/index.php\/wp-json\/wp\/v2\/media?parent=8269"}],"wp:term":[{"taxonomy":"product_brand","embeddable":true,"href":"https:\/\/butikhome.pl\/index.php\/wp-json\/wp\/v2\/product_brand?post=8269"},{"taxonomy":"product_cat","embeddable":true,"href":"https:\/\/butikhome.pl\/index.php\/wp-json\/wp\/v2\/product_cat?post=8269"},{"taxonomy":"product_tag","embeddable":true,"href":"https:\/\/butikhome.pl\/index.php\/wp-json\/wp\/v2\/product_tag?post=8269"}],"curies":[{"name":"wp","href":"https:\/\/api.w.org\/{rel}","templated":true}]}}