{"id":8338,"date":"2023-01-26T18:09:32","date_gmt":"2023-01-26T17:09:32","guid":{"rendered":"https:\/\/butikhome.pl\/index.php\/produkt\/figi-sentima-biale\/"},"modified":"2023-04-14T12:46:28","modified_gmt":"2023-04-14T10:46:28","slug":"figi-sentima-biale","status":"publish","type":"product","link":"https:\/\/butikhome.pl\/index.php\/produkt\/figi-sentima-biale\/","title":{"rendered":"Figi Sentima Bia\u0142e"},"content":{"rendered":"<p>Idealne dope\u0142nienie eleganckiej kreacji &#8211; bielizna niewidoczna pod ubraniem i dyskretnie modeluj\u0105ca cia\u0142o. G\u0142adka, z a\u017curowymi (ci\u0119tymi laserowo) wyko\u0144czeniami przy udach, co sprawia, \u017ce nogi wydaj\u0105 si\u0119 d\u0142u\u017csze, a sylwetka smuklejsza. Dost\u0119pne w kilku kolorach. Je\u015bli czujesz, \u017ce Twoja sylwetka nie wygl\u0105da jeszcze perfekcyjnie, a przed Tob\u0105 wielkie wyj\u015bcie &#8211; wybierz to, co pozwoli Ci wygl\u0105da\u0107 wspaniale! Sk\u0142ad: 83% poliamid, 17% elastan.<\/p>\n<p>&nbsp;<\/p>\n<table border=\"1\" cellspacing=\"0\" cellpadding=\"3\">\n<tbody>\n<tr>\n<td valign=\"top\" width=\"141\">Rozmiar<\/td>\n<td valign=\"top\" width=\"141\">S<\/td>\n<td valign=\"top\" width=\"142\">M<\/td>\n<td valign=\"top\" width=\"142\">L<\/td>\n<td valign=\"top\" width=\"142\">XL<\/td>\n<td valign=\"top\" width=\"142\">XXL<\/td>\n<\/tr>\n<tr>\n<td valign=\"top\" width=\"141\">Obw\u00f3d bioder<\/td>\n<td valign=\"top\" width=\"141\">85-88 cm<\/td>\n<td valign=\"top\" width=\"142\">89-92 cm<\/td>\n<td valign=\"top\" width=\"142\">93-96 cm<\/td>\n<td valign=\"top\" width=\"142\">97-100 cm<\/td>\n<td valign=\"top\" width=\"142\">101-104 cm<\/td>\n<\/tr>\n<\/tbody>\n<\/table>\n<p>&nbsp;<\/p>\n","protected":false},"excerpt":{"rendered":"<p>Idealne dope\u0142nienie eleganckiej kreacji &#8211; bielizna niewidoczna pod ubraniem i dyskretnie modeluj\u0105ca cia\u0142o. G\u0142adka, z a\u017curowymi (ci\u0119tymi laserowo) wyko\u0144czeniami przy udach, co sprawia, \u017ce nogi wydaj\u0105 si\u0119 d\u0142u\u017csze, a sylwetka smuklejsza. Dost\u0119pne w kilku kolorach. Je\u015bli czujesz, \u017ce Twoja sylwetka nie wygl\u0105da jeszcze perfekcyjnie, a przed Tob\u0105 wielkie wyj\u015bcie &#8211; wybierz to, co pozwoli Ci &hellip; <\/p>\n","protected":false},"featured_media":9060,"comment_status":"open","ping_status":"closed","template":"","meta":[],"product_brand":[],"product_cat":[48,24,43],"product_tag":[624,408,142,60,623,50,97,625],"class_list":{"0":"post-8338","1":"product","2":"type-product","3":"status-publish","4":"has-post-thumbnail","6":"product_cat-majtki-podkategoria-do-bielizny","7":"product_cat-produkty","8":"product_cat-2xl","9":"product_tag-azurowe-wykonczenia-przy-udach","10":"product_tag-biale","11":"product_tag-bielizna-niewidoczna-pod-ubraniem","12":"product_tag-ciete-laserowo","13":"product_tag-dyskretnie-modelujaca","14":"product_tag-figi","15":"product_tag-gladka","16":"product_tag-stan-wyzszy","18":"first","19":"instock","20":"taxable","21":"shipping-taxable","22":"purchasable","23":"product-type-simple"},"_links":{"self":[{"href":"https:\/\/butikhome.pl\/index.php\/wp-json\/wp\/v2\/product\/8338","targetHints":{"allow":["GET"]}}],"collection":[{"href":"https:\/\/butikhome.pl\/index.php\/wp-json\/wp\/v2\/product"}],"about":[{"href":"https:\/\/butikhome.pl\/index.php\/wp-json\/wp\/v2\/types\/product"}],"replies":[{"embeddable":true,"href":"https:\/\/butikhome.pl\/index.php\/wp-json\/wp\/v2\/comments?post=8338"}],"wp:featuredmedia":[{"embeddable":true,"href":"https:\/\/butikhome.pl\/index.php\/wp-json\/wp\/v2\/media\/9060"}],"wp:attachment":[{"href":"https:\/\/butikhome.pl\/index.php\/wp-json\/wp\/v2\/media?parent=8338"}],"wp:term":[{"taxonomy":"product_brand","embeddable":true,"href":"https:\/\/butikhome.pl\/index.php\/wp-json\/wp\/v2\/product_brand?post=8338"},{"taxonomy":"product_cat","embeddable":true,"href":"https:\/\/butikhome.pl\/index.php\/wp-json\/wp\/v2\/product_cat?post=8338"},{"taxonomy":"product_tag","embeddable":true,"href":"https:\/\/butikhome.pl\/index.php\/wp-json\/wp\/v2\/product_tag?post=8338"}],"curies":[{"name":"wp","href":"https:\/\/api.w.org\/{rel}","templated":true}]}}