{"id":8429,"date":"2023-01-26T18:09:47","date_gmt":"2023-01-26T17:09:47","guid":{"rendered":"https:\/\/butikhome.pl\/index.php\/produkt\/figi-suprima-czarne\/"},"modified":"2023-04-14T12:39:54","modified_gmt":"2023-04-14T10:39:54","slug":"figi-suprima-czarne","status":"publish","type":"product","link":"https:\/\/butikhome.pl\/index.php\/produkt\/figi-suprima-czarne\/","title":{"rendered":"Figi Suprima Czarne"},"content":{"rendered":"<p><span>Modeluj\u0105co-wyszczuplaj\u0105ce figi z wysokiej stanem. Uszyte ze \u015bci\u0105gaj\u0105cej tkaniny, doskonale profiluj\u0105 sylwetk\u0119, optycznie usuwaj\u0105c niedoskona\u0142o\u015bci figury. Zalet\u0105 s\u0105 pionowe, d\u0142ugie szwy, kt\u00f3re dodatkowo wyszczuplaj\u0105 kobiec\u0105 figur\u0119. Ty\u0142 wykonany z siateczki, kt\u00f3ra unosi po\u015bladki. Majteczki zako\u0144czone silikonow\u0105 ta\u015bm\u0105, kt\u00f3ra zapobiega zsuwaniu si\u0119. <\/span><\/p>\n<p><span>Wysoko\u015b\u0107 fig S-40 cm, M-41 cm, L-42 cm, XL-43 cm, XXL-44 cm.<\/span><\/p>\n<p><span>Sk\u0142ad: 58% poliamid, 42% elastan.<\/span><\/p>\n<p><span>\u00a0<\/span><\/p>\n<table border=1 cellspacing=0 cellpadding=3>\n<tr>\n<td valign=top width=141>\n<p><span>Rozmiar<\/span><\/p>\n<\/td>\n<td valign=top width=141>\n<p><span>S<\/span><\/p>\n<\/td>\n<td valign=top width=142>\n<p><span>M<\/span><\/p>\n<\/td>\n<td valign=top width=142>\n<p><span>L<\/span><\/p>\n<\/td>\n<td valign=top width=142>\n<p><span>XL<\/span><\/p>\n<\/td>\n<td valign=top width=142>\n<p><span>XXL<\/span><\/p>\n<\/td>\n<\/tr>\n<tr>\n<td valign=top width=141>\n<p><span>Obw\u00f3d bioder<\/span><\/p>\n<\/td>\n<td valign=top width=141>\n<p><span>85-88 cm<\/span><\/p>\n<\/td>\n<td valign=top width=142>\n<p><span>89-92 cm<\/span><\/p>\n<\/td>\n<td valign=top width=142>\n<p><span>93-96 cm<\/span><\/p>\n<\/td>\n<td valign=top width=142>\n<p><span>97-100 cm<\/span><\/p>\n<\/td>\n<td valign=top width=142>\n<p><span>101-104 cm<\/span><\/p>\n<\/td>\n<\/tr>\n<\/table>\n<p><span>\u00a0<\/span><\/p>\n","protected":false},"excerpt":{"rendered":"<p>Modeluj\u0105co-wyszczuplaj\u0105ce figi z wysokiej stanem. Uszyte ze \u015bci\u0105gaj\u0105cej tkaniny, doskonale profiluj\u0105 sylwetk\u0119, optycznie usuwaj\u0105c niedoskona\u0142o\u015bci figury. Zalet\u0105 s\u0105 pionowe, d\u0142ugie szwy, kt\u00f3re dodatkowo wyszczuplaj\u0105 kobiec\u0105 figur\u0119. Ty\u0142 wykonany z siateczki, kt\u00f3ra unosi po\u015bladki. Majteczki zako\u0144czone silikonow\u0105 ta\u015bm\u0105, kt\u00f3ra zapobiega zsuwaniu si\u0119. Wysoko\u015b\u0107 fig S-40 cm, M-41 cm, L-42 cm, XL-43 cm, XXL-44 cm. Sk\u0142ad: 58% &hellip; <\/p>\n","protected":false},"featured_media":8538,"comment_status":"open","ping_status":"closed","template":"","meta":[],"product_brand":[],"product_cat":[48,24],"product_tag":[],"class_list":{"0":"post-8429","1":"product","2":"type-product","3":"status-publish","4":"has-post-thumbnail","6":"product_cat-majtki-podkategoria-do-bielizny","7":"product_cat-produkty","9":"first","10":"instock","11":"taxable","12":"shipping-taxable","13":"purchasable","14":"product-type-simple"},"_links":{"self":[{"href":"https:\/\/butikhome.pl\/index.php\/wp-json\/wp\/v2\/product\/8429","targetHints":{"allow":["GET"]}}],"collection":[{"href":"https:\/\/butikhome.pl\/index.php\/wp-json\/wp\/v2\/product"}],"about":[{"href":"https:\/\/butikhome.pl\/index.php\/wp-json\/wp\/v2\/types\/product"}],"replies":[{"embeddable":true,"href":"https:\/\/butikhome.pl\/index.php\/wp-json\/wp\/v2\/comments?post=8429"}],"wp:featuredmedia":[{"embeddable":true,"href":"https:\/\/butikhome.pl\/index.php\/wp-json\/wp\/v2\/media\/8538"}],"wp:attachment":[{"href":"https:\/\/butikhome.pl\/index.php\/wp-json\/wp\/v2\/media?parent=8429"}],"wp:term":[{"taxonomy":"product_brand","embeddable":true,"href":"https:\/\/butikhome.pl\/index.php\/wp-json\/wp\/v2\/product_brand?post=8429"},{"taxonomy":"product_cat","embeddable":true,"href":"https:\/\/butikhome.pl\/index.php\/wp-json\/wp\/v2\/product_cat?post=8429"},{"taxonomy":"product_tag","embeddable":true,"href":"https:\/\/butikhome.pl\/index.php\/wp-json\/wp\/v2\/product_tag?post=8429"}],"curies":[{"name":"wp","href":"https:\/\/api.w.org\/{rel}","templated":true}]}}