{"id":8497,"date":"2023-01-26T18:09:58","date_gmt":"2023-01-26T17:09:58","guid":{"rendered":"https:\/\/butikhome.pl\/?post_type=product&#038;p=8497"},"modified":"2023-04-14T12:10:51","modified_gmt":"2023-04-14T10:10:51","slug":"figi-wolbar-tahoo-midi","status":"publish","type":"product","link":"https:\/\/butikhome.pl\/index.php\/produkt\/figi-wolbar-tahoo-midi\/","title":{"rendered":"Figi Wolbar Tahoo Midi"},"content":{"rendered":"<p>Figi damskie o klasycznym kroju, zabudowane. Wykonane z wysokiej jako\u015bci bawe\u0142ny z dodatkiem lycry. W \u015brodku posiadaj\u0105 antybakteryjn\u0105 wk\u0142adk\u0119 z frotki. Idealnie dopasowuj\u0105 si\u0119 do cia\u0142a zapewniaj\u0105c komfort noszenia.<\/p>\n","protected":false},"excerpt":{"rendered":"<p>Figi damskie o klasycznym kroju, zabudowane. Wykonane z wysokiej jako\u015bci bawe\u0142ny z dodatkiem lycry. W \u015brodku posiadaj\u0105 antybakteryjn\u0105 wk\u0142adk\u0119 z frotki. Idealnie dopasowuj\u0105 si\u0119 do cia\u0142a zapewniaj\u0105c komfort noszenia.<\/p>\n","protected":false},"featured_media":8515,"comment_status":"open","ping_status":"closed","template":"","meta":[],"product_brand":[],"product_cat":[29,48,24,41,40,39,42,37,43,44,45],"product_tag":[],"class_list":{"0":"post-8497","1":"product","2":"type-product","3":"status-publish","4":"has-post-thumbnail","6":"product_cat-bielizna","7":"product_cat-majtki-podkategoria-do-bielizny","8":"product_cat-produkty","9":"product_cat-l","10":"product_cat-m","11":"product_cat-s","12":"product_cat-xl","13":"product_cat-xs","14":"product_cat-2xl","15":"product_cat-3xl","16":"product_cat-4xl","18":"first","19":"instock","20":"sale","21":"taxable","22":"shipping-taxable","23":"purchasable","24":"product-type-simple"},"_links":{"self":[{"href":"https:\/\/butikhome.pl\/index.php\/wp-json\/wp\/v2\/product\/8497","targetHints":{"allow":["GET"]}}],"collection":[{"href":"https:\/\/butikhome.pl\/index.php\/wp-json\/wp\/v2\/product"}],"about":[{"href":"https:\/\/butikhome.pl\/index.php\/wp-json\/wp\/v2\/types\/product"}],"replies":[{"embeddable":true,"href":"https:\/\/butikhome.pl\/index.php\/wp-json\/wp\/v2\/comments?post=8497"}],"wp:featuredmedia":[{"embeddable":true,"href":"https:\/\/butikhome.pl\/index.php\/wp-json\/wp\/v2\/media\/8515"}],"wp:attachment":[{"href":"https:\/\/butikhome.pl\/index.php\/wp-json\/wp\/v2\/media?parent=8497"}],"wp:term":[{"taxonomy":"product_brand","embeddable":true,"href":"https:\/\/butikhome.pl\/index.php\/wp-json\/wp\/v2\/product_brand?post=8497"},{"taxonomy":"product_cat","embeddable":true,"href":"https:\/\/butikhome.pl\/index.php\/wp-json\/wp\/v2\/product_cat?post=8497"},{"taxonomy":"product_tag","embeddable":true,"href":"https:\/\/butikhome.pl\/index.php\/wp-json\/wp\/v2\/product_tag?post=8497"}],"curies":[{"name":"wp","href":"https:\/\/api.w.org\/{rel}","templated":true}]}}