{"id":9405,"date":"2023-03-29T16:00:31","date_gmt":"2023-03-29T14:00:31","guid":{"rendered":"https:\/\/butikhome.pl\/index.php\/produkt\/pizama-weal-40670-01x-kremowo-granatowy\/"},"modified":"2023-07-13T13:36:47","modified_gmt":"2023-07-13T11:36:47","slug":"pizama-weal-40670-01x-kremowo-granatowy","status":"publish","type":"product","link":"https:\/\/butikhome.pl\/index.php\/produkt\/pizama-weal-40670-01x-kremowo-granatowy\/","title":{"rendered":"Pi\u017cama Weal 40670-01X Kremowo-Granatowy"},"content":{"rendered":"<p>    -Bluzka z kr\u00f3tkim r\u0119kawem<br \/>\n    -Dekolt p\u00f3\u0142okr\u0105g\u0142y<br \/>\n    -Idealna tak\u017ce na prezent<br \/>\n    -Kr\u00f3tkie spodenki<br \/>\n    -Lu\u017any, komfortowy kr\u00f3j<br \/>\n    -Materia\u0142 z nadrukiem<br \/>\n    -Pakowany w pude\u0142ko<br \/>\n    -Przyjemna w dotyku, mi\u0119kka dzianina\/tkanina<br \/>\n    -Spodnie bez kieszeni<br \/>\n    -Troczki w talii<br \/>\n    -Wysoka jako\u015b\u0107<br \/>\n    -Bawe\u0142na: 100%<\/p>\n","protected":false},"excerpt":{"rendered":"<p>-Bluzka z kr\u00f3tkim r\u0119kawem -Dekolt p\u00f3\u0142okr\u0105g\u0142y -Idealna tak\u017ce na prezent -Kr\u00f3tkie spodenki -Lu\u017any, komfortowy kr\u00f3j -Materia\u0142 z nadrukiem -Pakowany w pude\u0142ko -Przyjemna w dotyku, mi\u0119kka dzianina\/tkanina -Spodnie bez kieszeni -Troczki w talii -Wysoka jako\u015b\u0107 -Bawe\u0142na: 100%<\/p>\n","protected":false},"featured_media":15832,"comment_status":"open","ping_status":"closed","template":"","meta":[],"product_brand":[],"product_cat":[2332,24,42,44],"product_tag":[2357,2438,2336,2334,2434,2447,2453,2455,2423,2428,1390,2335,2454,2433,1679,2449,2429,2430,2391,152,301,2267],"class_list":{"0":"post-9405","1":"product","2":"type-product","3":"status-publish","4":"has-post-thumbnail","6":"product_cat-pizama-meska","7":"product_cat-produkty","8":"product_cat-xl","9":"product_cat-3xl","10":"product_tag-dekolt-polokragly","11":"product_tag-dwuczesciowa-pizama","12":"product_tag-firma-henderson","13":"product_tag-granatowa","14":"product_tag-komfortowa","15":"product_tag-komfortowy-luzny-kroj","16":"product_tag-kremowo-granatowy","17":"product_tag-kremowo-granatowy-xl","18":"product_tag-krotki-rekawek","19":"product_tag-linia-premium","20":"product_tag-pakowany-w-pudelko","21":"product_tag-pizama-meska","22":"product_tag-pizama-weal-40670-01x-kremowo-granatowy","23":"product_tag-ponadczasowa","24":"product_tag-przyjemna-w-dotyku-miekka-dzianina-tkanina","25":"product_tag-spodnie-bez-kieszeni","26":"product_tag-sportowy-styl","27":"product_tag-t-shirt-i-spodnie-do-kolan","28":"product_tag-troczki-w-talii","29":"product_tag-wygodna","30":"product_tag-wysoka-jakosc","31":"product_tag-xxxl","33":"first","34":"instock","35":"taxable","36":"shipping-taxable","37":"purchasable","38":"product-type-simple"},"_links":{"self":[{"href":"https:\/\/butikhome.pl\/index.php\/wp-json\/wp\/v2\/product\/9405","targetHints":{"allow":["GET"]}}],"collection":[{"href":"https:\/\/butikhome.pl\/index.php\/wp-json\/wp\/v2\/product"}],"about":[{"href":"https:\/\/butikhome.pl\/index.php\/wp-json\/wp\/v2\/types\/product"}],"replies":[{"embeddable":true,"href":"https:\/\/butikhome.pl\/index.php\/wp-json\/wp\/v2\/comments?post=9405"}],"wp:featuredmedia":[{"embeddable":true,"href":"https:\/\/butikhome.pl\/index.php\/wp-json\/wp\/v2\/media\/15832"}],"wp:attachment":[{"href":"https:\/\/butikhome.pl\/index.php\/wp-json\/wp\/v2\/media?parent=9405"}],"wp:term":[{"taxonomy":"product_brand","embeddable":true,"href":"https:\/\/butikhome.pl\/index.php\/wp-json\/wp\/v2\/product_brand?post=9405"},{"taxonomy":"product_cat","embeddable":true,"href":"https:\/\/butikhome.pl\/index.php\/wp-json\/wp\/v2\/product_cat?post=9405"},{"taxonomy":"product_tag","embeddable":true,"href":"https:\/\/butikhome.pl\/index.php\/wp-json\/wp\/v2\/product_tag?post=9405"}],"curies":[{"name":"wp","href":"https:\/\/api.w.org\/{rel}","templated":true}]}}