{"id":9442,"date":"2023-03-29T16:00:41","date_gmt":"2023-03-29T14:00:41","guid":{"rendered":"https:\/\/butikhome.pl\/index.php\/produkt\/podkoszulek-1480-j1-bialy\/"},"modified":"2023-07-21T12:00:42","modified_gmt":"2023-07-21T10:00:42","slug":"podkoszulek-1480-j1-bialy","status":"publish","type":"product","link":"https:\/\/butikhome.pl\/index.php\/produkt\/podkoszulek-1480-j1-bialy\/","title":{"rendered":"Podkoszulek 1480 J1 Bia\u0142y"},"content":{"rendered":"<p>Po prostu Basic &#8211; bia\u0142y podkoszulek m\u0119ski na szerokich rami\u0105czkach, nr 1480 marki Henderson. Prawdziwa klasyka, o kt\u00f3rej \u017caden m\u0119\u017cczyzna nie powinien zapomnie\u0107. Dopasowany do cia\u0142a, elastyczny,\u00a0wykonany w\u00a0technologii Body Fit.\u00a0Dobra jako\u015b\u0107 oraz sprawdzony, sportowy kr\u00f3j. Idealny na upalne dni, dobry jako pi\u017cama, homewear czy pod sweter. Uniwersalny i ponadczasowy.\u00a0Sk\u0142ad: 100% bawe\u0142na.<\/p>\n<p>&nbsp;<\/p>\n","protected":false},"excerpt":{"rendered":"<p>Po prostu Basic &#8211; bia\u0142y podkoszulek m\u0119ski na szerokich rami\u0105czkach, nr 1480 marki Henderson. Prawdziwa klasyka, o kt\u00f3rej \u017caden m\u0119\u017cczyzna nie powinien zapomnie\u0107. Dopasowany do cia\u0142a, elastyczny,\u00a0wykonany w\u00a0technologii Body Fit.\u00a0Dobra jako\u015b\u0107 oraz sprawdzony, sportowy kr\u00f3j. Idealny na upalne dni, dobry jako pi\u017cama, homewear czy pod sweter. Uniwersalny i ponadczasowy.\u00a0Sk\u0142ad: 100% bawe\u0142na. &nbsp;<\/p>\n","protected":false},"featured_media":15852,"comment_status":"open","ping_status":"closed","template":"","meta":[],"product_brand":[],"product_cat":[29,24,41,40,42,43,44,45],"product_tag":[2363,672,2416,2498,2495,2496,2336,2500,2168,2277,2505,2492,2494,2499,993,2501,2497,2282,2266,2267,2491],"class_list":{"0":"post-9442","1":"product","2":"type-product","3":"status-publish","4":"has-post-thumbnail","6":"product_cat-bielizna","7":"product_cat-produkty","8":"product_cat-l","9":"product_cat-m","10":"product_cat-xl","11":"product_cat-2xl","12":"product_cat-3xl","13":"product_cat-4xl","14":"product_tag-100-bawelny","15":"product_tag-bialy","16":"product_tag-bialy-m","17":"product_tag-dobra-jakosc","18":"product_tag-dopasowany-do-ciala","19":"product_tag-elastyczny","20":"product_tag-firma-henderson","21":"product_tag-idealny-na-upaly","22":"product_tag-idealny-pod-jesiennymi-sweterkami","23":"product_tag-l","24":"product_tag-podkoszulek-1480-j1-bialy","25":"product_tag-podkoszulka-basic","26":"product_tag-prawdziwa-klasyka","27":"product_tag-sportowy-kroj","28":"product_tag-szerokie-ramiaczka","29":"product_tag-uniwersalny-i-ponadczasowy","30":"product_tag-w-technologii-body-fit","31":"product_tag-xl","32":"product_tag-xxl","33":"product_tag-xxxl","34":"product_tag-xxxxl","36":"first","37":"instock","38":"taxable","39":"shipping-taxable","40":"purchasable","41":"product-type-simple"},"_links":{"self":[{"href":"https:\/\/butikhome.pl\/index.php\/wp-json\/wp\/v2\/product\/9442","targetHints":{"allow":["GET"]}}],"collection":[{"href":"https:\/\/butikhome.pl\/index.php\/wp-json\/wp\/v2\/product"}],"about":[{"href":"https:\/\/butikhome.pl\/index.php\/wp-json\/wp\/v2\/types\/product"}],"replies":[{"embeddable":true,"href":"https:\/\/butikhome.pl\/index.php\/wp-json\/wp\/v2\/comments?post=9442"}],"wp:featuredmedia":[{"embeddable":true,"href":"https:\/\/butikhome.pl\/index.php\/wp-json\/wp\/v2\/media\/15852"}],"wp:attachment":[{"href":"https:\/\/butikhome.pl\/index.php\/wp-json\/wp\/v2\/media?parent=9442"}],"wp:term":[{"taxonomy":"product_brand","embeddable":true,"href":"https:\/\/butikhome.pl\/index.php\/wp-json\/wp\/v2\/product_brand?post=9442"},{"taxonomy":"product_cat","embeddable":true,"href":"https:\/\/butikhome.pl\/index.php\/wp-json\/wp\/v2\/product_cat?post=9442"},{"taxonomy":"product_tag","embeddable":true,"href":"https:\/\/butikhome.pl\/index.php\/wp-json\/wp\/v2\/product_tag?post=9442"}],"curies":[{"name":"wp","href":"https:\/\/api.w.org\/{rel}","templated":true}]}}