{"id":9561,"date":"2023-03-29T16:01:16","date_gmt":"2023-03-29T14:01:16","guid":{"rendered":"https:\/\/butikhome.pl\/index.php\/produkt\/biustonosz-elise-b4-bialy\/"},"modified":"2023-07-03T14:11:39","modified_gmt":"2023-07-03T12:11:39","slug":"biustonosz-elise-b4-bialy","status":"publish","type":"product","link":"https:\/\/butikhome.pl\/index.php\/produkt\/biustonosz-elise-b4-bialy\/","title":{"rendered":"Biustonosz Elise B4 Bia\u0142y"},"content":{"rendered":"<p>Delikatny, usztywniany biustonosz wykonany z lekko po\u0142yskuj\u0105cej dzianiny w kwiaty. Prezentuje si\u0119 elegancko. Miseczki usztywniane, wzbogacone fiszbinami, \u015bwietnie unosz\u0105 i odpowiednio modeluj\u0105 piersi &#8211; szczeg\u00f3lnie te \u015brednie i nieco wi\u0119ksze. Rami\u0105czka o regulowanej d\u0142ugo\u015bci, bez mo\u017cliwo\u015bci ich odpi\u0119cia. Sk\u0142ad: 65% poliamid, 20% poliester, 10% bawe\u0142na, 5% elastan. <\/p>\n","protected":false},"excerpt":{"rendered":"<p>Delikatny, usztywniany biustonosz wykonany z lekko po\u0142yskuj\u0105cej dzianiny w kwiaty. Prezentuje si\u0119 elegancko. Miseczki usztywniane, wzbogacone fiszbinami, \u015bwietnie unosz\u0105 i odpowiednio modeluj\u0105 piersi &#8211; szczeg\u00f3lnie te \u015brednie i nieco wi\u0119ksze. Rami\u0105czka o regulowanej d\u0142ugo\u015bci, bez mo\u017cliwo\u015bci ich odpi\u0119cia. Sk\u0142ad: 65% poliamid, 20% poliester, 10% bawe\u0142na, 5% elastan.<\/p>\n","protected":false},"featured_media":15745,"comment_status":"open","ping_status":"closed","template":"","meta":[],"product_brand":[],"product_cat":[629,24],"product_tag":[1482,1484,1485,1490,1491,1492,1493,1499,1504,672,2183,2259,1835,2254,1734,1683,1682,2260,2064,1972,1480,1658,2261,2190],"class_list":{"0":"post-9561","1":"product","2":"type-product","3":"status-publish","4":"has-post-thumbnail","6":"product_cat-biustonosze-podkategoria-do-bielizny","7":"product_cat-produkty","8":"product_tag-75-d","9":"product_tag-75-f","10":"product_tag-75-g","11":"product_tag-80-d","12":"product_tag-80-e","13":"product_tag-80-f","14":"product_tag-80-g","15":"product_tag-85-f","16":"product_tag-90-e","17":"product_tag-bialy","18":"product_tag-bialy-65-d","19":"product_tag-biustonosz-elise-b4-bialy","20":"product_tag-biustonosz-usztywniany","21":"product_tag-delikatny","22":"product_tag-elegancki","23":"product_tag-idealny-na-duzy-biust","24":"product_tag-idealny-na-sredni-biust","25":"product_tag-lekko-polyskujaca-tkanina","26":"product_tag-miseczki-usztywnione","27":"product_tag-miseczki-z-fiszbinami","28":"product_tag-nieodpinane-ramiaczka","29":"product_tag-regulowane-ramiaczka","30":"product_tag-w-kwiaty","31":"product_tag-zbieraja-unosza-i-modeluja-biust","33":"first","34":"instock","35":"taxable","36":"shipping-taxable","37":"purchasable","38":"product-type-simple"},"_links":{"self":[{"href":"https:\/\/butikhome.pl\/index.php\/wp-json\/wp\/v2\/product\/9561","targetHints":{"allow":["GET"]}}],"collection":[{"href":"https:\/\/butikhome.pl\/index.php\/wp-json\/wp\/v2\/product"}],"about":[{"href":"https:\/\/butikhome.pl\/index.php\/wp-json\/wp\/v2\/types\/product"}],"replies":[{"embeddable":true,"href":"https:\/\/butikhome.pl\/index.php\/wp-json\/wp\/v2\/comments?post=9561"}],"wp:featuredmedia":[{"embeddable":true,"href":"https:\/\/butikhome.pl\/index.php\/wp-json\/wp\/v2\/media\/15745"}],"wp:attachment":[{"href":"https:\/\/butikhome.pl\/index.php\/wp-json\/wp\/v2\/media?parent=9561"}],"wp:term":[{"taxonomy":"product_brand","embeddable":true,"href":"https:\/\/butikhome.pl\/index.php\/wp-json\/wp\/v2\/product_brand?post=9561"},{"taxonomy":"product_cat","embeddable":true,"href":"https:\/\/butikhome.pl\/index.php\/wp-json\/wp\/v2\/product_cat?post=9561"},{"taxonomy":"product_tag","embeddable":true,"href":"https:\/\/butikhome.pl\/index.php\/wp-json\/wp\/v2\/product_tag?post=9561"}],"curies":[{"name":"wp","href":"https:\/\/api.w.org\/{rel}","templated":true}]}}