{"id":9591,"date":"2023-03-29T16:01:28","date_gmt":"2023-03-29T14:01:28","guid":{"rendered":"https:\/\/butikhome.pl\/index.php\/produkt\/biustonosz-lille-b4\/"},"modified":"2023-07-03T13:26:35","modified_gmt":"2023-07-03T11:26:35","slug":"biustonosz-lille-b4","status":"publish","type":"product","link":"https:\/\/butikhome.pl\/index.php\/produkt\/biustonosz-lille-b4\/","title":{"rendered":"Biustonosz Lille B4"},"content":{"rendered":"<p>Zam\u00f3w dla siebie co\u015b modnego! Biustonosz Lille B4 to lawendowa propozycja, skierowana do mi\u0142o\u015bniczek pi\u0119knych, delikatnych stylizacji. Kwiaty w odcieniu r\u00f3\u017cu i fioletu, t\u0142o ja\u015bniejsze, subtelne. Obw\u00f3d koronkowy. Konstrukcja usztywniana, z fiszbinami, z male\u0144k\u0105 kokardk\u0105 po \u015brodku. Wspaniale zbiera, modeluje i podtrzymuje piersi. Sk\u0142ad: 65% poliamid, 20% poliester, 10% bawe\u0142na, 5% elastan.<\/p>\n","protected":false},"excerpt":{"rendered":"<p>Zam\u00f3w dla siebie co\u015b modnego! Biustonosz Lille B4 to lawendowa propozycja, skierowana do mi\u0142o\u015bniczek pi\u0119knych, delikatnych stylizacji. Kwiaty w odcieniu r\u00f3\u017cu i fioletu, t\u0142o ja\u015bniejsze, subtelne. Obw\u00f3d koronkowy. Konstrukcja usztywniana, z fiszbinami, z male\u0144k\u0105 kokardk\u0105 po \u015brodku. Wspaniale zbiera, modeluje i podtrzymuje piersi. Sk\u0142ad: 65% poliamid, 20% poliester, 10% bawe\u0142na, 5% elastan.<\/p>\n","protected":false},"featured_media":15736,"comment_status":"open","ping_status":"closed","template":"","meta":[],"product_brand":[],"product_cat":[1559,629,24],"product_tag":[2253,1835,2254,1963,2176,1387,2255,116,2252,2251,1078,1999,1986],"class_list":{"0":"post-9591","1":"product","2":"type-product","3":"status-publish","4":"has-post-thumbnail","6":"product_cat-75-f","7":"product_cat-biustonosze-podkategoria-do-bielizny","8":"product_cat-produkty","9":"product_tag-biustonosz-lille-b4","10":"product_tag-biustonosz-usztywniany","11":"product_tag-delikatny","12":"product_tag-dobrze-zbiera-unosi-i-modeluje-piersi","13":"product_tag-gortex","14":"product_tag-koronkowy-elastyczny-pas","15":"product_tag-kwiaty-w-odcieniu-rozu-i-fioletu","16":"product_tag-kwiecisty-motyw","17":"product_tag-lawendowy","18":"product_tag-lawendowy-75-f","19":"product_tag-polski-produkt","20":"product_tag-ramiaczka-nieodpinane","21":"product_tag-z-fiszbinami-bocznymi-i-dolnymi","23":"first","24":"instock","25":"taxable","26":"shipping-taxable","27":"purchasable","28":"product-type-simple"},"_links":{"self":[{"href":"https:\/\/butikhome.pl\/index.php\/wp-json\/wp\/v2\/product\/9591","targetHints":{"allow":["GET"]}}],"collection":[{"href":"https:\/\/butikhome.pl\/index.php\/wp-json\/wp\/v2\/product"}],"about":[{"href":"https:\/\/butikhome.pl\/index.php\/wp-json\/wp\/v2\/types\/product"}],"replies":[{"embeddable":true,"href":"https:\/\/butikhome.pl\/index.php\/wp-json\/wp\/v2\/comments?post=9591"}],"wp:featuredmedia":[{"embeddable":true,"href":"https:\/\/butikhome.pl\/index.php\/wp-json\/wp\/v2\/media\/15736"}],"wp:attachment":[{"href":"https:\/\/butikhome.pl\/index.php\/wp-json\/wp\/v2\/media?parent=9591"}],"wp:term":[{"taxonomy":"product_brand","embeddable":true,"href":"https:\/\/butikhome.pl\/index.php\/wp-json\/wp\/v2\/product_brand?post=9591"},{"taxonomy":"product_cat","embeddable":true,"href":"https:\/\/butikhome.pl\/index.php\/wp-json\/wp\/v2\/product_cat?post=9591"},{"taxonomy":"product_tag","embeddable":true,"href":"https:\/\/butikhome.pl\/index.php\/wp-json\/wp\/v2\/product_tag?post=9591"}],"curies":[{"name":"wp","href":"https:\/\/api.w.org\/{rel}","templated":true}]}}